{"id":1692,"date":"2023-03-16T10:33:04","date_gmt":"2023-03-16T09:33:04","guid":{"rendered":"https:\/\/wordpress.nibis.de\/gsblender\/?page_id=1692"},"modified":"2023-03-16T10:46:00","modified_gmt":"2023-03-16T09:46:00","slug":"offene-ganztagsschule","status":"publish","type":"page","link":"https:\/\/wordpress.nibis.de\/gsblender\/offene-ganztagsschule\/","title":{"rendered":"Offene Ganztagsschule"},"content":{"rendered":"\n<p style=\"text-align: left\">In der offenen Ganztagsschule finden die au\u00dferunterrichtlichen Angebote grunds\u00e4tzlich nach dem Unterricht statt. Die Teilnahme an den au\u00dferunterrichtlichen Angeboten ist freiwillig. Die Anmeldung zum Ganztag verpflichtet allerdings f\u00fcr die Dauer eines Schulhalbjahres zur regelm\u00e4\u00dfigen Teilnahme. Sollten Sie Ihre Tochter\/ Ihren Sohn doch einmal an einem Tag vom Ganztag abmelden m\u00fcssen, teilen Sie uns dies bitte bis sp\u00e4testens 8.00 Uhr des Tages mit: &#x6b;o&#x6e;&#116;a&#x6b;&#116;&#x40;&#103;s&#x62;&#108;&#x65;&#110;d&#x65;&#114;&#x2e;&#x64;e.<\/p>\n","protected":false},"excerpt":{"rendered":"<p>In der offenen Ganztagsschule finden die au\u00dferunterrichtlichen Angebote grunds\u00e4tzlich nach dem Unterricht statt. Die Teilnahme an den au\u00dferunterrichtlichen Angeboten ist freiwillig. Die Anmeldung zum Ganztag verpflichtet allerdings f\u00fcr die Dauer eines Schulhalbjahres zur regelm\u00e4\u00dfigen Teilnahme. Sollten Sie Ihre Tochter\/ Ihren Sohn doch einmal an einem Tag vom Ganztag abmelden m\u00fcssen, teilen Sie uns dies bitte &hellip; <a href=\"https:\/\/wordpress.nibis.de\/gsblender\/offene-ganztagsschule\/\" class=\"more-link\"><span class=\"screen-reader-text\">Offene Ganztagsschule<\/span> weiterlesen<\/a><\/p>\n","protected":false},"author":9193610,"featured_media":0,"parent":0,"menu_order":0,"comment_status":"closed","ping_status":"closed","template":"","meta":{"footnotes":""},"class_list":["post-1692","page","type-page","status-publish","hentry"],"_links":{"self":[{"href":"https:\/\/wordpress.nibis.de\/gsblender\/wp-json\/wp\/v2\/pages\/1692","targetHints":{"allow":["GET"]}}],"collection":[{"href":"https:\/\/wordpress.nibis.de\/gsblender\/wp-json\/wp\/v2\/pages"}],"about":[{"href":"https:\/\/wordpress.nibis.de\/gsblender\/wp-json\/wp\/v2\/types\/page"}],"author":[{"embeddable":true,"href":"https:\/\/wordpress.nibis.de\/gsblender\/wp-json\/wp\/v2\/users\/9193610"}],"replies":[{"embeddable":true,"href":"https:\/\/wordpress.nibis.de\/gsblender\/wp-json\/wp\/v2\/comments?post=1692"}],"version-history":[{"count":3,"href":"https:\/\/wordpress.nibis.de\/gsblender\/wp-json\/wp\/v2\/pages\/1692\/revisions"}],"predecessor-version":[{"id":1708,"href":"https:\/\/wordpress.nibis.de\/gsblender\/wp-json\/wp\/v2\/pages\/1692\/revisions\/1708"}],"wp:attachment":[{"href":"https:\/\/wordpress.nibis.de\/gsblender\/wp-json\/wp\/v2\/media?parent=1692"}],"curies":[{"name":"wp","href":"https:\/\/api.w.org\/{rel}","templated":true}]}}