{"id":1697,"date":"2023-03-16T10:34:47","date_gmt":"2023-03-16T09:34:47","guid":{"rendered":"https:\/\/wordpress.nibis.de\/gsblender\/?page_id=1697"},"modified":"2023-04-23T16:35:49","modified_gmt":"2023-04-23T14:35:49","slug":"angebote","status":"publish","type":"page","link":"https:\/\/wordpress.nibis.de\/gsblender\/angebote\/","title":{"rendered":"Angebote"},"content":{"rendered":"\n<p>Es werden vielf\u00e4ltige Angebote aus den Bereichen Medien, Kunst, Musik, Sport, Spiel, Soziales Lernen usw. angeboten. Die Angebote werden im Ganztag gemeinsam mit den Kindern besprochen und eingeteilt. Einige Angebote sind an bestimmten Wochentagen aus organisatorischen Gr\u00fcnden festgelegt und somit nicht frei w\u00e4hlbar. Wir versuchen die Wunschangebote der Kinder zu ber\u00fccksichtigen, k\u00f6nnen es aber aus organisatorischen Gr\u00fcnden nicht garantieren.<\/p>\n","protected":false},"excerpt":{"rendered":"<p>Es werden vielf\u00e4ltige Angebote aus den Bereichen Medien, Kunst, Musik, Sport, Spiel, Soziales Lernen usw. angeboten. Die Angebote werden im Ganztag gemeinsam mit den Kindern besprochen und eingeteilt. Einige Angebote sind an bestimmten Wochentagen aus organisatorischen Gr\u00fcnden festgelegt und somit nicht frei w\u00e4hlbar. Wir versuchen die Wunschangebote der Kinder zu ber\u00fccksichtigen, k\u00f6nnen es aber aus &hellip; <a href=\"https:\/\/wordpress.nibis.de\/gsblender\/angebote\/\" class=\"more-link\"><span class=\"screen-reader-text\">Angebote<\/span> weiterlesen<\/a><\/p>\n","protected":false},"author":9193610,"featured_media":0,"parent":0,"menu_order":0,"comment_status":"closed","ping_status":"closed","template":"","meta":{"footnotes":""},"class_list":["post-1697","page","type-page","status-publish","hentry"],"_links":{"self":[{"href":"https:\/\/wordpress.nibis.de\/gsblender\/wp-json\/wp\/v2\/pages\/1697","targetHints":{"allow":["GET"]}}],"collection":[{"href":"https:\/\/wordpress.nibis.de\/gsblender\/wp-json\/wp\/v2\/pages"}],"about":[{"href":"https:\/\/wordpress.nibis.de\/gsblender\/wp-json\/wp\/v2\/types\/page"}],"author":[{"embeddable":true,"href":"https:\/\/wordpress.nibis.de\/gsblender\/wp-json\/wp\/v2\/users\/9193610"}],"replies":[{"embeddable":true,"href":"https:\/\/wordpress.nibis.de\/gsblender\/wp-json\/wp\/v2\/comments?post=1697"}],"version-history":[{"count":3,"href":"https:\/\/wordpress.nibis.de\/gsblender\/wp-json\/wp\/v2\/pages\/1697\/revisions"}],"predecessor-version":[{"id":1750,"href":"https:\/\/wordpress.nibis.de\/gsblender\/wp-json\/wp\/v2\/pages\/1697\/revisions\/1750"}],"wp:attachment":[{"href":"https:\/\/wordpress.nibis.de\/gsblender\/wp-json\/wp\/v2\/media?parent=1697"}],"curies":[{"name":"wp","href":"https:\/\/api.w.org\/{rel}","templated":true}]}}