{"id":17,"date":"2015-03-17T16:48:22","date_gmt":"2015-03-17T15:48:22","guid":{"rendered":"http:\/\/wordpress.nibis.de\/gsblender\/?page_id=17"},"modified":"2021-12-07T09:47:04","modified_gmt":"2021-12-07T08:47:04","slug":"eltern","status":"publish","type":"page","link":"https:\/\/wordpress.nibis.de\/gsblender\/schule\/eltern\/","title":{"rendered":"Elternmitarbeit"},"content":{"rendered":"<p style=\"text-align: justify\"><span style=\"font-size: 12pt\">Liebe Eltern und Erziehungsberechtigte,<\/span><\/p>\n<p style=\"text-align: justify\"><span style=\"font-size: 12pt\">unsere Grundschule lebt vom Engagement der Lehrkr\u00e4fte, der Mitarbeiterinnen und Mitarbeiter sowie dem Engagement der Eltern. Wenn viele Eltern mit uns aktiv sind, profitiert das Lernumfeld der Kinder davon. Wir sind auf eine intensive Mitarbeit angewiesen. Im Sinne unserer Kinder ist es uns wichtig, dass Schule, Sch\u00fcler, Lehrer und Eltern eine Einheit bilden und vertrauensvoll zusammenarbeiten.<\/span><\/p>\n<p style=\"text-align: justify\"><span style=\"font-size: 12pt\">Wenn Sie aus zeitlichen Gr\u00fcnden kein Amt bekleiden k\u00f6nnen, freuen wir uns, wenn Sie uns bei schulischen Festen oder auch bei klasseninternen Feierlichkeiten unterst\u00fctzen k\u00f6nnen. Herzlichen Dank im Voraus daf\u00fcr.<\/span><\/p>\n","protected":false},"excerpt":{"rendered":"<p>Liebe Eltern und Erziehungsberechtigte, unsere Grundschule lebt vom Engagement der Lehrkr\u00e4fte, der Mitarbeiterinnen und Mitarbeiter sowie dem Engagement der Eltern. Wenn viele Eltern mit uns aktiv sind, profitiert das Lernumfeld der Kinder davon. Wir sind auf eine intensive Mitarbeit angewiesen. Im Sinne unserer Kinder ist es uns wichtig, dass Schule, Sch\u00fcler, Lehrer und Eltern eine &hellip; <a href=\"https:\/\/wordpress.nibis.de\/gsblender\/schule\/eltern\/\" class=\"more-link\"><span class=\"screen-reader-text\">Elternmitarbeit<\/span> weiterlesen<\/a><\/p>\n","protected":false},"author":666,"featured_media":0,"parent":57,"menu_order":0,"comment_status":"closed","ping_status":"closed","template":"","meta":{"footnotes":""},"class_list":["post-17","page","type-page","status-publish","hentry"],"_links":{"self":[{"href":"https:\/\/wordpress.nibis.de\/gsblender\/wp-json\/wp\/v2\/pages\/17","targetHints":{"allow":["GET"]}}],"collection":[{"href":"https:\/\/wordpress.nibis.de\/gsblender\/wp-json\/wp\/v2\/pages"}],"about":[{"href":"https:\/\/wordpress.nibis.de\/gsblender\/wp-json\/wp\/v2\/types\/page"}],"author":[{"embeddable":true,"href":"https:\/\/wordpress.nibis.de\/gsblender\/wp-json\/wp\/v2\/users\/666"}],"replies":[{"embeddable":true,"href":"https:\/\/wordpress.nibis.de\/gsblender\/wp-json\/wp\/v2\/comments?post=17"}],"version-history":[{"count":19,"href":"https:\/\/wordpress.nibis.de\/gsblender\/wp-json\/wp\/v2\/pages\/17\/revisions"}],"predecessor-version":[{"id":1314,"href":"https:\/\/wordpress.nibis.de\/gsblender\/wp-json\/wp\/v2\/pages\/17\/revisions\/1314"}],"up":[{"embeddable":true,"href":"https:\/\/wordpress.nibis.de\/gsblender\/wp-json\/wp\/v2\/pages\/57"}],"wp:attachment":[{"href":"https:\/\/wordpress.nibis.de\/gsblender\/wp-json\/wp\/v2\/media?parent=17"}],"curies":[{"name":"wp","href":"https:\/\/api.w.org\/{rel}","templated":true}]}}