{"id":439,"date":"2016-01-10T19:33:09","date_gmt":"2016-01-10T18:33:09","guid":{"rendered":"http:\/\/wordpress.nibis.de\/gsblender\/?page_id=439"},"modified":"2026-04-15T15:04:54","modified_gmt":"2026-04-15T13:04:54","slug":"einschulung","status":"publish","type":"page","link":"https:\/\/wordpress.nibis.de\/gsblender\/einschulung\/","title":{"rendered":"Einschulung"},"content":{"rendered":"<p style=\"text-align: justify\"><span style=\"font-size: 16px\">Mit dem Beginn eines Schuljahres werden die Kinder schulpflichtig, die das sechste Lebensjahr vollendet haben oder bis zum folgenden 30. September vollenden werden. F\u00fcr Kinder, die in \u00a0dem Zeitraum \u00a001. Juli \u00a0bis \u00a030. \u00a0September \u00a0eines \u00a0Jahres \u00a0das \u00a0sechste \u00a0Lebensjahr \u00a0vollenden, \u00a0k\u00f6nnen \u00a0die \u00a0Erziehungsberechtigten den Schulbesuch um ein Jahr hinausschieben. Weitere Informationen hierzu finden Sie unter folgendem Link. <\/span><\/p>\n<p style=\"text-align: justify\"><span style=\"font-size: 16px\"><a href=\"https:\/\/wordpress.nibis.de\/gsblender\/files\/2026\/04\/Informationsblatt_fr_Erziehungsberechtigte_Einschulungstermin-1.pdf\">Informationsblatt zur Flexibilisierung des Einschulungstermins<\/a><a href=\"http:\/\/wordpress.nibis.de\/gsblender\/files\/2016\/01\/IMG_0001.jpg\" rel=\"attachment wp-att-590\"><img loading=\"lazy\" decoding=\"async\" class=\"wp-image-590 alignright\" src=\"http:\/\/wordpress.nibis.de\/gsblender\/files\/2016\/01\/IMG_0001.jpg\" alt=\"IMG_0001\" width=\"211\" height=\"149\" srcset=\"https:\/\/wordpress.nibis.de\/gsblender\/files\/2016\/01\/IMG_0001.jpg 2828w, https:\/\/wordpress.nibis.de\/gsblender\/files\/2016\/01\/IMG_0001-300x212.jpg 300w\" sizes=\"auto, (max-width: 211px) 100vw, 211px\" \/><\/a><\/span><\/p>\n<p style=\"text-align: justify\"><span style=\"font-size: 16px\">Soll ein j\u00fcngeres Kind vorzeitig eingeschult werden, kann dies auf Antrag der Erziehungsberechtigten geschehen, wenn das Kind die k\u00f6rperliche und geistige Schulf\u00e4higkeit besitzt und in seinem sozialen Verhalten ausreichend entwickelt ist. Die Schulleitung trifft die Entscheidung dar\u00fcber. <\/span><\/p>\n<p style=\"text-align: justify\"><span style=\"font-size: 16px\">Unter folgendem Link finden Sie einige Informationen zur Vorbereitung auf die Schule.\u00a0<\/span><\/p>\n<p style=\"text-align: justify\"><span style=\"font-size: 16px\"><a href=\"https:\/\/wordpress.nibis.de\/gsblender\/files\/2026\/04\/Tipps-zur-Vorbereitung-auf-die-Schule-Eltern.pdf\">Tipps zur Vorbereitung auf die Schule<\/a><\/span><\/p>\n<p style=\"text-align: justify\"><span style=\"font-size: 12pt\"><span style=\"font-size: 16px\">Weitere Informationen \u00fcber die Einschulung und den ersten Elternabend werden schriftlich mitgeteilt.<\/span><a href=\"http:\/\/wordpress.nibis.de\/gsblender\/files\/2016\/01\/IMG.jpg\" rel=\"attachment wp-att-589\"><img loading=\"lazy\" decoding=\"async\" class=\"wp-image-589 aligncenter\" src=\"http:\/\/wordpress.nibis.de\/gsblender\/files\/2016\/01\/IMG.jpg\" alt=\"IMG\" width=\"413\" height=\"292\" srcset=\"https:\/\/wordpress.nibis.de\/gsblender\/files\/2016\/01\/IMG.jpg 2828w, https:\/\/wordpress.nibis.de\/gsblender\/files\/2016\/01\/IMG-300x212.jpg 300w\" sizes=\"auto, (max-width: 413px) 100vw, 413px\" \/><\/a><\/span><\/p>\n<p style=\"text-align: justify\">\n","protected":false},"excerpt":{"rendered":"<p>Mit dem Beginn eines Schuljahres werden die Kinder schulpflichtig, die das sechste Lebensjahr vollendet haben oder bis zum folgenden 30. September vollenden werden. F\u00fcr Kinder, die in \u00a0dem Zeitraum \u00a001. Juli \u00a0bis \u00a030. \u00a0September \u00a0eines \u00a0Jahres \u00a0das \u00a0sechste \u00a0Lebensjahr \u00a0vollenden, \u00a0k\u00f6nnen \u00a0die \u00a0Erziehungsberechtigten den Schulbesuch um ein Jahr hinausschieben. Weitere Informationen hierzu finden Sie unter &hellip; <a href=\"https:\/\/wordpress.nibis.de\/gsblender\/einschulung\/\" class=\"more-link\"><span class=\"screen-reader-text\">Einschulung<\/span> weiterlesen<\/a><\/p>\n","protected":false},"author":666,"featured_media":0,"parent":0,"menu_order":0,"comment_status":"closed","ping_status":"closed","template":"","meta":{"footnotes":""},"class_list":["post-439","page","type-page","status-publish","hentry"],"_links":{"self":[{"href":"https:\/\/wordpress.nibis.de\/gsblender\/wp-json\/wp\/v2\/pages\/439","targetHints":{"allow":["GET"]}}],"collection":[{"href":"https:\/\/wordpress.nibis.de\/gsblender\/wp-json\/wp\/v2\/pages"}],"about":[{"href":"https:\/\/wordpress.nibis.de\/gsblender\/wp-json\/wp\/v2\/types\/page"}],"author":[{"embeddable":true,"href":"https:\/\/wordpress.nibis.de\/gsblender\/wp-json\/wp\/v2\/users\/666"}],"replies":[{"embeddable":true,"href":"https:\/\/wordpress.nibis.de\/gsblender\/wp-json\/wp\/v2\/comments?post=439"}],"version-history":[{"count":17,"href":"https:\/\/wordpress.nibis.de\/gsblender\/wp-json\/wp\/v2\/pages\/439\/revisions"}],"predecessor-version":[{"id":2121,"href":"https:\/\/wordpress.nibis.de\/gsblender\/wp-json\/wp\/v2\/pages\/439\/revisions\/2121"}],"wp:attachment":[{"href":"https:\/\/wordpress.nibis.de\/gsblender\/wp-json\/wp\/v2\/media?parent=439"}],"curies":[{"name":"wp","href":"https:\/\/api.w.org\/{rel}","templated":true}]}}

<p style="text-align: justify"><span style="font-size: 16px">Mit dem Beginn eines Schuljahres werden die Kinder schulpflichtig, die das sechste Lebensjahr vollendet haben oder bis zum folgenden 30. September vollenden werden. Für Kinder, die in  dem Zeitraum  01. Juli  bis  30.  September  eines  Jahres  das  sechste  Lebensjahr  vollenden,  können  die  Erziehungsberechtigten den Schulbesuch um ein Jahr hinausschieben. Weitere Informationen hierzu finden Sie unter folgendem Link. </span></p>
<p style="text-align: justify"><span style="font-size: 16px"><a href="https://wordpress.nibis.de/gsblender/files/2026/04/Informationsblatt_fr_Erziehungsberechtigte_Einschulungstermin-1.pdf">Informationsblatt zur Flexibilisierung des Einschulungstermins</a><a href="http://wordpress.nibis.de/gsblender/files/2016/01/IMG_0001.jpg" rel="attachment wp-att-590"><img loading="lazy" decoding="async" class="wp-image-590 alignright" src="http://wordpress.nibis.de/gsblender/files/2016/01/IMG_0001.jpg" alt="IMG_0001" width="211" height="149" srcset="https://wordpress.nibis.de/gsblender/files/2016/01/IMG_0001.jpg 2828w, https://wordpress.nibis.de/gsblender/files/2016/01/IMG_0001-300x212.jpg 300w" sizes="auto, (max-width: 211px) 100vw, 211px" /></a></span></p>
<p style="text-align: justify"><span style="font-size: 16px">Soll ein jüngeres Kind vorzeitig eingeschult werden, kann dies auf Antrag der Erziehungsberechtigten geschehen, wenn das Kind die körperliche und geistige Schulfähigkeit besitzt und in seinem sozialen Verhalten ausreichend entwickelt ist. Die Schulleitung trifft die Entscheidung darüber. </span></p>
<p style="text-align: justify"><span style="font-size: 16px">Unter folgendem Link finden Sie einige Informationen zur Vorbereitung auf die Schule. </span></p>
<p style="text-align: justify"><span style="font-size: 16px"><a href="https://wordpress.nibis.de/gsblender/files/2026/04/Tipps-zur-Vorbereitung-auf-die-Schule-Eltern.pdf">Tipps zur Vorbereitung auf die Schule</a></span></p>
<p style="text-align: justify"><span style="font-size: 12pt"><span style="font-size: 16px">Weitere Informationen über die Einschulung und den ersten Elternabend werden schriftlich mitgeteilt.</span><a href="http://wordpress.nibis.de/gsblender/files/2016/01/IMG.jpg" rel="attachment wp-att-589"><img loading="lazy" decoding="async" class="wp-image-589 aligncenter" src="http://wordpress.nibis.de/gsblender/files/2016/01/IMG.jpg" alt="IMG" width="413" height="292" srcset="https://wordpress.nibis.de/gsblender/files/2016/01/IMG.jpg 2828w, https://wordpress.nibis.de/gsblender/files/2016/01/IMG-300x212.jpg 300w" sizes="auto, (max-width: 413px) 100vw, 413px" /></a></span></p>
<p style="text-align: justify">

<p>Mit dem Beginn eines Schuljahres werden die Kinder schulpflichtig, die das sechste Lebensjahr vollendet haben oder bis zum folgenden 30. September vollenden werden. Für Kinder, die in  dem Zeitraum  01. Juli  bis  30.  September  eines  Jahres  das  sechste  Lebensjahr  vollenden,  können  die  Erziehungsberechtigten den Schulbesuch um ein Jahr hinausschieben. Weitere Informationen hierzu finden Sie unter &hellip; <a href="https://wordpress.nibis.de/gsblender/einschulung/" class="more-link"><span class="screen-reader-text">Einschulung</span> weiterlesen</a></p>
