{"id":612,"date":"2016-03-08T13:41:52","date_gmt":"2016-03-08T12:41:52","guid":{"rendered":"http:\/\/wordpress.nibis.de\/gsblender\/?page_id=612"},"modified":"2023-03-16T11:02:15","modified_gmt":"2023-03-16T10:02:15","slug":"schulfruehstueck","status":"publish","type":"page","link":"https:\/\/wordpress.nibis.de\/gsblender\/schulfruehstueck\/","title":{"rendered":"Schulfr\u00fchst\u00fcck"},"content":{"rendered":"<p style=\"text-align: justify\"><span style=\"font-size: 12pt\"><span style=\"font-size: 16px\">Immer am letzten <\/span>Freitag eines Monats stellen sich freiwillige Eltern zur Verf\u00fcgung und bereiten f\u00fcr unsere Schulkinder ein Schulfr\u00fchst\u00fcck vor. Hier erhalten Sie weitere <a href=\"https:\/\/wordpress.nibis.de\/gsblender\/files\/2023\/02\/Schulfruehstueck_2023.pdf\">Informationen zum Schulfr\u00fchst\u00fcck.<\/a><\/span><\/p>\n<p style=\"text-align: justify\">\u00a0<\/p>\n\n","protected":false},"excerpt":{"rendered":"<p>Immer am letzten Freitag eines Monats stellen sich freiwillige Eltern zur Verf\u00fcgung und bereiten f\u00fcr unsere Schulkinder ein Schulfr\u00fchst\u00fcck vor. Hier erhalten Sie weitere Informationen zum Schulfr\u00fchst\u00fcck. \u00a0<\/p>\n","protected":false},"author":666,"featured_media":0,"parent":0,"menu_order":0,"comment_status":"closed","ping_status":"closed","template":"","meta":{"footnotes":""},"class_list":["post-612","page","type-page","status-publish","hentry"],"_links":{"self":[{"href":"https:\/\/wordpress.nibis.de\/gsblender\/wp-json\/wp\/v2\/pages\/612","targetHints":{"allow":["GET"]}}],"collection":[{"href":"https:\/\/wordpress.nibis.de\/gsblender\/wp-json\/wp\/v2\/pages"}],"about":[{"href":"https:\/\/wordpress.nibis.de\/gsblender\/wp-json\/wp\/v2\/types\/page"}],"author":[{"embeddable":true,"href":"https:\/\/wordpress.nibis.de\/gsblender\/wp-json\/wp\/v2\/users\/666"}],"replies":[{"embeddable":true,"href":"https:\/\/wordpress.nibis.de\/gsblender\/wp-json\/wp\/v2\/comments?post=612"}],"version-history":[{"count":14,"href":"https:\/\/wordpress.nibis.de\/gsblender\/wp-json\/wp\/v2\/pages\/612\/revisions"}],"predecessor-version":[{"id":1719,"href":"https:\/\/wordpress.nibis.de\/gsblender\/wp-json\/wp\/v2\/pages\/612\/revisions\/1719"}],"wp:attachment":[{"href":"https:\/\/wordpress.nibis.de\/gsblender\/wp-json\/wp\/v2\/media?parent=612"}],"curies":[{"name":"wp","href":"https:\/\/api.w.org\/{rel}","templated":true}]}}