{"id":63,"date":"2015-03-17T17:58:05","date_gmt":"2015-03-17T16:58:05","guid":{"rendered":"http:\/\/wordpress.nibis.de\/gsblender\/?page_id=63"},"modified":"2023-02-23T11:53:53","modified_gmt":"2023-02-23T10:53:53","slug":"impressum","status":"publish","type":"page","link":"https:\/\/wordpress.nibis.de\/gsblender\/impressum\/","title":{"rendered":"Impressum"},"content":{"rendered":"<p><span style=\"font-size: 12pt\">Impressum:<\/span><\/p>\n<p><span style=\"font-size: 12pt\">Land Niedersachsen (Diensteanbieter im Sinne des Telemediengesetzes)<\/span><\/p>\n<p><span style=\"font-size: 12pt\">Das Land Niedersachsen ist eine juristische Person des \u00f6ffentlichen Rechts\u00a0<\/span><span style=\"font-size: 12pt\">vertreten durch <\/span><\/p>\n<p><span style=\"font-size: 12pt\">Schulleitung<br \/>\n<\/span><span style=\"font-size: 12pt\">Corinna Kuhr, Schulleitung<br \/>\n<\/span><span style=\"font-size: 12pt\">Grundschule Blender<br \/>\n<\/span><span style=\"font-size: 12pt\">Verdener Weg 1<br \/>\n<\/span><span style=\"font-size: 12pt\">27337 Blender<\/span><\/p>\n<p><span style=\"font-size: 12pt\">Telefon: (04233) 452<br \/>\n<\/span><span style=\"font-size: 12pt\">Telefax: (04233) 942017<br \/>\n<\/span><span style=\"font-size: 12pt\">E-Mail:\u00a0&#107;&#x6f;&#110;&#x74;&#97;&#x6b;&#116;&#x40;&#103;&#x73;b&#x6c;e&#x6e;d&#x65;r&#x2e;d&#x65;<\/span><\/p>\n<p><span style=\"font-size: 12pt\">Disclaimer<br \/>\n<\/span><span style=\"font-size: 12pt\">Diese Webseite beinhaltet externe Links. Deren Inhalte entziehen sich unserer Einflussnahme, sodass eine Gew\u00e4hr f\u00fcr solche Inhalte von uns nicht \u00fcbernommen werden kann.<br \/>\n<\/span><span style=\"font-size: 12pt\">Die Verantwortung liegt stets beim jeweiligen Betreiber der externen Seiten. Zum Zeitpunkt der Verkn\u00fcpfung der externen Links waren keine Rechtsverst\u00f6\u00dfe ersichtlich. Die permanente \u00dcberwachung fremder Inhalte auf Rechtsverst\u00f6\u00dfe ohne konkrete Hinweise ist uns nicht zumutbar.<\/span><\/p>\n<p><span style=\"font-size: 12pt\">Sollten wir Kenntnis von Rechtsverletzungen erlangen, werden wir die entsprechenden externen Links unverz\u00fcglich entfernen.<\/span><\/p>\n","protected":false},"excerpt":{"rendered":"<p>Impressum: Land Niedersachsen (Diensteanbieter im Sinne des Telemediengesetzes) Das Land Niedersachsen ist eine juristische Person des \u00f6ffentlichen Rechts\u00a0vertreten durch Schulleitung Corinna Kuhr, Schulleitung Grundschule Blender Verdener Weg 1 27337 Blender Telefon: (04233) 452 Telefax: (04233) 942017 E-Mail:\u00a0&#x6b;&#x6f;&#x6e;&#x74;&#97;&#107;&#116;&#64;gsbl&#x65;&#x6e;&#x64;&#x65;&#x72;&#x2e;&#100;&#101; Disclaimer Diese Webseite beinhaltet externe Links. Deren Inhalte entziehen sich unserer Einflussnahme, sodass eine Gew\u00e4hr f\u00fcr solche Inhalte &hellip; <a href=\"https:\/\/wordpress.nibis.de\/gsblender\/impressum\/\" class=\"more-link\"><span class=\"screen-reader-text\">Impressum<\/span> weiterlesen<\/a><\/p>\n","protected":false},"author":666,"featured_media":0,"parent":0,"menu_order":0,"comment_status":"closed","ping_status":"closed","template":"","meta":{"footnotes":""},"class_list":["post-63","page","type-page","status-publish","hentry"],"_links":{"self":[{"href":"https:\/\/wordpress.nibis.de\/gsblender\/wp-json\/wp\/v2\/pages\/63","targetHints":{"allow":["GET"]}}],"collection":[{"href":"https:\/\/wordpress.nibis.de\/gsblender\/wp-json\/wp\/v2\/pages"}],"about":[{"href":"https:\/\/wordpress.nibis.de\/gsblender\/wp-json\/wp\/v2\/types\/page"}],"author":[{"embeddable":true,"href":"https:\/\/wordpress.nibis.de\/gsblender\/wp-json\/wp\/v2\/users\/666"}],"replies":[{"embeddable":true,"href":"https:\/\/wordpress.nibis.de\/gsblender\/wp-json\/wp\/v2\/comments?post=63"}],"version-history":[{"count":13,"href":"https:\/\/wordpress.nibis.de\/gsblender\/wp-json\/wp\/v2\/pages\/63\/revisions"}],"predecessor-version":[{"id":1644,"href":"https:\/\/wordpress.nibis.de\/gsblender\/wp-json\/wp\/v2\/pages\/63\/revisions\/1644"}],"wp:attachment":[{"href":"https:\/\/wordpress.nibis.de\/gsblender\/wp-json\/wp\/v2\/media?parent=63"}],"curies":[{"name":"wp","href":"https:\/\/api.w.org\/{rel}","templated":true}]}}

<p><span style="font-size: 12pt">Impressum:</span></p>
<p><span style="font-size: 12pt">Land Niedersachsen (Diensteanbieter im Sinne des Telemediengesetzes)</span></p>
<p><span style="font-size: 12pt">Das Land Niedersachsen ist eine juristische Person des öffentlichen Rechts </span><span style="font-size: 12pt">vertreten durch </span></p>
<p><span style="font-size: 12pt">Schulleitung<br />
</span><span style="font-size: 12pt">Corinna Kuhr, Schulleitung<br />
</span><span style="font-size: 12pt">Grundschule Blender<br />
</span><span style="font-size: 12pt">Verdener Weg 1<br />
</span><span style="font-size: 12pt">27337 Blender</span></p>
<p><span style="font-size: 12pt">Telefon: (04233) 452<br />
</span><span style="font-size: 12pt">Telefax: (04233) 942017<br />
</span><span style="font-size: 12pt">E-Mail: &#107;&#x6f;&#110;&#x74;&#97;&#x6b;&#116;&#x40;&#103;&#x73;b&#x6c;e&#x6e;d&#x65;r&#x2e;d&#x65;</span></p>
<p><span style="font-size: 12pt">Disclaimer<br />
</span><span style="font-size: 12pt">Diese Webseite beinhaltet externe Links. Deren Inhalte entziehen sich unserer Einflussnahme, sodass eine Gewähr für solche Inhalte von uns nicht übernommen werden kann.<br />
</span><span style="font-size: 12pt">Die Verantwortung liegt stets beim jeweiligen Betreiber der externen Seiten. Zum Zeitpunkt der Verknüpfung der externen Links waren keine Rechtsverstöße ersichtlich. Die permanente Überwachung fremder Inhalte auf Rechtsverstöße ohne konkrete Hinweise ist uns nicht zumutbar.</span></p>
<p><span style="font-size: 12pt">Sollten wir Kenntnis von Rechtsverletzungen erlangen, werden wir die entsprechenden externen Links unverzüglich entfernen.</span></p>

<p>Impressum: Land Niedersachsen (Diensteanbieter im Sinne des Telemediengesetzes) Das Land Niedersachsen ist eine juristische Person des öffentlichen Rechts vertreten durch Schulleitung Corinna Kuhr, Schulleitung Grundschule Blender Verdener Weg 1 27337 Blender Telefon: (04233) 452 Telefax: (04233) 942017 E-Mail: &#x6b;&#x6f;&#x6e;&#x74;&#97;&#107;&#116;&#64;gsbl&#x65;&#x6e;&#x64;&#x65;&#x72;&#x2e;&#100;&#101; Disclaimer Diese Webseite beinhaltet externe Links. Deren Inhalte entziehen sich unserer Einflussnahme, sodass eine Gewähr für solche Inhalte &hellip; <a href="https://wordpress.nibis.de/gsblender/impressum/" class="more-link"><span class="screen-reader-text">Impressum</span> weiterlesen</a></p>
