{"id":170,"date":"2020-09-18T13:29:31","date_gmt":"2020-09-18T11:29:31","guid":{"rendered":"https:\/\/wordpress.nibis.de\/gsbloneu\/?page_id=170"},"modified":"2020-09-23T11:03:33","modified_gmt":"2020-09-23T09:03:33","slug":"unser-leitbild","status":"publish","type":"page","link":"https:\/\/wordpress.nibis.de\/gsbloneu\/unser-leitbild\/","title":{"rendered":"Unser Leitbild"},"content":{"rendered":"\n<div class=\"wp-block-image\"><figure class=\"aligncenter size-large\"><img loading=\"lazy\" decoding=\"async\" width=\"440\" height=\"546\" src=\"https:\/\/wordpress.nibis.de\/gsbloneu\/files\/2020\/09\/Leitbild-aktuell.jpg\" alt=\"\" class=\"wp-image-436\" \/><\/figure><\/div>\n\n\n\n<p class=\"has-text-align-center\"><strong><em><u><span style=\"color:#a30005\" class=\"has-inline-color\">Schulklima<\/span><\/u><\/em><\/strong><\/p>\n\n\n\n<p class=\"has-text-align-center\"><strong>\u201eWi s\u00fcnd f\u00f6r nanner dar!\u201c<\/strong><\/p>\n\n\n\n<p class=\"has-text-align-center\">Wir sind eine Schule, wo jede \/ jeder die M\u00f6glichkeit hat, ein offenes Ohr zu finden, um Probleme gemeinsam zu l\u00f6sen. Dazu gehen wir wertsch\u00e4tzend, offen sowie respektvoll miteinander um und halten uns an die bekannten Regeln.<\/p>\n\n\n\n<p class=\"has-text-align-center\"><strong><em><u><span style=\"color:#f1e102\" class=\"has-inline-color\">F<\/span><span style=\"color:#f7e602\" class=\"has-inline-color\">\u00f6rdern und Fordern<\/span><\/u><\/em><\/strong><\/p>\n\n\n\n<p class=\"has-text-align-center\"><strong>\u201eDar wu du steihst, halen wi di of.\u201c<\/strong><\/p>\n\n\n\n<p class=\"has-text-align-center\">Wir holen in unserer Grundschule Blomberg-Neuschoo jedes Kind dort ab, wo es steht.Wir verstehen uns als Schule, die die Pers\u00f6nlichkeitsentwicklung, Selbstst\u00e4ndigkeit und Eigenverantwortung unserer Kinder durch Regeln und Rituale aktiv unterst\u00fctzt.<\/p>\n\n\n\n<p class=\"has-text-align-center\"><strong><em><u><span style=\"color:#41d607\" class=\"has-inline-color\">Umgang miteinander<\/span><\/u><\/em><\/strong><\/p>\n\n\n\n<p class=\"has-text-align-center\"><strong>\u201eAn uns School is jeder wat bes\u00fcnners.\u201c<\/strong><\/p>\n\n\n\n<p class=\"has-text-align-center\">Wir verstehen uns als eine Schule, in der jede\/jeder Einzelne einzigartig und wertvoll ist. Das Handeln jedes Einzelnen ist wichtig f\u00fcr unser Zusammenleben und die Entwicklung unserer Schule.<\/p>\n\n\n\n<p class=\"has-text-align-center\"><strong><em><u><span class=\"has-inline-color has-blue-color\">Zusammenarbeit<\/span><\/u><\/em><\/strong><\/p>\n\n\n\n<p class=\"has-text-align-center\"><strong>\u201eTosammen maken wi dat.\u201c<\/strong><\/p>\n\n\n\n<p class=\"has-text-align-center\">Wir, alle an der Grundschule Blomberg-Neuschoo am Schulalltag beteiligten Personen, arbeiten vertrauensvoll, verl\u00e4sslich und unterst\u00fctzend zusammen.<br>Die Unterst\u00fctzung der Eltern erm\u00f6glicht eine positive und vielf\u00e4ltige Gestaltung des Schullebens.<br>Durch geregelte Strukturen im Team der Grundschule Blomberg-Neuschoo sichern wir die Entlastung jedes Einzelnen.<\/p>\n\n\n\n<p class=\"has-text-align-center\"><strong><em><u><span style=\"color:#ff9b05\" class=\"has-inline-color\">Schulangebote<\/span><\/u><\/em><\/strong><\/p>\n\n\n\n<p class=\"has-text-align-center\"><strong>\u201eBi uns k\u00f6nnt ji v\u00f6\u00f6l beleven!\u201c<\/strong><\/p>\n\n\n\n<p class=\"has-text-align-center\">An unserer Schule gibt es vielf\u00e4ltige Angebote. Besonders wichtig ist es uns, Elemente der ostfriesischen Kultur in den Schulalltag einzubinden.<\/p>\n\n\n\n<p><em>Stand: Mai 2018<\/em><\/p>\n","protected":false},"excerpt":{"rendered":"<p>Schulklima \u201eWi s\u00fcnd f\u00f6r nanner dar!\u201c Wir sind eine Schule, wo jede \/ jeder die M\u00f6glichkeit hat, ein offenes Ohr zu finden, um Probleme gemeinsam zu l\u00f6sen. Dazu gehen wir wertsch\u00e4tzend, offen sowie respektvoll miteinander um und halten uns an &hellip; <a href=\"https:\/\/wordpress.nibis.de\/gsbloneu\/unser-leitbild\/\">Weiterlesen <span class=\"meta-nav\">&rarr;<\/span><\/a><\/p>\n","protected":false},"author":9192955,"featured_media":155,"parent":0,"menu_order":0,"comment_status":"closed","ping_status":"closed","template":"","meta":{"footnotes":""},"class_list":["post-170","page","type-page","status-publish","has-post-thumbnail","hentry"],"_links":{"self":[{"href":"https:\/\/wordpress.nibis.de\/gsbloneu\/wp-json\/wp\/v2\/pages\/170","targetHints":{"allow":["GET"]}}],"collection":[{"href":"https:\/\/wordpress.nibis.de\/gsbloneu\/wp-json\/wp\/v2\/pages"}],"about":[{"href":"https:\/\/wordpress.nibis.de\/gsbloneu\/wp-json\/wp\/v2\/types\/page"}],"author":[{"embeddable":true,"href":"https:\/\/wordpress.nibis.de\/gsbloneu\/wp-json\/wp\/v2\/users\/9192955"}],"replies":[{"embeddable":true,"href":"https:\/\/wordpress.nibis.de\/gsbloneu\/wp-json\/wp\/v2\/comments?post=170"}],"version-history":[{"count":6,"href":"https:\/\/wordpress.nibis.de\/gsbloneu\/wp-json\/wp\/v2\/pages\/170\/revisions"}],"predecessor-version":[{"id":534,"href":"https:\/\/wordpress.nibis.de\/gsbloneu\/wp-json\/wp\/v2\/pages\/170\/revisions\/534"}],"wp:featuredmedia":[{"embeddable":true,"href":"https:\/\/wordpress.nibis.de\/gsbloneu\/wp-json\/wp\/v2\/media\/155"}],"wp:attachment":[{"href":"https:\/\/wordpress.nibis.de\/gsbloneu\/wp-json\/wp\/v2\/media?parent=170"}],"curies":[{"name":"wp","href":"https:\/\/api.w.org\/{rel}","templated":true}]}}