{"id":172,"date":"2020-09-18T13:29:47","date_gmt":"2020-09-18T11:29:47","guid":{"rendered":"https:\/\/wordpress.nibis.de\/gsbloneu\/?page_id=172"},"modified":"2025-10-27T09:14:08","modified_gmt":"2025-10-27T08:14:08","slug":"unser-team","status":"publish","type":"page","link":"https:\/\/wordpress.nibis.de\/gsbloneu\/unser-team\/","title":{"rendered":"Unser Team"},"content":{"rendered":"\n<figure class=\"wp-block-image size-large\"><img decoding=\"async\" src=\"https:\/\/wordpress.nibis.de\/gsbloneu\/files\/2025\/10\/Collage-Kollegium-scaled.jpg\" alt=\"\" \/><\/figure>\n\n\n\n<p class=\"has-light-gray-background-color has-background has-medium-font-size\" style=\"text-transform:capitalize\"><strong>Das Team 2025\/2026: <\/strong><\/p>\n\n\n\n<p><strong>Schulleiter: <\/strong>Herr Kraft<\/p>\n\n\n\n<p><strong>Schulsekret\u00e4rin:<\/strong> Frau Tr\u00e4napp<\/p>\n\n\n\n<p><strong>Lehrkr\u00e4fte:<\/strong> Frau Ulfers, Frau Edenhuizen, Frau Stampka, Frau Anders, Frau Kaune, Frau S\u00f6ker, Frau Krey, Frau Schoon, Frau Bigl, Herr Richert (abgeordnet), Frau Bruns, Frau Jonscher, Frau Ballschmiede (F\u00f6S)<\/p>\n\n\n\n<p><strong>Lehrkraft im Vorbereitungsdienst:<\/strong> &#8211; &#8211; &#8211;<\/p>\n\n\n\n<p><strong>P\u00e4dagogische Mitarbeiter\/innen: <\/strong>Frau Freese, Frau Niehuisen, Frau Lazinski, Frau Janssen, Frau Schoone<\/p>\n\n\n\n<p><strong>Schulsozialarbeiterin:<\/strong> Frau Weber<\/p>\n\n\n\n<p><strong>Schulbegleitungen:<\/strong> Frau Balthasar, Frau Janssen, Frau Schoone, Frau Onken, Frau Siebert, Frau Menneb\u00e4ck<\/p>\n\n\n\n<p><strong>Bundesfreiwilligendienstler\/in:<\/strong> Frau Gruben, Herr Groeneweg<\/p>\n\n\n\n<p><strong>Schulhund\/e:<\/strong> Biene<br><\/p>\n\n\n\n<p><\/p>\n\n\n\n<p><\/p>\n\n\n\n<p><\/p>\n\n\n\n<p><\/p>\n\n\n\n<p><\/p>\n\n\n\n<p><strong>Chronik<\/strong><\/p>\n\n\n\n<figure class=\"wp-block-image size-large\"><img loading=\"lazy\" decoding=\"async\" width=\"1200\" height=\"675\" src=\"https:\/\/wordpress.nibis.de\/gsbloneu\/files\/2024\/09\/Kollegium2024_01-1200x675.jpg\" alt=\"\" class=\"wp-image-891\" srcset=\"https:\/\/wordpress.nibis.de\/gsbloneu\/files\/2024\/09\/Kollegium2024_01-1200x675.jpg 1200w, https:\/\/wordpress.nibis.de\/gsbloneu\/files\/2024\/09\/Kollegium2024_01-850x478.jpg 850w, https:\/\/wordpress.nibis.de\/gsbloneu\/files\/2024\/09\/Kollegium2024_01-250x141.jpg 250w\" sizes=\"auto, (max-width: 1200px) 100vw, 1200px\" \/><\/figure>\n\n\n\n<p class=\"has-text-align-center\"><strong>Das Kollegium der GS Blomberg-Neuschoo im Schuljahr 2024\/2025<\/strong><\/p>\n\n\n\n<p>vorne v.l.: Frau Schoone, Frau Miener, Frau Lippok, Frau Balthasar, Frau Ballschmiede, Frau Krist;<br>davor liegend: Schulhund Biene<br><br>hinten v.l.: Frau Bruns, Frau Mostert, Frau Edenhuizen, Frau Bigl, Herr Richert, Frau Onken, Frau S\u00f6ker, Frau Schoon, Frau Stampka, Frau Anders, Frau Kaune, Herr Kraft (Schulleiter)<br><\/p>\n\n\n\n<figure class=\"wp-block-image size-large\"><img loading=\"lazy\" decoding=\"async\" width=\"1200\" height=\"675\" src=\"https:\/\/wordpress.nibis.de\/gsbloneu\/files\/2024\/07\/Kollegium_2023-2-1200x675.jpg\" alt=\"\" class=\"wp-image-665\" srcset=\"https:\/\/wordpress.nibis.de\/gsbloneu\/files\/2024\/07\/Kollegium_2023-2-1200x675.jpg 1200w, https:\/\/wordpress.nibis.de\/gsbloneu\/files\/2024\/07\/Kollegium_2023-2-850x478.jpg 850w, https:\/\/wordpress.nibis.de\/gsbloneu\/files\/2024\/07\/Kollegium_2023-2-250x141.jpg 250w\" sizes=\"auto, (max-width: 1200px) 100vw, 1200px\" \/><\/figure>\n\n\n\n<p class=\"has-text-align-center\"><strong>Das Kollegium der GS Blomberg-Neuschoo im Schuljahr 2023\/2024<\/strong><\/p>\n\n\n\n<p>vorne v.l.: Frau Kaune, Frau Niehuisen, Frau Janssen, Frau Lippok, Frau Jonscher, Frau Schoone, Frau S\u00f6ker, Frau Stampka<br><br>hinten v.l.: Frau Mostert, Frau Edenhuizen, Frau Bigl, Frau Krey, Herr Richert, Frau Ballschmiede, Herr Kraft (Schulleiter), Frau Schoon, Frau Anders<br><\/p>\n\n\n\n<p><\/p>\n\n\n\n<p class=\"has-light-gray-background-color has-background has-medium-font-size\" style=\"text-transform:capitalize\"><strong>Das Team 2023\/2024: <\/strong><\/p>\n\n\n\n<p><strong>Schulleiter: <\/strong>Herr Kraft<\/p>\n\n\n\n<p><strong>Schulsekret\u00e4rin:<\/strong> Frau Tr\u00e4napp<\/p>\n\n\n\n<p><strong>Lehrkr\u00e4fte:<\/strong> Frau Lippok, Frau Edenhuizen, Frau Stampka, Frau Anders, Frau Kaune, Frau S\u00f6ker, Frau Krey, Frau Schoon, Frau Frau Bigl, Herr Richert, Frau Jonscher<\/p>\n\n\n\n<p><strong>Lehrkraft im Vorbereitungsdienst:<\/strong> Frau Mostert<\/p>\n\n\n\n<p><strong>P\u00e4dagogische Mitarbeiter\/innen: <\/strong>Frau Freese, Frau Niehuisen, Frau Lazinski, Frau Janssen, Frau Schoone, Frau Schott<\/p>\n\n\n\n<p><strong>Schulsozialarbeiterin:<\/strong> Frau Krist<\/p>\n\n\n\n<p><strong>Schulbegleitungen:<\/strong> Frau Balthasar, Frau Janssen, Frau Schoone, Frau Onken, Frau Miener<\/p>\n\n\n\n<p><strong>Bundesfreiwilligendienstler\/in:<\/strong> Herr Haak<\/p>\n\n\n\n<p><strong>Schulhund\/e:<\/strong> Miley und Biene<br><\/p>\n","protected":false},"excerpt":{"rendered":"<p>Das Team 2025\/2026: Schulleiter: Herr Kraft Schulsekret\u00e4rin: Frau Tr\u00e4napp Lehrkr\u00e4fte: Frau Ulfers, Frau Edenhuizen, Frau Stampka, Frau Anders, Frau Kaune, Frau S\u00f6ker, Frau Krey, Frau Schoon, Frau Bigl, Herr Richert (abgeordnet), Frau Bruns, Frau Jonscher, Frau Ballschmiede (F\u00f6S) Lehrkraft im &hellip; <a href=\"https:\/\/wordpress.nibis.de\/gsbloneu\/unser-team\/\">Weiterlesen <span class=\"meta-nav\">&rarr;<\/span><\/a><\/p>\n","protected":false},"author":9192955,"featured_media":0,"parent":0,"menu_order":0,"comment_status":"closed","ping_status":"closed","template":"","meta":{"footnotes":""},"class_list":["post-172","page","type-page","status-publish","hentry"],"_links":{"self":[{"href":"https:\/\/wordpress.nibis.de\/gsbloneu\/wp-json\/wp\/v2\/pages\/172","targetHints":{"allow":["GET"]}}],"collection":[{"href":"https:\/\/wordpress.nibis.de\/gsbloneu\/wp-json\/wp\/v2\/pages"}],"about":[{"href":"https:\/\/wordpress.nibis.de\/gsbloneu\/wp-json\/wp\/v2\/types\/page"}],"author":[{"embeddable":true,"href":"https:\/\/wordpress.nibis.de\/gsbloneu\/wp-json\/wp\/v2\/users\/9192955"}],"replies":[{"embeddable":true,"href":"https:\/\/wordpress.nibis.de\/gsbloneu\/wp-json\/wp\/v2\/comments?post=172"}],"version-history":[{"count":14,"href":"https:\/\/wordpress.nibis.de\/gsbloneu\/wp-json\/wp\/v2\/pages\/172\/revisions"}],"predecessor-version":[{"id":1014,"href":"https:\/\/wordpress.nibis.de\/gsbloneu\/wp-json\/wp\/v2\/pages\/172\/revisions\/1014"}],"wp:attachment":[{"href":"https:\/\/wordpress.nibis.de\/gsbloneu\/wp-json\/wp\/v2\/media?parent=172"}],"curies":[{"name":"wp","href":"https:\/\/api.w.org\/{rel}","templated":true}]}}