{"id":263,"date":"2020-09-21T09:16:17","date_gmt":"2020-09-21T07:16:17","guid":{"rendered":"https:\/\/wordpress.nibis.de\/gsbloneu\/?page_id=263"},"modified":"2020-10-01T14:23:20","modified_gmt":"2020-10-01T12:23:20","slug":"buecherei-2","status":"publish","type":"page","link":"https:\/\/wordpress.nibis.de\/gsbloneu\/buecherei-2\/","title":{"rendered":"B\u00fccherei"},"content":{"rendered":"\n<h2 class=\"has-text-align-center wp-block-heading\"><em><span class=\"has-inline-color has-blue-color\">\u201eEin Buch lesen &#8211; f\u00fcr mich ist das das Erforschen eines Universums.\u201c  (Marguerite Duras)<\/span><\/em><\/h2>\n\n\n<h3>Die Schulb\u00fccherei ist Teil der aktiven Lesef\u00f6rderung an unserer Grundschule. Unsere B\u00fccher decken alle Lesestufen ab, vom Erstleser bis zum Leseprofi und k\u00f6nnen als Quiz bei <a href=\"http:\/\/www.antolin.de\">Antolin<\/a> eingegeben werden. Die Sch\u00fclerinnen und Sch\u00fcler k\u00f6nnen sich aus der B\u00fccherei jederzeit B\u00fccher ausleihen und tauschen. Dazu sprechen sie einfach ihren Klassen- oder Fachlehrer\/in an.<\/h3>\n\n\n<div class=\"wp-block-image\"><figure class=\"aligncenter size-large is-resized\"><img loading=\"lazy\" decoding=\"async\" src=\"https:\/\/wordpress.nibis.de\/gsbloneu\/files\/2020\/10\/DSCN6034-3-1200x675.jpg\" alt=\"\" class=\"wp-image-591\" width=\"441\" height=\"247\" srcset=\"https:\/\/wordpress.nibis.de\/gsbloneu\/files\/2020\/10\/DSCN6034-3-1200x675.jpg 1200w, https:\/\/wordpress.nibis.de\/gsbloneu\/files\/2020\/10\/DSCN6034-3-850x478.jpg 850w, https:\/\/wordpress.nibis.de\/gsbloneu\/files\/2020\/10\/DSCN6034-3-250x141.jpg 250w\" sizes=\"auto, (max-width: 441px) 100vw, 441px\" \/><\/figure><\/div>\n","protected":false},"excerpt":{"rendered":"<p>\u201eEin Buch lesen &#8211; f\u00fcr mich ist das das Erforschen eines Universums.\u201c (Marguerite Duras) Die Schulb\u00fccherei ist Teil der aktiven Lesef\u00f6rderung an unserer Grundschule. Unsere B\u00fccher decken alle Lesestufen ab, vom Erstleser bis zum Leseprofi und k\u00f6nnen als Quiz bei &hellip; <a href=\"https:\/\/wordpress.nibis.de\/gsbloneu\/buecherei-2\/\">Weiterlesen <span class=\"meta-nav\">&rarr;<\/span><\/a><\/p>\n","protected":false},"author":9192955,"featured_media":0,"parent":0,"menu_order":0,"comment_status":"closed","ping_status":"closed","template":"","meta":{"footnotes":""},"class_list":["post-263","page","type-page","status-publish","hentry"],"_links":{"self":[{"href":"https:\/\/wordpress.nibis.de\/gsbloneu\/wp-json\/wp\/v2\/pages\/263","targetHints":{"allow":["GET"]}}],"collection":[{"href":"https:\/\/wordpress.nibis.de\/gsbloneu\/wp-json\/wp\/v2\/pages"}],"about":[{"href":"https:\/\/wordpress.nibis.de\/gsbloneu\/wp-json\/wp\/v2\/types\/page"}],"author":[{"embeddable":true,"href":"https:\/\/wordpress.nibis.de\/gsbloneu\/wp-json\/wp\/v2\/users\/9192955"}],"replies":[{"embeddable":true,"href":"https:\/\/wordpress.nibis.de\/gsbloneu\/wp-json\/wp\/v2\/comments?post=263"}],"version-history":[{"count":7,"href":"https:\/\/wordpress.nibis.de\/gsbloneu\/wp-json\/wp\/v2\/pages\/263\/revisions"}],"predecessor-version":[{"id":593,"href":"https:\/\/wordpress.nibis.de\/gsbloneu\/wp-json\/wp\/v2\/pages\/263\/revisions\/593"}],"wp:attachment":[{"href":"https:\/\/wordpress.nibis.de\/gsbloneu\/wp-json\/wp\/v2\/media?parent=263"}],"curies":[{"name":"wp","href":"https:\/\/api.w.org\/{rel}","templated":true}]}}