{"id":267,"date":"2020-09-21T09:17:04","date_gmt":"2020-09-21T07:17:04","guid":{"rendered":"https:\/\/wordpress.nibis.de\/gsbloneu\/?page_id=267"},"modified":"2024-07-04T11:17:50","modified_gmt":"2024-07-04T09:17:50","slug":"betreuung-2","status":"publish","type":"page","link":"https:\/\/wordpress.nibis.de\/gsbloneu\/betreuung-2\/","title":{"rendered":"Betreuung"},"content":{"rendered":"<h3>Im Rahmen der Verl\u00e4sslichen Grundschule bieten wir eine Betreuung f\u00fcr Erst- und Zweitkl\u00e4ssler an. Die Betreuung findet in der f\u00fcnften Unterrichtsstunde (12.05 Uhr bis 12.50 Uhr) statt, sofern diese unterrichtlich nicht belegt ist. Hierf\u00fcr stehen die Klassenr\u00e4ume, der Betreuungsraum und der Schulhof zur Verf\u00fcgung.<\/h3>\n<h3>Unsere <a href=\"https:\/\/wordpress.nibis.de\/gsbloneu\/paedagogische-mitarbeiter\/\">P\u00e4dagogischen Mitarbeiterinnen<\/a> Frau Niehuisen, Frau Lazinski, Frau Schoone und Frau Janssen bieten unseren Kindern verschiedene unterrichtserg\u00e4nzende Angebote, wie Spiele, Musik, Rhythmus, kreatives Gestalten und Bewegung an. Au\u00dferdem schulen sie durch ihre Aktivit\u00e4ten die Grob- und Feinmotorik und f\u00f6rdern die schulische wie auch soziale Entwicklung der Sch\u00fclerinnen und Sch\u00fcler.<\/h3>\n<h3>Auch bei kurzfristigen Ausf\u00e4llen von <a href=\"https:\/\/wordpress.nibis.de\/gsbloneu\/lehrkraefte\/\">Lehrkr\u00e4ften<\/a> sind unsere p\u00e4dagogischen Mitarbeiter zur Stelle und beaufsichtigen sowie betreuen unsere Klassen im Rahmen des Vertretungskonzeptes.<\/h3>\n\n\n<div class=\"wp-block-image\"><figure class=\"aligncenter size-large is-resized\"><img loading=\"lazy\" decoding=\"async\" src=\"https:\/\/wordpress.nibis.de\/gsbloneu\/files\/2020\/10\/IMG-20201001-WA0001-1024x675.jpg\" alt=\"\" class=\"wp-image-612\" width=\"605\" height=\"398\" \/><\/figure><\/div>\n","protected":false},"excerpt":{"rendered":"<p>Im Rahmen der Verl\u00e4sslichen Grundschule bieten wir eine Betreuung f\u00fcr Erst- und Zweitkl\u00e4ssler an. Die Betreuung findet in der f\u00fcnften Unterrichtsstunde (12.05 Uhr bis 12.50 Uhr) statt, sofern diese unterrichtlich nicht belegt ist. Hierf\u00fcr stehen die Klassenr\u00e4ume, der Betreuungsraum und &hellip; <a href=\"https:\/\/wordpress.nibis.de\/gsbloneu\/betreuung-2\/\">Weiterlesen <span class=\"meta-nav\">&rarr;<\/span><\/a><\/p>\n","protected":false},"author":9192955,"featured_media":0,"parent":0,"menu_order":0,"comment_status":"closed","ping_status":"closed","template":"","meta":{"footnotes":""},"class_list":["post-267","page","type-page","status-publish","hentry"],"_links":{"self":[{"href":"https:\/\/wordpress.nibis.de\/gsbloneu\/wp-json\/wp\/v2\/pages\/267","targetHints":{"allow":["GET"]}}],"collection":[{"href":"https:\/\/wordpress.nibis.de\/gsbloneu\/wp-json\/wp\/v2\/pages"}],"about":[{"href":"https:\/\/wordpress.nibis.de\/gsbloneu\/wp-json\/wp\/v2\/types\/page"}],"author":[{"embeddable":true,"href":"https:\/\/wordpress.nibis.de\/gsbloneu\/wp-json\/wp\/v2\/users\/9192955"}],"replies":[{"embeddable":true,"href":"https:\/\/wordpress.nibis.de\/gsbloneu\/wp-json\/wp\/v2\/comments?post=267"}],"version-history":[{"count":11,"href":"https:\/\/wordpress.nibis.de\/gsbloneu\/wp-json\/wp\/v2\/pages\/267\/revisions"}],"predecessor-version":[{"id":704,"href":"https:\/\/wordpress.nibis.de\/gsbloneu\/wp-json\/wp\/v2\/pages\/267\/revisions\/704"}],"wp:attachment":[{"href":"https:\/\/wordpress.nibis.de\/gsbloneu\/wp-json\/wp\/v2\/media?parent=267"}],"curies":[{"name":"wp","href":"https:\/\/api.w.org\/{rel}","templated":true}]}}