{"id":271,"date":"2020-09-21T09:17:48","date_gmt":"2020-09-21T07:17:48","guid":{"rendered":"https:\/\/wordpress.nibis.de\/gsbloneu\/?page_id=271"},"modified":"2025-12-19T15:21:22","modified_gmt":"2025-12-19T14:21:22","slug":"angebote-ags","status":"publish","type":"page","link":"https:\/\/wordpress.nibis.de\/gsbloneu\/angebote-ags\/","title":{"rendered":"Angebote\/ AG\u00b4s"},"content":{"rendered":"\n<h2 class=\"wp-block-heading\"><\/h2>\n\n\n<h3 style=\"text-align: center\"><span style=\"color: #000000\"><strong>Offenes Angebot im JUZ<\/strong><\/span><\/h3>\n<h4 style=\"text-align: left\"><strong>Zielgruppe:<\/strong> alle<br \/><strong>Inhalt:<\/strong> Du findest kein passendes AG-Angebot oder du m\u00f6chtest einfach frei spielen, basteln und malen oder bei gutem Wetter \u00fcber den Spielplatz toben? Dann bist du bei uns im JUZ genau richtig.<br \/><strong>Leitung:<\/strong> AWO Holtriem<br \/><strong>Ort:<\/strong> in den R\u00e4umlichkeiten des JUZ<br \/><strong>Zeit:<\/strong> Dienstag und Donnerstag<\/h4>\n\n<div class=\"wp-block-image\">\n<figure class=\"aligncenter size-large is-resized\"><img loading=\"lazy\" decoding=\"async\" width=\"1200\" height=\"675\" src=\"https:\/\/wordpress.nibis.de\/gsbloneu\/files\/2020\/10\/DSCN6056-1200x675.jpg\" alt=\"\" class=\"wp-image-586\" style=\"width:307px;height:172px\" srcset=\"https:\/\/wordpress.nibis.de\/gsbloneu\/files\/2020\/10\/DSCN6056-1200x675.jpg 1200w, https:\/\/wordpress.nibis.de\/gsbloneu\/files\/2020\/10\/DSCN6056-850x478.jpg 850w, https:\/\/wordpress.nibis.de\/gsbloneu\/files\/2020\/10\/DSCN6056-250x141.jpg 250w\" sizes=\"auto, (max-width: 1200px) 100vw, 1200px\" \/><\/figure>\n<\/div>\n\n<h3>\u00a0<\/h3>\n<h3 style=\"text-align: center\"><span style=\"color: #000000\"><b>Technik-AG\u00a0<\/b><\/span><\/h3>\n<h4 style=\"text-align: left\"><b><\/b><strong>Zielgruppe:<\/strong> alle<br \/><strong>Inhalt:<\/strong> Bauen, erproben und Zusammenh\u00e4nge verstehen sind dein Thema? Dann komm zu uns in die Technik-AG! Wir bauen mit Fischer-Technik verschiedene Bauwerke und Fahrzeuge und entdecken spielerisch technische Zusammenh\u00e4nge!<br \/><strong>Leitung:<\/strong> Frau Stampka<br \/><strong>Ort:<\/strong> Klassenraum\u00a0<br \/><strong>Zeit:<\/strong> Dienstag<\/h4>\n\n<div class=\"wp-block-image\">\n<figure class=\"aligncenter size-large is-resized\"><img loading=\"lazy\" decoding=\"async\" width=\"1200\" height=\"675\" src=\"https:\/\/wordpress.nibis.de\/gsbloneu\/files\/2025\/12\/Technik-AG_Fischer-Technik_ChatGPT-1200x675.png\" alt=\"\" class=\"wp-image-1111\" style=\"width:362px;height:203px\" srcset=\"https:\/\/wordpress.nibis.de\/gsbloneu\/files\/2025\/12\/Technik-AG_Fischer-Technik_ChatGPT-1200x675.png 1200w, https:\/\/wordpress.nibis.de\/gsbloneu\/files\/2025\/12\/Technik-AG_Fischer-Technik_ChatGPT-850x478.png 850w, https:\/\/wordpress.nibis.de\/gsbloneu\/files\/2025\/12\/Technik-AG_Fischer-Technik_ChatGPT-250x141.png 250w\" sizes=\"auto, (max-width: 1200px) 100vw, 1200px\" \/><figcaption class=\"wp-element-caption\"><em>Bild mit Hilfe von KI erstellt (hier: ChatGPT)<\/em><\/figcaption><\/figure>\n<\/div>\n\n\n<p><\/p>\n\n\n\n<p class=\"has-text-align-center\"><strong>Sprachen-AG<\/strong><\/p>\n\n\n\n<h4 class=\"wp-block-heading\"><strong>Zielgruppe:<\/strong> alle<br><strong>Inhalt:<\/strong> Hello und Salut! Du interessierst dich f\u00fcr die Sprachen dieser Welt?<br>In dieser AG wollen wir uns mit verschiedenen Sprachen besch\u00e4ftigen und erste sprachliche Kenntnisse erlangen und kulturelle Hintergr\u00fcnde kennenlernen.<\/h4>\n\n\n\n<h2 class=\"wp-block-heading\">\u0622\u0648 \u0627\u0648\u0631 \u0634\u0627\u0645\u0644 \u06c1\u0648 \u062c\u0627\u0624!<\/h2>\n\n\n\n<h2 class=\"wp-block-heading\">Gelin ve kat\u0131l\u0131n!<\/h2>\n\n\n\n<h2 class=\"wp-block-heading\">Come and join in!<\/h2>\n\n\n\n<p>Komm und mach mit!<br><strong>Leitung:<\/strong> Frau Kaune<br><strong>Ort:<\/strong> Klassenraum<br><strong>Zeit:<\/strong> Mittwoch<\/p>\n\n\n\n<figure class=\"wp-block-image size-full\"><img loading=\"lazy\" decoding=\"async\" width=\"792\" height=\"539\" src=\"https:\/\/wordpress.nibis.de\/gsbloneu\/files\/2025\/12\/Fremdsprachen.jpg\" alt=\"\" class=\"wp-image-1115\" srcset=\"https:\/\/wordpress.nibis.de\/gsbloneu\/files\/2025\/12\/Fremdsprachen.jpg 792w, https:\/\/wordpress.nibis.de\/gsbloneu\/files\/2025\/12\/Fremdsprachen-768x523.jpg 768w, https:\/\/wordpress.nibis.de\/gsbloneu\/files\/2025\/12\/Fremdsprachen-100x68.jpg 100w\" sizes=\"auto, (max-width: 792px) 100vw, 792px\" \/><\/figure>\n\n\n<h3>\u00a0<\/h3>\n<h3 style=\"text-align: center\"><span style=\"color: #0000ff\"><strong><span style=\"color: #0000ff\"><span style=\"color: #000000\">Ninja-Warrior-AG<\/span>\u00a0 <span style=\"color: #ff0000\">(Nicht im Sj. 2025\/26)<\/span><\/span><\/strong><\/span><\/h3>\n<h4 style=\"text-align: left\"><strong>Zielgruppe:<\/strong> alle<br \/><strong>Inhalt:<\/strong> Zu Beginn jeder Warrior-AG spielen wir ein Aufw\u00e4rmspiel. Dann bauen wir zusammen eine Station auf, an der wir klettern oder turnen k\u00f6nnen. Am Schluss wird gemeinschaftlich abgebaut und, falls noch Zeit sein sollte, das kurze Abschlussspiel \u201eM\u00f6hrenziehen\u201c gespielt.Falls du an dieser AG teilnehmen willst, solltest du dich gerne sportlich bet\u00e4tigen, \u00fcber Beweglichkeit und Kraft verf\u00fcgen sowie Spa\u00df am Auf- und Abbau von Bewegungsstationen haben.<br \/><strong>Leitung:<\/strong> Herr Richert<br \/><strong>Ort:<\/strong> Turnhalle<br \/><strong>Zeit:<\/strong> Dienstag<\/h4>\n\n\n<figure class=\"wp-block-image size-full\"><img loading=\"lazy\" decoding=\"async\" width=\"382\" height=\"264\" src=\"https:\/\/wordpress.nibis.de\/gsbloneu\/files\/2025\/12\/Ninja.jpg\" alt=\"\" class=\"wp-image-1110\" srcset=\"https:\/\/wordpress.nibis.de\/gsbloneu\/files\/2025\/12\/Ninja.jpg 382w, https:\/\/wordpress.nibis.de\/gsbloneu\/files\/2025\/12\/Ninja-100x69.jpg 100w\" sizes=\"auto, (max-width: 382px) 100vw, 382px\" \/><\/figure>\n\n\n<h3>\u00a0<\/h3>\n<h3 style=\"text-align: center\"><span style=\"color: #0000ff\"><strong><span style=\"color: #000000\">Robotic-AG<\/span><br \/><\/strong><\/span><\/h3>\n<h4 style=\"text-align: left\"><span style=\"color: #333333\"><strong>Zielgruppe:<\/strong> alle<\/span><br \/><span style=\"color: #333333\"><strong>Inhalt:<\/strong> In dieser AG wollen wir uns mit Robotern besch\u00e4ftigen. Neben dem Zusammenbau geht es vor allem um erste Programmiererfahrungen. Wie vermittle ich dem Roboter das, was ich von ihm m\u00f6chte? Ein erster kleiner Einblick in die Welt der Informatik.<\/span><br \/><span style=\"color: #333333\"><strong>Leitung:<\/strong> Frau Jonscher<\/span><br \/><span style=\"color: #333333\"><strong>Ort:<\/strong> Klassenraum\u00a0<\/span><br \/><span style=\"color: #333333\"><strong>Zeit:<\/strong> Donnerstag<\/span><\/h4>\n\n<div class=\"wp-block-image\">\n<figure class=\"aligncenter size-large is-resized\"><img loading=\"lazy\" decoding=\"async\" width=\"768\" height=\"675\" src=\"https:\/\/wordpress.nibis.de\/gsbloneu\/files\/2020\/09\/IMG-20200924-WA0009-768x675.jpg\" alt=\"\" class=\"wp-image-505\" style=\"width:270px;height:236px\" \/><\/figure>\n<\/div>\n\n\n<p><\/p>\n\n\n\n<p class=\"has-text-align-center\"><strong>Rhythmus macht Hits<\/strong><\/p>\n\n\n\n<h4 class=\"wp-block-heading\"><strong>Zielgruppe:<\/strong> alle<br><strong>Inhalt:<\/strong> Rhythmus, Musik und Bewegung sind dein Ding? Dann bist du hier genau richtig! Gemeinsam werden wir moderne Songs mit Instrumenten begleiten und mit Instrumenten und dem IPad eigene Songs erstellen.<br>Sei dabei und erstelle deinen eigenen Hit!<br><strong>Leitung:<\/strong> Frau Mostert <br><strong>Ort:<\/strong> Klassenraum<br><strong>Zeit:<\/strong> Mittwoch<\/h4>\n\n\n\n<figure class=\"wp-block-image size-large\"><img loading=\"lazy\" decoding=\"async\" width=\"1200\" height=\"675\" src=\"https:\/\/wordpress.nibis.de\/gsbloneu\/files\/2025\/12\/Musik-AG_erstellt_mit_ChatGPT-1200x675.png\" alt=\"\" class=\"wp-image-1116\" srcset=\"https:\/\/wordpress.nibis.de\/gsbloneu\/files\/2025\/12\/Musik-AG_erstellt_mit_ChatGPT-1200x675.png 1200w, https:\/\/wordpress.nibis.de\/gsbloneu\/files\/2025\/12\/Musik-AG_erstellt_mit_ChatGPT-850x478.png 850w, https:\/\/wordpress.nibis.de\/gsbloneu\/files\/2025\/12\/Musik-AG_erstellt_mit_ChatGPT-250x141.png 250w\" sizes=\"auto, (max-width: 1200px) 100vw, 1200px\" \/><figcaption class=\"wp-element-caption\"><em>Bild mit Hilfe von KI erstellt (hier: ChatGPT)<\/em><\/figcaption><\/figure>\n\n\n\n<p class=\"has-text-align-center\"><strong>Handarbeiten<\/strong><\/p>\n\n\n\n<p><strong>Zielgruppe:<\/strong> alle<br><strong>Inhalt:<\/strong> Rhythmus, Musik und Bewegung sind dein Ding? Dann bist du hier genau richtig! Gemeinsam werden wir moderne Songs mit Instrumenten begleiten und mit Instrumenten und dem IPad eigene Songs erstellen.<br>Sei dabei und erstelle deinen eigenen Hit!<br><strong>Leitung:<\/strong> Frau Lazinski <br><strong>Ort:<\/strong> Klassenraum<br><strong>Zeit:<\/strong> Mittwoch<\/p>\n\n\n\n<figure class=\"wp-block-image size-large\"><img loading=\"lazy\" decoding=\"async\" width=\"1000\" height=\"675\" src=\"https:\/\/wordpress.nibis.de\/gsbloneu\/files\/2025\/12\/Handarbeiten-1000x675.jpg\" alt=\"\" class=\"wp-image-1117\" \/><figcaption class=\"wp-element-caption\"><em>Bild mit Hilfe von KI erstellt (hier: ChatGPT)<\/em><\/figcaption><\/figure>\n\n\n\n<p>&nbsp;<\/p>\n\n\n\n<h3 class=\"wp-block-heading\"><span style=\"color: #000000\"><strong>Tischtennis<\/strong><\/span><\/h3>\n\n\n\n<h4 class=\"wp-block-heading\"><span style=\"color: #333333\"><strong>Zielgruppe:<\/strong> alle<br><\/span><span style=\"color: #333333\"><strong>Inhalt:<\/strong> Du bist interessiert am schnellsten R\u00fcckschlagspiel der Welt? Dann bist du hier genau richtig! Hier erlernst du verschiedene Schlagtechniken und erprobst gelerntes im Spiel gegeneinander.<br><\/span><span style=\"color: #333333\"><strong>Leitung:<\/strong> Herr Bienert (SV Blomberg-Neuschoo)<br><\/span><span style=\"color: #333333\"><strong>Ort:<\/strong> Sporthalle<br><\/span><span style=\"color: #333333\"><strong>Zeit:<\/strong> Dienstag<\/span><\/h4>\n\n\n\n<figure class=\"wp-block-image size-full is-resized\"><img loading=\"lazy\" decoding=\"async\" width=\"515\" height=\"594\" src=\"https:\/\/wordpress.nibis.de\/gsbloneu\/files\/2024\/07\/Tischtennis1.jpg\" alt=\"\" class=\"wp-image-711\" style=\"width:258px;height:297px\" \/><\/figure>\n\n\n\n<p><\/p>\n\n\n<h3 style=\"text-align: center\"><span style=\"color: #000000\"><strong>&#8222;Bunte Stunde&#8220;<\/strong><\/span><\/h3>\n<\/p>\n<h4 style=\"text-align: left\"><span style=\"color: #333333\"><strong>Zielgruppe:<\/strong> alle<\/span><br \/><span style=\"color: #333333\"><strong>Inhalt:<\/strong> Hier wird gelacht, gebastelt, gespielt und gezaubert! Ob mit Perlen, Papier, Glitzer oder Kleber &#8211; wir lassen unserer Fantasie freien Lauf. In unserer AG gestalten wir Freundschaftsarmb\u00e4nder, legen bunte B\u00fcgelperlen, spielen Spiele und probieren viele kreative Bastelideen aus.<br \/>Wenn Du gerne mit deinen H\u00e4nden werkelst, gern in Farben denkst und am liebsten mit anderen Kindern Neues ausprobierst, dann bist Du hier genau richtig!<\/span><br \/><span style=\"color: #333333\"><strong>Leitung:<\/strong> Frau Janssen<\/span><br \/><span style=\"color: #333333\"><strong>Ort:<\/strong> Klassenraum, Schulhof, Forum<\/span><br \/><span style=\"color: #333333\"><strong>Zeit:<\/strong> Montag<\/span><\/h4>\n\n\n<figure class=\"wp-block-image size-full\"><img loading=\"lazy\" decoding=\"async\" width=\"190\" height=\"224\" src=\"https:\/\/wordpress.nibis.de\/gsbloneu\/files\/2025\/12\/Spiele-AG1.png\" alt=\"\" class=\"wp-image-1112\" srcset=\"https:\/\/wordpress.nibis.de\/gsbloneu\/files\/2025\/12\/Spiele-AG1.png 190w, https:\/\/wordpress.nibis.de\/gsbloneu\/files\/2025\/12\/Spiele-AG1-100x118.png 100w\" sizes=\"auto, (max-width: 190px) 100vw, 190px\" \/><\/figure>\n\n\n\n<h3 class=\"wp-block-heading has-text-align-center has-black-color has-text-color has-link-color wp-elements-205b759d79e9b215637df40d95509454\"><strong>Dance-Kids<\/strong><\/h3>\n\n\n\n<p class=\"has-text-align-left\"><strong>Zielgruppe:<\/strong>&nbsp;alle<br><strong>Inhalt: <\/strong>Du hast Spa\u00df und Freude am Tanzenb? Dann bist du hier genau richtig!<br>Wir tanzen gemeinsam verschiedene Choreografien aus Musikvideos nach. Gerne k\u00f6nnte ihr hierzu auch eigene Ideen einbringen.<br><strong>Leitung: <\/strong>Frau Voller<br><strong>Ort:<\/strong> Turnhalle<br><strong>Zeit: <\/strong>Montag<\/p>\n\n\n\n<figure class=\"wp-block-image size-full\"><img loading=\"lazy\" decoding=\"async\" width=\"520\" height=\"359\" src=\"https:\/\/wordpress.nibis.de\/gsbloneu\/files\/2025\/12\/DanceKids.jpg\" alt=\"\" class=\"wp-image-1113\" srcset=\"https:\/\/wordpress.nibis.de\/gsbloneu\/files\/2025\/12\/DanceKids.jpg 520w, https:\/\/wordpress.nibis.de\/gsbloneu\/files\/2025\/12\/DanceKids-100x69.jpg 100w\" sizes=\"auto, (max-width: 520px) 100vw, 520px\" \/><\/figure>\n\n\n\n<p><\/p>\n\n\n<h3 style=\"text-align: center\"><span style=\"color: #000000\"><b>Plattdeutsch-AG<\/b><\/span><\/h3>\n<div>\n<h4 style=\"text-align: left\"><span style=\"color: #333333\"><strong>Zielgruppe:<\/strong> alle<\/span><br \/><span style=\"color: #333333\"><strong>Inhalt:<\/strong> Du bist daran\u00a0interessiert, plattdeutsch zu erlernen oder du kannst bereits plattdeutsch und m\u00f6chtest deine sprachlichen F\u00e4higkeiten verbessern? Dann bist du hier genau richtig.\u00a0Wir wollen gemeinsam plattdeutsch lernen und sprechen!<br \/><\/span><span style=\"color: #333333\"><strong>Leitung:<\/strong> Frau Niehuisen<\/span><br \/><span style=\"color: #333333\"><strong>Ort:\u00a0<\/strong>Klassenraum<\/span><br \/><span style=\"color: #333333\"><strong>Zeit:<\/strong> Mittwoch<\/span><\/h4>\n<\/div>\n\n<div class=\"wp-block-image\">\n<figure class=\"aligncenter size-large is-resized\"><img loading=\"lazy\" decoding=\"async\" width=\"1200\" height=\"675\" src=\"https:\/\/wordpress.nibis.de\/gsbloneu\/files\/2020\/09\/IMG-20200924-WA0007-e1600952551836-1200x675.jpg\" alt=\"\" class=\"wp-image-498\" style=\"width:356px;height:199px\" srcset=\"https:\/\/wordpress.nibis.de\/gsbloneu\/files\/2020\/09\/IMG-20200924-WA0007-e1600952551836-1200x675.jpg 1200w, https:\/\/wordpress.nibis.de\/gsbloneu\/files\/2020\/09\/IMG-20200924-WA0007-e1600952551836-850x478.jpg 850w, https:\/\/wordpress.nibis.de\/gsbloneu\/files\/2020\/09\/IMG-20200924-WA0007-e1600952551836-250x141.jpg 250w\" sizes=\"auto, (max-width: 1200px) 100vw, 1200px\" \/><\/figure>\n<\/div>\n\n\n<p><\/p>\n\n\n\n<h3 class=\"wp-block-heading has-text-align-center has-blue-color has-text-color has-link-color wp-elements-e0bd1a5b63d4fcb583ad785e61800a12\"><strong>Gl\u00fccks-AG<\/strong><\/h3>\n\n\n\n<h4 class=\"wp-block-heading\"><strong>Zielgruppe:<\/strong> alle<br><strong>Inhalt:<\/strong> Wir begeben uns auf die Suche nach dem Gl\u00fcck. Willst du herausfinden, was dich und Andere gl\u00fccklich macht? In unserer Gl\u00fccks-AG gehen wir gemeinsam auf die Suche. Wir machen Yoga und Entspannungs\u00fcbungen, spielen gemeinsam Spiele, basteln Gl\u00fccksbringer, tanzen und entdecken, wie sch\u00f6n es ist, anderen eine Freude zu machen.<br><strong>Leitung:<\/strong> Frau Weber<br><strong>Ort:&nbsp;<\/strong>Klassenraum<br><strong>Zeit:<\/strong> Dienstag<\/h4>\n\n\n\n<figure class=\"wp-block-image size-full is-resized\"><img loading=\"lazy\" decoding=\"async\" width=\"591\" height=\"594\" src=\"https:\/\/wordpress.nibis.de\/gsbloneu\/files\/2025\/12\/Gluecks-AG.jpg\" alt=\"\" class=\"wp-image-1114\" style=\"width:591px;height:auto\" srcset=\"https:\/\/wordpress.nibis.de\/gsbloneu\/files\/2025\/12\/Gluecks-AG.jpg 591w, https:\/\/wordpress.nibis.de\/gsbloneu\/files\/2025\/12\/Gluecks-AG-100x101.jpg 100w\" sizes=\"auto, (max-width: 591px) 100vw, 591px\" \/><\/figure>\n\n\n\n<p><\/p>\n\n\n<h3 style=\"text-align: center\"><b><span style=\"color: #0000ff\"><span style=\"color: #000000\">Instrumenten-Karussell\u00a0<\/span><span style=\"color: #ff0000\">(Nicht im Sj. 2025\/26)<\/span>\u00a0<\/span><\/b><\/h3>\n<h4 style=\"text-align: left\"><span style=\"color: #333333\"><strong>Zielgruppe:<\/strong> Klasse 2 bis 4<\/span><br \/><span style=\"color: #333333\"><strong>Inhalt:\u00a0<\/strong>Du m\u00f6chtest\u00a0gerne das erste Spielen verschiedener Instrumente erlernen? Dann komm zu Frau Albers. Hier lernst du\u00a0kleinschrittig und erfolgreich das\u00a0Spielen verschiedener Instrumente. Entdecke den\u00a0Musiker in dir!<\/span><br \/><span style=\"color: #333333\"><strong>Leitung:<\/strong> Frau Albers<\/span><br \/><span style=\"color: #333333\"><strong>Ort:<\/strong> Klassenraum<\/span><br \/><span style=\"color: #333333\"><strong>Zeit:<\/strong> Montag<\/span><\/h4>\n\n<div class=\"wp-block-image\">\n<figure class=\"aligncenter size-large is-resized\"><img loading=\"lazy\" decoding=\"async\" width=\"1200\" height=\"675\" src=\"https:\/\/wordpress.nibis.de\/gsbloneu\/files\/2020\/10\/DSCN6040-1200x675.jpg\" alt=\"\" class=\"wp-image-589\" style=\"width:291px;height:163px\" srcset=\"https:\/\/wordpress.nibis.de\/gsbloneu\/files\/2020\/10\/DSCN6040-1200x675.jpg 1200w, https:\/\/wordpress.nibis.de\/gsbloneu\/files\/2020\/10\/DSCN6040-850x478.jpg 850w, https:\/\/wordpress.nibis.de\/gsbloneu\/files\/2020\/10\/DSCN6040-250x141.jpg 250w\" sizes=\"auto, (max-width: 1200px) 100vw, 1200px\" \/><\/figure>\n<\/div>\n\n<p>Stand: Dezember 2025<\/p>\n\n\n<p><\/p>\n","protected":false},"excerpt":{"rendered":"<p>Offenes Angebot im JUZ Zielgruppe: alleInhalt: Du findest kein passendes AG-Angebot oder du m\u00f6chtest einfach frei spielen, basteln und malen oder bei gutem Wetter \u00fcber den Spielplatz toben? Dann bist du bei uns im JUZ genau richtig.Leitung: AWO HoltriemOrt: in &hellip; <a href=\"https:\/\/wordpress.nibis.de\/gsbloneu\/angebote-ags\/\">Weiterlesen <span class=\"meta-nav\">&rarr;<\/span><\/a><\/p>\n","protected":false},"author":9192955,"featured_media":0,"parent":0,"menu_order":0,"comment_status":"closed","ping_status":"closed","template":"","meta":{"footnotes":""},"class_list":["post-271","page","type-page","status-publish","hentry"],"_links":{"self":[{"href":"https:\/\/wordpress.nibis.de\/gsbloneu\/wp-json\/wp\/v2\/pages\/271","targetHints":{"allow":["GET"]}}],"collection":[{"href":"https:\/\/wordpress.nibis.de\/gsbloneu\/wp-json\/wp\/v2\/pages"}],"about":[{"href":"https:\/\/wordpress.nibis.de\/gsbloneu\/wp-json\/wp\/v2\/types\/page"}],"author":[{"embeddable":true,"href":"https:\/\/wordpress.nibis.de\/gsbloneu\/wp-json\/wp\/v2\/users\/9192955"}],"replies":[{"embeddable":true,"href":"https:\/\/wordpress.nibis.de\/gsbloneu\/wp-json\/wp\/v2\/comments?post=271"}],"version-history":[{"count":15,"href":"https:\/\/wordpress.nibis.de\/gsbloneu\/wp-json\/wp\/v2\/pages\/271\/revisions"}],"predecessor-version":[{"id":1122,"href":"https:\/\/wordpress.nibis.de\/gsbloneu\/wp-json\/wp\/v2\/pages\/271\/revisions\/1122"}],"wp:attachment":[{"href":"https:\/\/wordpress.nibis.de\/gsbloneu\/wp-json\/wp\/v2\/media?parent=271"}],"curies":[{"name":"wp","href":"https:\/\/api.w.org\/{rel}","templated":true}]}}