{"id":67,"date":"2020-09-17T17:28:05","date_gmt":"2020-09-17T15:28:05","guid":{"rendered":"https:\/\/wordpress.nibis.de\/gsbloneu\/?page_id=67"},"modified":"2024-07-04T12:42:15","modified_gmt":"2024-07-04T10:42:15","slug":"foerderverein","status":"publish","type":"page","link":"https:\/\/wordpress.nibis.de\/gsbloneu\/foerderverein\/","title":{"rendered":"Unser F\u00f6rderverein"},"content":{"rendered":"<h4 style=\"text-align: left\"><span style=\"color: #333333\">Der \u201eF\u00f6rderverein der Grundschule Blomberg-Neuschoo e. V.\u201c unterst\u00fctzt unsere Arbeit finanziell, soweit eine Finanzierung \u00fcber den Schultr\u00e4ger bzw. die \u00f6ffentliche Hand nicht m\u00f6glich ist, und ideell durch Anregung von Elterninitiativen, aber nicht zuletzt auch durch t\u00e4tige Mithilfe u. a. bei verschiedenen Schulveranstaltungen.<\/span><br \/><span style=\"color: #333333\">Er ist gemeinn\u00fctzig; alle Mittel kommen den Kindern unserer Schule zugute. (siehe <a href=\"https:\/\/wordpress.nibis.de\/gsbloneu\/satzung-des-foerdervereins\/\">Satzung<\/a>)<\/span><\/h4>\n<p style=\"text-align: center\"><a href=\"https:\/\/wordpress.nibis.de\/gsbloneu\/wichtige-formulare-2\/\"><strong>Hier finden Sie die Unterlagen, um Mitglied zu werden.<\/strong><\/a><\/p>\n\n\n<p><\/p>\n\n\n\n<h2 class=\"has-text-align-center wp-block-heading\"><span class=\"has-inline-color has-blue-color\"><strong>Vorstand des F\u00f6rdervereins<\/strong><\/span><\/h2>\n\n\n<h4 style=\"text-align: left\">Auf der Mitgliederversammlung des F\u00f6rdervereins am 13.09.2023 wurde der Vorstand des F\u00f6rdervereins wie folgt neu gew\u00e4hlt: <br \/><br \/>a) Vorsitzende: Alena Steiger<br \/>b) Stellvertr.: Stefanie Voller<br \/>c) Schriftf\u00fchrerin: Antje Schoolmann<br \/>d) Kassiererin: Monique Steffens<br \/>e) Mitglied des Kollegiums: Julia Anders<br \/>f) Schulleiter: Alexander Kraft<br \/><br \/>(Stand: 13.09.2023)<\/h4>\n\n","protected":false},"excerpt":{"rendered":"<p>Der \u201eF\u00f6rderverein der Grundschule Blomberg-Neuschoo e. V.\u201c unterst\u00fctzt unsere Arbeit finanziell, soweit eine Finanzierung \u00fcber den Schultr\u00e4ger bzw. die \u00f6ffentliche Hand nicht m\u00f6glich ist, und ideell durch Anregung von Elterninitiativen, aber nicht zuletzt auch durch t\u00e4tige Mithilfe u. a. bei &hellip; <a href=\"https:\/\/wordpress.nibis.de\/gsbloneu\/foerderverein\/\">Weiterlesen <span class=\"meta-nav\">&rarr;<\/span><\/a><\/p>\n","protected":false},"author":9192955,"featured_media":0,"parent":0,"menu_order":0,"comment_status":"closed","ping_status":"closed","template":"","meta":{"footnotes":""},"class_list":["post-67","page","type-page","status-publish","hentry"],"_links":{"self":[{"href":"https:\/\/wordpress.nibis.de\/gsbloneu\/wp-json\/wp\/v2\/pages\/67","targetHints":{"allow":["GET"]}}],"collection":[{"href":"https:\/\/wordpress.nibis.de\/gsbloneu\/wp-json\/wp\/v2\/pages"}],"about":[{"href":"https:\/\/wordpress.nibis.de\/gsbloneu\/wp-json\/wp\/v2\/types\/page"}],"author":[{"embeddable":true,"href":"https:\/\/wordpress.nibis.de\/gsbloneu\/wp-json\/wp\/v2\/users\/9192955"}],"replies":[{"embeddable":true,"href":"https:\/\/wordpress.nibis.de\/gsbloneu\/wp-json\/wp\/v2\/comments?post=67"}],"version-history":[{"count":13,"href":"https:\/\/wordpress.nibis.de\/gsbloneu\/wp-json\/wp\/v2\/pages\/67\/revisions"}],"predecessor-version":[{"id":758,"href":"https:\/\/wordpress.nibis.de\/gsbloneu\/wp-json\/wp\/v2\/pages\/67\/revisions\/758"}],"wp:attachment":[{"href":"https:\/\/wordpress.nibis.de\/gsbloneu\/wp-json\/wp\/v2\/media?parent=67"}],"curies":[{"name":"wp","href":"https:\/\/api.w.org\/{rel}","templated":true}]}}