{"id":859,"date":"2024-08-13T15:19:09","date_gmt":"2024-08-13T13:19:09","guid":{"rendered":"https:\/\/wordpress.nibis.de\/gsbloneu\/?page_id=859"},"modified":"2025-07-02T08:39:19","modified_gmt":"2025-07-02T06:39:19","slug":"schuelerzeitung","status":"publish","type":"page","link":"https:\/\/wordpress.nibis.de\/gsbloneu\/schuelerzeitung\/","title":{"rendered":"Sch\u00fclerzeitung"},"content":{"rendered":"\n<p>Im Rahmen unseres Ganztagsbetriebes entsteht inzwischen halbj\u00e4hrlich das &#8222;BLO BLA&#8220; &#8211; unsere Sch\u00fclerzeitung. Viel Spa\u00df beim Lesen! <\/p>\n\n\n\n<p><strong>BLO-BLA Ausgabe 8 (Sommer 2024\/2025)<\/strong><\/p>\n\n\n\n<div data-wp-interactive=\"core\/file\" class=\"wp-block-file\"><object data-wp-bind--hidden=\"!state.hasPdfPreview\" hidden class=\"wp-block-file__embed\" data=\"https:\/\/wordpress.nibis.de\/gsbloneu\/files\/2025\/07\/BloBla-Sommer-2025.pdf\" type=\"application\/pdf\" style=\"width:100%;height:600px\" aria-label=\"Einbettung von Einbettung von BloBla Sommer 2025..\"><\/object><a id=\"wp-block-file--media-c333c6a7-d0ed-438a-872c-00fb0878a4b9\" href=\"https:\/\/wordpress.nibis.de\/gsbloneu\/files\/2025\/07\/BloBla-Sommer-2025.pdf\">BloBla Sommer 2025<\/a><a href=\"https:\/\/wordpress.nibis.de\/gsbloneu\/files\/2025\/07\/BloBla-Sommer-2025.pdf\" class=\"wp-block-file__button\" download aria-describedby=\"wp-block-file--media-c333c6a7-d0ed-438a-872c-00fb0878a4b9\">Herunterladen<\/a><\/div>\n\n\n\n<p><\/p>\n\n\n\n<p><strong>BLO-BLA Ausgabe 7 (Sommer 2023\/2024)<\/strong><\/p>\n\n\n\n<div data-wp-interactive=\"core\/file\" class=\"wp-block-file\"><object data-wp-bind--hidden=\"!state.hasPdfPreview\" hidden class=\"wp-block-file__embed\" data=\"https:\/\/wordpress.nibis.de\/gsbloneu\/files\/2024\/08\/BLO-BLA-Ausgabe7-Somme-23-24.pdf\" type=\"application\/pdf\" style=\"width:100%;height:600px\" aria-label=\"Einbettung von Einbettung von BLO-BLA-Ausgabe7-Somme-23-24..\"><\/object><a id=\"wp-block-file--media-1cdbf137-83c9-4030-afd8-a7e9b4219329\" href=\"https:\/\/wordpress.nibis.de\/gsbloneu\/files\/2024\/08\/BLO-BLA-Ausgabe7-Somme-23-24.pdf\">BLO-BLA-Ausgabe7-Somme-23-24<\/a><a href=\"https:\/\/wordpress.nibis.de\/gsbloneu\/files\/2024\/08\/BLO-BLA-Ausgabe7-Somme-23-24.pdf\" class=\"wp-block-file__button\" download aria-describedby=\"wp-block-file--media-1cdbf137-83c9-4030-afd8-a7e9b4219329\">Herunterladen<\/a><\/div>\n\n\n\n<p><\/p>\n\n\n\n<p><strong>BLO-BLA Ausgabe 5 (Winter 2023\/2024)<\/strong><\/p>\n\n\n\n<p><\/p>\n\n\n\n<p><strong>BLO-BLA Ausgabe 4 (Sommer 2022\/2023)<\/strong><\/p>\n\n\n\n<div data-wp-interactive=\"core\/file\" class=\"wp-block-file\"><object data-wp-bind--hidden=\"!state.hasPdfPreview\" hidden class=\"wp-block-file__embed\" data=\"https:\/\/wordpress.nibis.de\/gsbloneu\/files\/2024\/08\/BLO-BLA-Ausgabe4-Somme-22-23.pdf\" type=\"application\/pdf\" style=\"width:100%;height:600px\" aria-label=\"Einbettung von Einbettung von BLO-BLA-Ausgabe4-Somme-22-23..\"><\/object><a id=\"wp-block-file--media-b5f4d209-90fc-4e2d-88bf-658cee1caa22\" href=\"https:\/\/wordpress.nibis.de\/gsbloneu\/files\/2024\/08\/BLO-BLA-Ausgabe4-Somme-22-23.pdf\">BLO-BLA-Ausgabe4-Somme-22-23<\/a><a href=\"https:\/\/wordpress.nibis.de\/gsbloneu\/files\/2024\/08\/BLO-BLA-Ausgabe4-Somme-22-23.pdf\" class=\"wp-block-file__button\" download aria-describedby=\"wp-block-file--media-b5f4d209-90fc-4e2d-88bf-658cee1caa22\">Herunterladen<\/a><\/div>\n\n\n\n<p><strong>BLO-BLA Ausgabe 3 (Winter 2022\/2023)<\/strong><\/p>\n\n\n\n<div data-wp-interactive=\"core\/file\" class=\"wp-block-file\"><object data-wp-bind--hidden=\"!state.hasPdfPreview\" hidden class=\"wp-block-file__embed\" data=\"https:\/\/wordpress.nibis.de\/gsbloneu\/files\/2024\/08\/BLO-BLA-Ausgabe3-Winter-22-23.pdf\" type=\"application\/pdf\" style=\"width:100%;height:600px\" aria-label=\"Einbettung von Einbettung von BLO-BLA-Ausgabe3-Winter-22-23..\"><\/object><a id=\"wp-block-file--media-bbcf4961-758b-4cf4-8259-99fc9b1ead7b\" href=\"https:\/\/wordpress.nibis.de\/gsbloneu\/files\/2024\/08\/BLO-BLA-Ausgabe3-Winter-22-23.pdf\">BLO-BLA-Ausgabe3-Winter-22-23<\/a><a href=\"https:\/\/wordpress.nibis.de\/gsbloneu\/files\/2024\/08\/BLO-BLA-Ausgabe3-Winter-22-23.pdf\" class=\"wp-block-file__button\" download aria-describedby=\"wp-block-file--media-bbcf4961-758b-4cf4-8259-99fc9b1ead7b\">Herunterladen<\/a><\/div>\n\n\n\n<p><\/p>\n\n\n\n<p><strong>BLO-BLA Ausgabe 2 (Sommer 2021\/2022)<\/strong><\/p>\n\n\n\n<div data-wp-interactive=\"core\/file\" class=\"wp-block-file\"><object data-wp-bind--hidden=\"!state.hasPdfPreview\" hidden class=\"wp-block-file__embed\" data=\"https:\/\/wordpress.nibis.de\/gsbloneu\/files\/2024\/08\/BLO-BLA-Ausgabe2-Sommer-21-22.pdf\" type=\"application\/pdf\" style=\"width:100%;height:600px\" aria-label=\"Einbettung von Einbettung von BLO-BLA-Ausgabe2-Sommer-21-22..\"><\/object><a id=\"wp-block-file--media-e30a951a-c3ca-4cb4-a512-62a1708e8de0\" href=\"https:\/\/wordpress.nibis.de\/gsbloneu\/files\/2024\/08\/BLO-BLA-Ausgabe2-Sommer-21-22.pdf\">BLO-BLA-Ausgabe2-Sommer-21-22<\/a><a href=\"https:\/\/wordpress.nibis.de\/gsbloneu\/files\/2024\/08\/BLO-BLA-Ausgabe2-Sommer-21-22.pdf\" class=\"wp-block-file__button\" download aria-describedby=\"wp-block-file--media-e30a951a-c3ca-4cb4-a512-62a1708e8de0\">Herunterladen<\/a><\/div>\n\n\n\n<p><\/p>\n\n\n\n<p><strong>BLO-BLA Ausgabe 1 (Winter 2021\/2022)<\/strong><\/p>\n\n\n\n<div data-wp-interactive=\"core\/file\" class=\"wp-block-file\"><object data-wp-bind--hidden=\"!state.hasPdfPreview\" hidden class=\"wp-block-file__embed\" data=\"https:\/\/wordpress.nibis.de\/gsbloneu\/files\/2024\/08\/BLO-BLA-Ausgabe1-Winter-21-22.pdf\" type=\"application\/pdf\" style=\"width:100%;height:600px\" aria-label=\"Einbettung von Einbettung von BLO-BLA-Ausgabe1-Winter-21-22..\"><\/object><a id=\"wp-block-file--media-d57e67f3-83ac-4e71-a21c-9b4bca567cc1\" href=\"https:\/\/wordpress.nibis.de\/gsbloneu\/files\/2024\/08\/BLO-BLA-Ausgabe1-Winter-21-22.pdf\">BLO-BLA-Ausgabe1-Winter-21-22<\/a><a href=\"https:\/\/wordpress.nibis.de\/gsbloneu\/files\/2024\/08\/BLO-BLA-Ausgabe1-Winter-21-22.pdf\" class=\"wp-block-file__button\" download aria-describedby=\"wp-block-file--media-d57e67f3-83ac-4e71-a21c-9b4bca567cc1\">Herunterladen<\/a><\/div>\n","protected":false},"excerpt":{"rendered":"<p>Im Rahmen unseres Ganztagsbetriebes entsteht inzwischen halbj\u00e4hrlich das &#8222;BLO BLA&#8220; &#8211; unsere Sch\u00fclerzeitung. Viel Spa\u00df beim Lesen! BLO-BLA Ausgabe 8 (Sommer 2024\/2025) BLO-BLA Ausgabe 7 (Sommer 2023\/2024) BLO-BLA Ausgabe 5 (Winter 2023\/2024) BLO-BLA Ausgabe 4 (Sommer 2022\/2023) BLO-BLA Ausgabe 3 &hellip; <a href=\"https:\/\/wordpress.nibis.de\/gsbloneu\/schuelerzeitung\/\">Weiterlesen <span class=\"meta-nav\">&rarr;<\/span><\/a><\/p>\n","protected":false},"author":9192955,"featured_media":0,"parent":0,"menu_order":0,"comment_status":"closed","ping_status":"closed","template":"","meta":{"footnotes":""},"class_list":["post-859","page","type-page","status-publish","hentry"],"_links":{"self":[{"href":"https:\/\/wordpress.nibis.de\/gsbloneu\/wp-json\/wp\/v2\/pages\/859","targetHints":{"allow":["GET"]}}],"collection":[{"href":"https:\/\/wordpress.nibis.de\/gsbloneu\/wp-json\/wp\/v2\/pages"}],"about":[{"href":"https:\/\/wordpress.nibis.de\/gsbloneu\/wp-json\/wp\/v2\/types\/page"}],"author":[{"embeddable":true,"href":"https:\/\/wordpress.nibis.de\/gsbloneu\/wp-json\/wp\/v2\/users\/9192955"}],"replies":[{"embeddable":true,"href":"https:\/\/wordpress.nibis.de\/gsbloneu\/wp-json\/wp\/v2\/comments?post=859"}],"version-history":[{"count":4,"href":"https:\/\/wordpress.nibis.de\/gsbloneu\/wp-json\/wp\/v2\/pages\/859\/revisions"}],"predecessor-version":[{"id":970,"href":"https:\/\/wordpress.nibis.de\/gsbloneu\/wp-json\/wp\/v2\/pages\/859\/revisions\/970"}],"wp:attachment":[{"href":"https:\/\/wordpress.nibis.de\/gsbloneu\/wp-json\/wp\/v2\/media?parent=859"}],"curies":[{"name":"wp","href":"https:\/\/api.w.org\/{rel}","templated":true}]}}