{"id":315,"date":"2016-11-18T12:30:01","date_gmt":"2016-11-18T11:30:01","guid":{"rendered":"http:\/\/wordpress.nibis.de\/gsbuchholz\/?page_id=315"},"modified":"2025-12-11T15:37:02","modified_gmt":"2025-12-11T14:37:02","slug":"efk","status":"publish","type":"page","link":"https:\/\/wordpress.nibis.de\/gsbuchholz\/efk\/","title":{"rendered":"EFK"},"content":{"rendered":"<p><span style=\"font-size: 12pt\"><strong>Eltern- und F\u00f6rderkreis der Grundschule <\/strong><strong>Buchholz\/Aller e.V.<\/strong><\/span>\u00a0<\/p>\n<h1>Aktive Eltern f\u00fcr aktive Kinder<\/h1>\n<p>lautet seit 1995 das Motto des Eltern- und F\u00f6rderkreises (EFK) der Heinz-Heyder Grundschule Buchholz\/Aller e.V..<\/p>\n<p>Der Eltern- und F\u00f6rderkreis geht der Aufgabe nach Projekte, Materialien und Aktivit\u00e4ten im \u00a0Schulleben zu unterst\u00fctzen und zu f\u00f6rdern. Durch finanzielle und personelle Hilfe unterst\u00fctzt der EFK die Schule in ihrem Alltag und er\u00f6ffnet so neue M\u00f6glichkeiten.<\/p>\n<p><strong>Hier einige Beispiele f\u00fcr die Unterst\u00fctzung durch den EFK:<\/strong><\/p>\n<ul>\n<li>Mitfinanzierung des Schulplaners<\/li>\n<li>Unterst\u00fctzung von Projekten:<\/li>\n<li>Ackerschule<\/li>\n<li>Schulbauernhof<\/li>\n<li>F\u00f6rderung der Neugestaltung des Schulhofes<\/li>\n<li>Anschaffung von Lehrmitteln, Computer &amp; Fachliteratur<\/li>\n<li>Unterst\u00fctzung der Kursangebote in der Ganztagsbetreuung<\/li>\n<li>Catering bei der Schulfaschingsfeier und anderen Veranstaltungen<\/li>\n<li>Unterst\u00fctzung bei Klassenfahrten &amp; Ausfl\u00fcgen<\/li>\n<\/ul>\n<p>Der ehrenamtlich arbeitende Vorstand sowie aktive Eltern organisieren u.a. den Getr\u00e4nkeausschank am Einschulungstag, das Aufstellen der Verkehrswarnschilder zum Schulbeginn, gesundes Fr\u00fchst\u00fcck zum Schulfasching, Kaffee- und Kuchenverkauf bei Festen wie dem Dorfgemeinschaftsfest oder dem beliebten Gr\u00fcnhagen-Hoffest, die Verk\u00f6stigung bei der Schulweihnachtsfeier und vieles mehr.<\/p>\n<p>Die Erl\u00f6se aus diesen Veranstaltungen sowie die Mitgliedsbeitr\u00e4ge (Jahresbeitrag nur 13,\u2013 \u20ac) werden ohne Einschr\u00e4nkungen f\u00fcr die Belange der Kinder genutzt.<\/p>\n<p>Wer bei Internet-Eink\u00e4ufen \u00fcber die Seite\u00a0<a href=\"http:\/\/www.bildungsspender.de\/heinz-heyder-grundschule\"><strong>www.bildungsspender.de<\/strong><\/a>\u00a0zu seinem Shop geht, l\u00e4sst dem EFK auf diesem Weg ebenfalls eine Spende zukommen. Auf der Internetseite des Bildungsspenders ist die Heinz- Heyder- Grundschule \u00fcber die Postleitzahl 29690 zu finden.<\/p>\n<p>Jedes Mitglied hat auf der j\u00e4hrlich stattfindenden Hauptversammlung die M\u00f6glichkeit, auf die Ausgaben und Ma\u00dfnahmen des Vereins Einfluss zu nehmen.<\/p>\n<p><strong>Neue Ideen und helfende H\u00e4nde sind immer willkommen!<\/strong><\/p>\n<p><strong>Gerne kommen wir mit Ihnen\/Euch in Gespr\u00e4ch: <\/strong><\/p>\n<p><strong>pers\u00f6nlich oder per Mail an <\/strong><a href=\"&#109;&#x61;i&#x6c;t&#111;&#x3a;&#101;&#x66;k&#45;&#x67;&#114;&#x75;n&#x64;&#x73;&#99;&#x68;u&#x6c;e&#45;&#x62;&#117;&#x63;h&#104;&#x6f;&#108;&#x7a;-&#97;&#x6c;&#108;&#x65;r&#x40;&#x67;&#109;&#x78;&#46;&#x64;e\"><strong>efk-grundschule-buchholz&#45;&#97;&#108;&#108;&#101;&#114;&#64;&#103;&#109;&#120;&#46;&#100;&#101;<\/strong><\/a><\/p>\n<p>Noch kein Mitglied? Dann einfach Formular downloaden und in die Postmappe Ihres Kindes legen.<\/p>\n<p>Ihr\/Eurer EFK- Team<\/p>\n<p><a href=\"http:\/\/wordpress.nibis.de\/gsbuchholz\/files\/2019\/02\/EFK-Beitrittserkla\u0308rung.pdf\" target=\"_blank\" rel=\"noopener\">Beitrittserkl\u00e4rung<\/a><\/p>\n<p><a href=\"http:\/\/wordpress.nibis.de\/gsbuchholz\/files\/2019\/02\/EFK-SEPA-Mandat.pdf\" target=\"_blank\" rel=\"noopener\">SEPA-Lastschriftmandat<\/a><\/p>\n<table style=\"width: 100%\" width=\"585\">\n<tbody>\n<tr>\n<td style=\"width: 98.697068%\" width=\"196\">\n<p>1. Vorsitzende: Irene Derksen \u00a0 \u00a0 \u00a0 \u00a02. Vorsitzende: Sabrina Kr\u00fcger<\/p>\n<p>Kassenwartin: Sandra R\u00f6necke\u00a0\u00a0\u00a0 Schriftf\u00fchrerin: Corinna Meinheit<\/p>\n<\/td>\n<td style=\"width: 1.628664%\" width=\"159\">\u00a0<\/td>\n<td style=\"width: 32.084691%\" width=\"167\">\u00a0<\/td>\n<\/tr>\n<\/tbody>\n<\/table>\n\n","protected":false},"excerpt":{"rendered":"<p>Eltern- und F\u00f6rderkreis der Grundschule Buchholz\/Aller e.V.\u00a0 Aktive Eltern f\u00fcr aktive Kinder lautet seit 1995 das Motto des Eltern- und F\u00f6rderkreises (EFK) der Heinz-Heyder Grundschule Buchholz\/Aller e.V.. Der Eltern- und F\u00f6rderkreis geht der Aufgabe nach Projekte, Materialien und Aktivit\u00e4ten im &hellip; <a href=\"https:\/\/wordpress.nibis.de\/gsbuchholz\/efk\/\">Weiterlesen <span class=\"meta-nav\">&rarr;<\/span><\/a><\/p>\n","protected":false},"author":1199,"featured_media":0,"parent":0,"menu_order":0,"comment_status":"closed","ping_status":"closed","template":"","meta":{"footnotes":""},"class_list":["post-315","page","type-page","status-publish","hentry"],"_links":{"self":[{"href":"https:\/\/wordpress.nibis.de\/gsbuchholz\/wp-json\/wp\/v2\/pages\/315","targetHints":{"allow":["GET"]}}],"collection":[{"href":"https:\/\/wordpress.nibis.de\/gsbuchholz\/wp-json\/wp\/v2\/pages"}],"about":[{"href":"https:\/\/wordpress.nibis.de\/gsbuchholz\/wp-json\/wp\/v2\/types\/page"}],"author":[{"embeddable":true,"href":"https:\/\/wordpress.nibis.de\/gsbuchholz\/wp-json\/wp\/v2\/users\/1199"}],"replies":[{"embeddable":true,"href":"https:\/\/wordpress.nibis.de\/gsbuchholz\/wp-json\/wp\/v2\/comments?post=315"}],"version-history":[{"count":26,"href":"https:\/\/wordpress.nibis.de\/gsbuchholz\/wp-json\/wp\/v2\/pages\/315\/revisions"}],"predecessor-version":[{"id":1421,"href":"https:\/\/wordpress.nibis.de\/gsbuchholz\/wp-json\/wp\/v2\/pages\/315\/revisions\/1421"}],"wp:attachment":[{"href":"https:\/\/wordpress.nibis.de\/gsbuchholz\/wp-json\/wp\/v2\/media?parent=315"}],"curies":[{"name":"wp","href":"https:\/\/api.w.org\/{rel}","templated":true}]}}