{"id":24,"date":"2019-02-06T09:53:00","date_gmt":"2019-02-06T08:53:00","guid":{"rendered":"https:\/\/wordpress.nibis.de\/gscalberlah\/?page_id=24"},"modified":"2024-12-12T13:01:41","modified_gmt":"2024-12-12T12:01:41","slug":"foerderverein","status":"publish","type":"page","link":"https:\/\/wordpress.nibis.de\/gscalberlah\/foerderverein\/","title":{"rendered":"F\u00f6rderverein"},"content":{"rendered":"<h1><span style=\"color: #ff6600\"><strong>F\u00f6rderverein der Grundschule Calberlah<\/strong><\/span><img loading=\"lazy\" decoding=\"async\" class=\"size-full wp-image-4133 alignright\" src=\"https:\/\/wordpress.nibis.de\/gscalberlah\/files\/2022\/12\/LogoFVGSC.png\" alt=\"\" width=\"181\" height=\"131\" \/><\/h1>\n<h2>Weihnachtsgru\u00df zum Jahresende 2024<\/h2>\n<figure class=\"wp-block-embed wp-block-embed-youtube is-type-video is-provider-youtube epyt-figure\"><div class=\"wp-block-embed__wrapper\"><iframe loading=\"lazy\"  id=\"_ytid_24330\"  width=\"600\" height=\"338\"  data-origwidth=\"600\" data-origheight=\"338\" src=\"https:\/\/www.youtube.com\/embed\/Qql8NnVSqRg?enablejsapi=1&autoplay=0&cc_load_policy=0&cc_lang_pref=&iv_load_policy=1&loop=0&rel=1&fs=1&playsinline=0&autohide=2&theme=dark&color=red&controls=1&disablekb=0&\" class=\"__youtube_prefs__  no-lazyload\" title=\"YouTube player\"  allow=\"fullscreen; accelerometer; autoplay; clipboard-write; encrypted-media; gyroscope; picture-in-picture; web-share\" referrerpolicy=\"strict-origin-when-cross-origin\" allowfullscreen data-no-lazy=\"1\" data-skipgform_ajax_framebjll=\"\"><\/iframe><\/div><\/figure>\n<p>Herzlichen Dank an Nora, Hedy, Milan, Len und Henry f\u00fcr das Einsprechen der Texte!<\/p>\n<h2>Was sind wir? Was machen wir?<\/h2>\n<p>Wir sind ein gemeinn\u00fctziger Verein, der die Grundschule Calberlah und ihre Sch\u00fclerinnen und Sch\u00fcler mit Rat, Tat und finanzieller Unterst\u00fctzung f\u00f6rdert.<br \/>\nUnser besonderes Anliegen ist es au\u00dferdem, bed\u00fcrftigen Sch\u00fclerinnen und Sch\u00fclern die Teilnahme an Klassenfahrten und anderen schulischen Veranstaltungen zu erm\u00f6glichen.<\/p>\n<p>M\u00f6chten Sie mehr \u00fcber unsere Arbeit erfahren? Sprechen Sie uns gerne an \u2013 wir freuen uns \u00fcber Ihre Anregungen und W\u00fcnsche!<\/p>\n<p>Durch Anschaffungen und die (Teil-)Finanzierung von Projekten tragen wir in enger Zusammenarbeit mit der Schule dazu bei, den Schulalltag noch vielf\u00e4ltiger, spannender und anregender zu gestalten.<\/p>\n<p><strong>2024<\/strong><\/p>\n<ul>\n<li>Schallschutzsofa<\/li>\n<li>Geh\u00f6rschutz<\/li>\n<li>Sitzkissen<\/li>\n<li>Kickertische<\/li>\n<li>Teilfinanzierung des Weihnachtstheaters<\/li>\n<\/ul>\n<p><strong>2023<\/strong><\/p>\n<ul>\n<li>Zirkusprojekt<\/li>\n<li>Teilfinanzierung ja-nein-stop-Theater<\/li>\n<\/ul>\n<p><strong>\u00a02022\u00a0<\/strong><\/p>\n<ul>\n<li>Zusch\u00fcsse f\u00fcr Klassenfahrten,<\/li>\n<li>Autorenlesung (Kai Pannen),<\/li>\n<li>Anschaffung von Chiffon-T\u00fccher und Pompons,<\/li>\n<li>Schulmaterialien als Starthilfe f\u00fcr ukrainische Kinder,<\/li>\n<li>Anschaffung des Schlagzeugs f\u00fcr die Schulband,<\/li>\n<li>Zuschuss f\u00fcr die Jahrb\u00fccher der 4. Klassen.<\/li>\n<\/ul>\n<p>Hier sind einige Bespiele, die wir in der Vergangenheit unterst\u00fctzt haben:<\/p>\n<ul>\n<li>Spuckschutz f\u00fcr den Verkauf von Lebensmitteln bei Schulveranstaltungen<\/li>\n<li>Seilschaukel f\u00fcr den Schulhof<\/li>\n<li>Schulhofgestaltung<\/li>\n<li>Zirkusprojekt<\/li>\n<\/ul>\n<p>Zudem helfen wir bed\u00fcrftigen Sch\u00fclerinnen und Sch\u00fclern, um deren Teilnahme an Klassenfahrten und anderen schulischen Veranstaltungen zu erm\u00f6glichen.<\/p>\n<p>Wenn Sie mehr \u00fcber unsere Arbeit wissen wollen, sprechen Sie uns einfach an. Wir freuen uns auf Ihre Anregungen und W\u00fcnsche!<\/p>\n<h2>Unser Kontakt<\/h2>\n<p>Sie erreichen uns \u00fcber unsere Kontaktadresse<\/p>\n<p><strong>F\u00f6rderverein der Grundschule Calberlah e.V.<\/strong><br \/>\nAn der Sporthalle 1<br \/>\n38547 Calberlah<\/p>\n<p>Oder mit einer E-Mail:<br \/>\nFoerderverein @ gs-calberlah.de<\/p>\n<h2>Unsere Beitrittserkl\u00e4rung<\/h2>\n<p><a href=\"https:\/\/wordpress.nibis.de\/gscalberlah\/files\/2024\/05\/Foerderverein_Flyer_2024.pdf\">Beitritt-F\u00f6rderverein-2024<\/a><\/p>\n<h2>Unsere Satzung<\/h2>\n<p><a href=\"https:\/\/wordpress.nibis.de\/gscalberlah\/files\/2021\/09\/Satzung-Foerderverein-2021.pdf\" target=\"_blank\" rel=\"noopener\">Satzung-F\u00f6rderverein-2021<\/a><\/p>\n<hr \/>\n<p>ARCHIV<\/p>\n<h2>Weihnachtsgru\u00df zum Jahresende 2023<\/h2>\n<figure class=\"wp-block-embed wp-block-embed-youtube is-type-video is-provider-youtube epyt-figure\"><div class=\"wp-block-embed__wrapper\"><iframe loading=\"lazy\"  id=\"_ytid_98742\"  width=\"600\" height=\"338\"  data-origwidth=\"600\" data-origheight=\"338\" src=\"https:\/\/www.youtube.com\/embed\/PV1edJ5VTVI?enablejsapi=1&autoplay=0&cc_load_policy=0&cc_lang_pref=&iv_load_policy=1&loop=0&rel=1&fs=1&playsinline=0&autohide=2&theme=dark&color=red&controls=1&disablekb=0&\" class=\"__youtube_prefs__  no-lazyload\" title=\"YouTube player\"  allow=\"fullscreen; accelerometer; autoplay; clipboard-write; encrypted-media; gyroscope; picture-in-picture; web-share\" referrerpolicy=\"strict-origin-when-cross-origin\" allowfullscreen data-no-lazy=\"1\" data-skipgform_ajax_framebjll=\"\"><\/iframe><\/div><\/figure>\n","protected":false},"excerpt":{"rendered":"<p>F\u00f6rderverein der Grundschule Calberlah Weihnachtsgru\u00df zum Jahresende 2024 Herzlichen Dank an Nora, Hedy, Milan, Len und Henry f\u00fcr das Einsprechen der Texte! Was sind wir? Was machen wir? Wir sind ein gemeinn\u00fctziger Verein, der die Grundschule Calberlah und ihre Sch\u00fclerinnen und Sch\u00fcler mit Rat, Tat und finanzieller Unterst\u00fctzung f\u00f6rdert. Unser besonderes Anliegen ist es au\u00dferdem, [&hellip;]<\/p>\n","protected":false},"author":9192886,"featured_media":0,"parent":0,"menu_order":0,"comment_status":"closed","ping_status":"closed","template":"","meta":{"footnotes":""},"class_list":["post-24","page","type-page","status-publish","hentry"],"_links":{"self":[{"href":"https:\/\/wordpress.nibis.de\/gscalberlah\/wp-json\/wp\/v2\/pages\/24","targetHints":{"allow":["GET"]}}],"collection":[{"href":"https:\/\/wordpress.nibis.de\/gscalberlah\/wp-json\/wp\/v2\/pages"}],"about":[{"href":"https:\/\/wordpress.nibis.de\/gscalberlah\/wp-json\/wp\/v2\/types\/page"}],"author":[{"embeddable":true,"href":"https:\/\/wordpress.nibis.de\/gscalberlah\/wp-json\/wp\/v2\/users\/9192886"}],"replies":[{"embeddable":true,"href":"https:\/\/wordpress.nibis.de\/gscalberlah\/wp-json\/wp\/v2\/comments?post=24"}],"version-history":[{"count":29,"href":"https:\/\/wordpress.nibis.de\/gscalberlah\/wp-json\/wp\/v2\/pages\/24\/revisions"}],"predecessor-version":[{"id":5410,"href":"https:\/\/wordpress.nibis.de\/gscalberlah\/wp-json\/wp\/v2\/pages\/24\/revisions\/5410"}],"wp:attachment":[{"href":"https:\/\/wordpress.nibis.de\/gscalberlah\/wp-json\/wp\/v2\/media?parent=24"}],"curies":[{"name":"wp","href":"https:\/\/api.w.org\/{rel}","templated":true}]}}