{"id":331,"date":"2019-02-26T10:46:37","date_gmt":"2019-02-26T09:46:37","guid":{"rendered":"https:\/\/wordpress.nibis.de\/gscalberlah\/?page_id=331"},"modified":"2024-03-03T20:35:43","modified_gmt":"2024-03-03T19:35:43","slug":"beitraege-von-schuelern","status":"publish","type":"page","link":"https:\/\/wordpress.nibis.de\/gscalberlah\/informationen\/beitraege-von-schuelern\/","title":{"rendered":"Beitr\u00e4ge von Sch\u00fclern"},"content":{"rendered":"<p>Rosenmontag 2024<\/p>\n<p><span data-contrast=\"auto\">Wir haben in der Schule Fasching gefeiert. Ich war als Leopard verkleidet. Manche Kinder waren witzig verkleidet.<\/span><span data-contrast=\"auto\">Danach haben wir ein R\u00e4uberbuffet gemacht. Ich hatte auf meinem Spie\u00df eine Mozzarella-Kugel, zwei Brote und zwei Tomaten. Dazu habe ich Apfelschorle getrunken. <\/span><br \/>\n<span data-contrast=\"auto\">Dann haben wir Stopp-Tanz gespielt und coole Musik geh\u00f6rt. Ich bin manchmal rausgeflogen. Anschlie\u00dfend haben wir mit Partnern und einem Luftballon auf verschiedene Arten getanzt: Zum Beispiel haben wir den Luftballon nur mit dem R\u00fccken, dem Po oder der Stirn gehalten.\u00a0\u00a0\u00a0\u00a0\u00a0\u00a0\u00a0\u00a0 <\/span><br \/>\n<span data-contrast=\"auto\">\u00a0\u00a0\u00a0\u00a0\u00a0\u00a0\u00a0\u00a0\u00a0\u00a0\u00a0\u00a0\u00a0\u00a0\u00a0\u00a0\u00a0\u00a0\u00a0\u00a0\u00a0\u00a0\u00a0\u00a0\u00a0\u00a0\u00a0\u00a0\u00a0\u00a0\u00a0\u00a0\u00a0\u00a0\u00a0\u00a0\u00a0\u00a0\u00a0\u00a0\u00a0\u00a0\u00a0\u00a0\u00a0\u00a0\u00a0\u00a0\u00a0\u00a0\u00a0\u00a0\u00a0\u00a0\u00a0\u00a0\u00a0\u00a0\u00a0\u00a0\u00a0\u00a0\u00a0\u00a0\u00a0\u00a0\u00a0\u00a0\u00a0\u00a0\u00a0\u00a0\u00a0\u00a0\u00a0\u00a0\u00a0\u00a0\u00a0\u00a0\u00a0\u00a0\u00a0\u00a0\u00a0\u00a0\u00a0\u00a0\u00a0\u00a0\u00a0\u00a0\u00a0\u00a0\u00a0\u00a0\u00a0\u00a0\u00a0\u00a0\u00a0\u00a0\u00a0\u00a0\u00a0\u00a0\u00a0\u00a0\u00a0\u00a0\u00a0\u00a0\u00a0\u00a0\u00a0\u00a0\u00a0\u00a0\u00a0\u00a0\u00a0\u00a0\u00a0\u00a0\u00a0\u00a0\u00a0\u00a0\u00a0\u00a0\u00a0\u00a0\u00a0\u00a0\u00a0\u00a0\u00a0\u00a0\u00a0\u00a0\u00a0\u00a0\u00a0\u00a0\u00a0\u00a0\u00a0\u00a0\u00a0\u00a0\u00a0\u00a0\u00a0\u00a0\u00a0\u00a0\u00a0\u00a0\u00a0\u00a0 \u00a0 \u00a0 \u00a0 \u00a0 \u00a0\u00a0 <em>Milana<\/em><\/span><em> 3b<\/em><\/p>\n<p><span data-ccp-props=\"{}\">\u00a0<\/span><\/p>\n<p><span data-contrast=\"auto\">Wir haben in der Schule Fasching gefeiert. Ich war als ich selbst verkleidet. Zuerst haben wir unsere Kost\u00fcme vorgestellt. Danach haben wir vom Buffet gegessen, f\u00fcr das wir alle etwas mitgebracht haben. <\/span><br \/>\n<span data-contrast=\"auto\">Dann haben wir Spiele gespielt. Am meisten hat mir Zublinzeln gefallen.<\/span><br \/>\n<span data-contrast=\"auto\">Nun haben wir die S\u00fc\u00dfigkeiten gegessen. Jetzt kam eine Polonaise in die Klasse und wir haben uns hinten angeh\u00e4ngt. Dann war der Schultag auch schon fast vorbei und wir haben eine Party gemacht. Zum Schluss hat Frau Wermke S\u00fc\u00dfigkeiten von oben geworfen, das nennen wir S\u00fc\u00dfigkeitenregen.<\/span><br \/>\n<span data-contrast=\"auto\">\u00a0\u00a0\u00a0\u00a0\u00a0\u00a0\u00a0\u00a0\u00a0\u00a0\u00a0\u00a0\u00a0\u00a0\u00a0\u00a0\u00a0\u00a0\u00a0\u00a0\u00a0\u00a0\u00a0\u00a0\u00a0\u00a0\u00a0\u00a0\u00a0\u00a0\u00a0\u00a0\u00a0\u00a0\u00a0\u00a0\u00a0\u00a0\u00a0\u00a0\u00a0\u00a0\u00a0\u00a0\u00a0\u00a0\u00a0\u00a0\u00a0\u00a0\u00a0\u00a0\u00a0\u00a0\u00a0\u00a0\u00a0\u00a0\u00a0\u00a0\u00a0\u00a0\u00a0\u00a0\u00a0\u00a0\u00a0\u00a0\u00a0\u00a0\u00a0\u00a0\u00a0\u00a0\u00a0\u00a0\u00a0\u00a0\u00a0\u00a0\u00a0\u00a0\u00a0\u00a0\u00a0\u00a0\u00a0\u00a0\u00a0\u00a0\u00a0\u00a0\u00a0\u00a0\u00a0\u00a0\u00a0\u00a0\u00a0\u00a0\u00a0\u00a0\u00a0\u00a0\u00a0\u00a0\u00a0\u00a0\u00a0\u00a0\u00a0\u00a0\u00a0\u00a0\u00a0\u00a0\u00a0\u00a0\u00a0\u00a0\u00a0\u00a0\u00a0\u00a0\u00a0\u00a0\u00a0\u00a0\u00a0\u00a0\u00a0\u00a0\u00a0\u00a0\u00a0\u00a0\u00a0\u00a0\u00a0\u00a0\u00a0\u00a0\u00a0\u00a0\u00a0\u00a0\u00a0\u00a0\u00a0\u00a0\u00a0\u00a0\u00a0\u00a0\u00a0\u00a0\u00a0\u00a0\u00a0\u00a0\u00a0\u00a0\u00a0\u00a0\u00a0\u00a0\u00a0\u00a0\u00a0\u00a0\u00a0\u00a0 <em>Kuba 3b<\/em> \u00a0\u00a0\u00a0\u00a0\u00a0\u00a0\u00a0\u00a0\u00a0\u00a0\u00a0\u00a0\u00a0\u00a0\u00a0\u00a0\u00a0\u00a0\u00a0\u00a0\u00a0\u00a0\u00a0 <\/span><br \/>\n<span data-ccp-props=\"{}\">\u00a0<\/span><\/p>\n<p><span data-ccp-props=\"{}\">\u00a0<\/span><\/p>\n","protected":false},"excerpt":{"rendered":"<p>Rosenmontag 2024 Wir haben in der Schule Fasching gefeiert. Ich war als Leopard verkleidet. Manche Kinder waren witzig verkleidet.Danach haben wir ein R\u00e4uberbuffet gemacht. Ich hatte auf meinem Spie\u00df eine Mozzarella-Kugel, zwei Brote und zwei Tomaten. Dazu habe ich Apfelschorle getrunken. Dann haben wir Stopp-Tanz gespielt und coole Musik geh\u00f6rt. Ich bin manchmal rausgeflogen. Anschlie\u00dfend [&hellip;]<\/p>\n","protected":false},"author":9192886,"featured_media":0,"parent":12,"menu_order":0,"comment_status":"closed","ping_status":"closed","template":"","meta":{"footnotes":""},"class_list":["post-331","page","type-page","status-publish","hentry"],"_links":{"self":[{"href":"https:\/\/wordpress.nibis.de\/gscalberlah\/wp-json\/wp\/v2\/pages\/331","targetHints":{"allow":["GET"]}}],"collection":[{"href":"https:\/\/wordpress.nibis.de\/gscalberlah\/wp-json\/wp\/v2\/pages"}],"about":[{"href":"https:\/\/wordpress.nibis.de\/gscalberlah\/wp-json\/wp\/v2\/types\/page"}],"author":[{"embeddable":true,"href":"https:\/\/wordpress.nibis.de\/gscalberlah\/wp-json\/wp\/v2\/users\/9192886"}],"replies":[{"embeddable":true,"href":"https:\/\/wordpress.nibis.de\/gscalberlah\/wp-json\/wp\/v2\/comments?post=331"}],"version-history":[{"count":23,"href":"https:\/\/wordpress.nibis.de\/gscalberlah\/wp-json\/wp\/v2\/pages\/331\/revisions"}],"predecessor-version":[{"id":5029,"href":"https:\/\/wordpress.nibis.de\/gscalberlah\/wp-json\/wp\/v2\/pages\/331\/revisions\/5029"}],"up":[{"embeddable":true,"href":"https:\/\/wordpress.nibis.de\/gscalberlah\/wp-json\/wp\/v2\/pages\/12"}],"wp:attachment":[{"href":"https:\/\/wordpress.nibis.de\/gscalberlah\/wp-json\/wp\/v2\/media?parent=331"}],"curies":[{"name":"wp","href":"https:\/\/api.w.org\/{rel}","templated":true}]}}