{"id":1489,"date":"2026-01-14T17:21:32","date_gmt":"2026-01-14T16:21:32","guid":{"rendered":"https:\/\/wordpress.nibis.de\/gsdrueber\/?page_id=1489"},"modified":"2026-01-14T17:22:35","modified_gmt":"2026-01-14T16:22:35","slug":"lesen-macht-stark","status":"publish","type":"page","link":"https:\/\/wordpress.nibis.de\/gsdrueber\/?page_id=1489","title":{"rendered":"Lesen macht stark"},"content":{"rendered":"\n<p>Das Landesprogramm \u201eLesen macht stark Niedersachsen\u201c (LMS) verfolgt das Ziel, die Lesekompetenzen der Sch\u00fclerinnen und Sch\u00fcler an nieders\u00e4chsischen Schulen durch eine systematische, durchg\u00e4ngige und langfristige Lesef\u00f6rderung zu verbessern und den Anteil schwacher Leserinnen und Leser zu reduzieren.<\/p>\n<p>Unsere Schule bildet zwei Lesecoaches aus (aktuell Frau B\u00f6ker und Frau Kitzmann), die ihr Wissen ans Kollegium und weitere Jahrg\u00e4nge weitergeben.\u00a0<\/p>\n<p>Unterst\u00fctzt werden sie vom Zauberer Milo und seiner Maus Rosi, welche eine motivierende Rahmengeschichte f\u00fcr die F\u00f6rderung darstellen.\u00a0<\/p>\n<p>Das daf\u00fcr zur Verf\u00fcgung gestellte Material ist f\u00fcr die Sch\u00fcler\/innen vollst\u00e4ndig kostenlos.\u00a0<\/p>\n<p>\u00a0<\/p>\n<p>\u00a0<\/p>\n","protected":false},"excerpt":{"rendered":"<p>Das Landesprogramm \u201eLesen macht stark Niedersachsen\u201c (LMS) verfolgt das Ziel, die Lesekompetenzen der Sch\u00fclerinnen und Sch\u00fcler an nieders\u00e4chsischen Schulen durch eine systematische, durchg\u00e4ngige und langfristige Lesef\u00f6rderung zu verbessern und den Anteil schwacher Leserinnen und Leser zu reduzieren. Unsere Schule bildet zwei Lesecoaches aus (aktuell Frau B\u00f6ker und Frau Kitzmann), die ihr Wissen ans Kollegium und [&hellip;]<\/p>\n","protected":false},"author":1035,"featured_media":1490,"parent":0,"menu_order":0,"comment_status":"closed","ping_status":"closed","template":"","meta":{"footnotes":""},"class_list":["post-1489","page","type-page","status-publish","has-post-thumbnail","hentry"],"_links":{"self":[{"href":"https:\/\/wordpress.nibis.de\/gsdrueber\/index.php?rest_route=\/wp\/v2\/pages\/1489","targetHints":{"allow":["GET"]}}],"collection":[{"href":"https:\/\/wordpress.nibis.de\/gsdrueber\/index.php?rest_route=\/wp\/v2\/pages"}],"about":[{"href":"https:\/\/wordpress.nibis.de\/gsdrueber\/index.php?rest_route=\/wp\/v2\/types\/page"}],"author":[{"embeddable":true,"href":"https:\/\/wordpress.nibis.de\/gsdrueber\/index.php?rest_route=\/wp\/v2\/users\/1035"}],"replies":[{"embeddable":true,"href":"https:\/\/wordpress.nibis.de\/gsdrueber\/index.php?rest_route=%2Fwp%2Fv2%2Fcomments&post=1489"}],"version-history":[{"count":2,"href":"https:\/\/wordpress.nibis.de\/gsdrueber\/index.php?rest_route=\/wp\/v2\/pages\/1489\/revisions"}],"predecessor-version":[{"id":1495,"href":"https:\/\/wordpress.nibis.de\/gsdrueber\/index.php?rest_route=\/wp\/v2\/pages\/1489\/revisions\/1495"}],"wp:featuredmedia":[{"embeddable":true,"href":"https:\/\/wordpress.nibis.de\/gsdrueber\/index.php?rest_route=\/wp\/v2\/media\/1490"}],"wp:attachment":[{"href":"https:\/\/wordpress.nibis.de\/gsdrueber\/index.php?rest_route=%2Fwp%2Fv2%2Fmedia&parent=1489"}],"curies":[{"name":"wp","href":"https:\/\/api.w.org\/{rel}","templated":true}]}}