{"id":264,"date":"2018-10-17T09:33:49","date_gmt":"2018-10-17T07:33:49","guid":{"rendered":"http:\/\/wordpress.nibis.de\/gsdrueber\/?page_id=264"},"modified":"2026-05-05T16:49:55","modified_gmt":"2026-05-05T14:49:55","slug":"musikalische-grundschule","status":"publish","type":"page","link":"https:\/\/wordpress.nibis.de\/gsdrueber\/?page_id=264","title":{"rendered":"Musikalische Grundschule"},"content":{"rendered":"\n<p><span style=\"margin: 0px;line-height: 115%;font-family: 'Comic Sans MS';font-size: 11pt\">&nbsp;<\/span><\/p>\n\n\n\n<ul class=\"wp-block-list\">\n<li style=\"font-style:normal;font-weight:400\"><span style=\"margin: 0px;line-height: 115%;font-family: 'Comic Sans MS';font-size: 11pt\">Die <b>Musikalische Grundschule <\/b>ist ein Schulentwicklungsprojekt des Nieders\u00e4chsischen Kultusministeriums<\/span><\/li>\n\n\n\n<li style=\"font-style:normal;font-weight:400\"><span style=\"margin: 0px;line-height: 115%;font-family: 'Comic Sans MS';font-size: 11pt\">Seit 2012 ist die Musikalische Grundschule auch in Niedersachsen ein Projekt f\u00fcr GS<\/span><\/li>\n\n\n\n<li style=\"font-style:normal;font-weight:400\"><span style=\"margin: 0px;line-height: 115%;font-family: 'Comic Sans MS';font-size: 11pt\">Momentan gibt es <b>rund 80 Musikalische Grundschulen in Niedersachsen<\/b> <\/span><\/li>\n\n\n\n<li style=\"font-style:normal;font-weight:400\"><span style=\"margin: 0px;line-height: 115%;font-family: 'Comic Sans MS';font-size: 11pt\">GS Dr\u00fcber nimmt seit dem Schuljahr <strong>2017\/18<\/strong> (April 18) am Projekt teil<\/span><\/li>\n\n\n\n<li style=\"font-style:normal;font-weight:400\"><span style=\"margin: 0px;line-height: 115%;font-family: 'Comic Sans MS';font-size: 11pt\">Musik wird als Medium und Motor f\u00fcr einen ganzheitlichen Schulentwicklungsprozess genutzt &nbsp;<\/span><\/li>\n\n\n\n<li style=\"font-style:normal;font-weight:400\"><span style=\"margin: 0px;line-height: 115%;font-family: 'Comic Sans MS';font-size: 11pt\">Eine <b>Musikalische Grundschule <\/b>soll <u>alle<\/u> Kinder darin unterst\u00fctzen, mit anderen zu singen, zu musizieren, aber auch Kl\u00e4nge, Ger\u00e4usche und Stille<b> <\/b>bewusst wahrzunehmen, ein Instrument f\u00fcr sich zu entdecken, zuh\u00f6ren zu lernen und spielerisch experimentell mit T\u00f6nen und Alltagsger\u00e4uschen umzugehen<\/span><\/li>\n\n\n\n<li style=\"font-style:normal;font-weight:400\"><span style=\"margin: 0px;line-height: 115%;font-family: 'Comic Sans MS';font-size: 11pt\">So k\u00f6nnen Kinder den Rhythmus in Sprache und Musik entdecken, Zahlenspiele musikalisch umsetzen, Farben zu T\u00f6nen machen, gemeinsam an Klang-Installationen bauen etc.<\/span><\/li>\n\n\n\n<li style=\"font-style:normal;font-weight:400\"><span style=\"margin: 0px;line-height: 115%;font-family: 'Comic Sans MS';font-size: 11pt\">Ausbildung der Musikkoordinatoren in 5 Modulen<\/span><\/li>\n\n\n\n<li style=\"font-style:normal;font-weight:400\"><span style=\"margin: 0px;line-height: 115%;font-family: 'Comic Sans MS';font-size: 11pt\">Koordinatoren schreiben w\u00e4hrend der Projektzeit ein Konzept zur Umsetzung speziell f\u00fcr die eigene Schule<\/span><\/li>\n\n\n\n<li style=\"font-style:normal;font-weight:400\"><span style=\"margin: 0px;line-height: 115%;font-family: 'Comic Sans MS';font-size: 11pt\">Schulleitung ist in Abl\u00e4ufe eingebunden<\/span><\/li>\n\n\n\n<li style=\"font-style:normal;font-weight:400\"><span style=\"margin: 0px;line-height: 115%;font-family: 'Comic Sans MS';font-size: 11pt\">Themen: Musik und Schulentwicklung durch Musik <\/span><\/li>\n\n\n\n<li style=\"font-style:normal;font-weight:400\"><span style=\"margin: 0px;line-height: 115%;font-family: 'Comic Sans MS';font-size: 11pt\">Gemeinsam tragen die Koordinatoren das Erlernte in die Schule (Multiplikatoren)<\/span><\/li>\n\n\n\n<li style=\"font-style:normal;font-weight:400\"><span style=\"margin: 0px;line-height: 115%;font-family: 'Comic Sans MS';font-size: 11pt\"><span style=\"margin: 0px;line-height: 115%;font-family: 'Comic Sans MS';font-size: 11pt\">Das Projekt ist in das Schulprogramm integriert und unsere Schule zertifiziert worden<\/span><\/span>.<br><\/li>\n<\/ul>\n\n\n\n<figure class=\"wp-block-gallery has-nested-images columns-5 is-cropped wp-block-gallery-1 is-layout-flex wp-block-gallery-is-layout-flex\">\n<figure class=\"wp-block-image size-large\"><img loading=\"lazy\" decoding=\"async\" width=\"800\" height=\"600\" data-id=\"375\" src=\"https:\/\/wordpress.nibis.de\/gsdrueber\/files\/2018\/10\/musikalische-Grundschule2.jpg\" alt=\"\" class=\"wp-image-375\" srcset=\"https:\/\/wordpress.nibis.de\/gsdrueber\/files\/2018\/10\/musikalische-Grundschule2.jpg 800w, https:\/\/wordpress.nibis.de\/gsdrueber\/files\/2018\/10\/musikalische-Grundschule2-300x225.jpg 300w, https:\/\/wordpress.nibis.de\/gsdrueber\/files\/2018\/10\/musikalische-Grundschule2-768x576.jpg 768w\" sizes=\"auto, (max-width: 800px) 100vw, 800px\" \/><\/figure>\n\n\n\n<figure class=\"wp-block-image size-large\"><img loading=\"lazy\" decoding=\"async\" width=\"800\" height=\"719\" data-id=\"376\" src=\"https:\/\/wordpress.nibis.de\/gsdrueber\/files\/2018\/10\/Zeitungsartikel-Mugs.jpg\" alt=\"\" class=\"wp-image-376\" srcset=\"https:\/\/wordpress.nibis.de\/gsdrueber\/files\/2018\/10\/Zeitungsartikel-Mugs.jpg 800w, https:\/\/wordpress.nibis.de\/gsdrueber\/files\/2018\/10\/Zeitungsartikel-Mugs-300x270.jpg 300w, https:\/\/wordpress.nibis.de\/gsdrueber\/files\/2018\/10\/Zeitungsartikel-Mugs-768x690.jpg 768w\" sizes=\"auto, (max-width: 800px) 100vw, 800px\" \/><\/figure>\n\n\n\n<figure class=\"wp-block-image size-large\"><img loading=\"lazy\" decoding=\"async\" width=\"800\" height=\"600\" data-id=\"374\" src=\"https:\/\/wordpress.nibis.de\/gsdrueber\/files\/2018\/10\/musikalische-Grundschule.jpg\" alt=\"\" class=\"wp-image-374\" srcset=\"https:\/\/wordpress.nibis.de\/gsdrueber\/files\/2018\/10\/musikalische-Grundschule.jpg 800w, https:\/\/wordpress.nibis.de\/gsdrueber\/files\/2018\/10\/musikalische-Grundschule-300x225.jpg 300w, https:\/\/wordpress.nibis.de\/gsdrueber\/files\/2018\/10\/musikalische-Grundschule-768x576.jpg 768w\" sizes=\"auto, (max-width: 800px) 100vw, 800px\" \/><\/figure>\n\n\n\n<figure class=\"wp-block-image size-large\"><img loading=\"lazy\" decoding=\"async\" width=\"800\" height=\"765\" data-id=\"399\" src=\"https:\/\/wordpress.nibis.de\/gsdrueber\/files\/2018\/11\/Orgelm\u00e4rchen.jpg\" alt=\"\" class=\"wp-image-399\" srcset=\"https:\/\/wordpress.nibis.de\/gsdrueber\/files\/2018\/11\/Orgelm\u00e4rchen.jpg 800w, https:\/\/wordpress.nibis.de\/gsdrueber\/files\/2018\/11\/Orgelm\u00e4rchen-300x287.jpg 300w, https:\/\/wordpress.nibis.de\/gsdrueber\/files\/2018\/11\/Orgelm\u00e4rchen-768x734.jpg 768w\" sizes=\"auto, (max-width: 800px) 100vw, 800px\" \/><\/figure>\n\n\n\n<figure class=\"wp-block-image size-large\"><img loading=\"lazy\" decoding=\"async\" width=\"800\" height=\"700\" data-id=\"391\" src=\"https:\/\/wordpress.nibis.de\/gsdrueber\/files\/2018\/11\/9c.jpg\" alt=\"\" class=\"wp-image-391\" srcset=\"https:\/\/wordpress.nibis.de\/gsdrueber\/files\/2018\/11\/9c.jpg 800w, https:\/\/wordpress.nibis.de\/gsdrueber\/files\/2018\/11\/9c-300x263.jpg 300w, https:\/\/wordpress.nibis.de\/gsdrueber\/files\/2018\/11\/9c-768x672.jpg 768w\" sizes=\"auto, (max-width: 800px) 100vw, 800px\" \/><\/figure>\n<\/figure>\n","protected":false},"excerpt":{"rendered":"<p>&nbsp;<\/p>\n","protected":false},"author":1035,"featured_media":0,"parent":14,"menu_order":0,"comment_status":"closed","ping_status":"closed","template":"page-notitle.php","meta":{"footnotes":""},"class_list":["post-264","page","type-page","status-publish","hentry"],"_links":{"self":[{"href":"https:\/\/wordpress.nibis.de\/gsdrueber\/index.php?rest_route=\/wp\/v2\/pages\/264","targetHints":{"allow":["GET"]}}],"collection":[{"href":"https:\/\/wordpress.nibis.de\/gsdrueber\/index.php?rest_route=\/wp\/v2\/pages"}],"about":[{"href":"https:\/\/wordpress.nibis.de\/gsdrueber\/index.php?rest_route=\/wp\/v2\/types\/page"}],"author":[{"embeddable":true,"href":"https:\/\/wordpress.nibis.de\/gsdrueber\/index.php?rest_route=\/wp\/v2\/users\/1035"}],"replies":[{"embeddable":true,"href":"https:\/\/wordpress.nibis.de\/gsdrueber\/index.php?rest_route=%2Fwp%2Fv2%2Fcomments&post=264"}],"version-history":[{"count":10,"href":"https:\/\/wordpress.nibis.de\/gsdrueber\/index.php?rest_route=\/wp\/v2\/pages\/264\/revisions"}],"predecessor-version":[{"id":1590,"href":"https:\/\/wordpress.nibis.de\/gsdrueber\/index.php?rest_route=\/wp\/v2\/pages\/264\/revisions\/1590"}],"up":[{"embeddable":true,"href":"https:\/\/wordpress.nibis.de\/gsdrueber\/index.php?rest_route=\/wp\/v2\/pages\/14"}],"wp:attachment":[{"href":"https:\/\/wordpress.nibis.de\/gsdrueber\/index.php?rest_route=%2Fwp%2Fv2%2Fmedia&parent=264"}],"curies":[{"name":"wp","href":"https:\/\/api.w.org\/{rel}","templated":true}]}}