{"id":71,"date":"2018-10-10T14:26:29","date_gmt":"2018-10-10T12:26:29","guid":{"rendered":"http:\/\/wordpress.nibis.de\/gsdrueber\/?page_id=71"},"modified":"2026-01-14T18:04:24","modified_gmt":"2026-01-14T17:04:24","slug":"zeiten","status":"publish","type":"page","link":"https:\/\/wordpress.nibis.de\/gsdrueber\/?page_id=71","title":{"rendered":"Zeiten"},"content":{"rendered":"<p>Beaufsichtigtes Ankommen in der Pausenhalle und auf dem Schulhof: ab 7.45 Uhr<\/p>\n<p><strong>Gro\u00dfe Pausen:<\/strong> 09.40 Uhr &#8211; 10.10 Uhr und 11.40 Uhr &#8211; 12.00 Uhr<\/p>\n<p><strong>Unterrichtszeiten:<\/strong><br \/>\n1. Stunde: 8.10 Uhr &#8211; 8.55 Uhr<br \/>\n2. Stunde: 8.55 Uhr &#8211; 9.40 Uhr<br \/>\n3. Stunde: 10.10 Uhr &#8211; 10.55 Uhr<br \/>\n4. Stunde: 10.55 Uhr &#8211; 11.40 Uhr<br \/>\n5. Stunde: 12.00 Uhr &#8211; 13.05 Uhr<\/p>\n<p><strong>Offene Ganztagsschule<\/strong> bis 15.30 Uhr<\/p>\n<p>Mittagessen \/ Entspannung: 13.05 Uhr &#8211; 13.30 Uhr<\/p>\n<p>Hausaufgabenbetreuung: 13.30 Uhr &#8211; 14.30 Uhr<\/p>\n<p>Angebote: 14.30 Uhr &#8211; 15.30 Uhr<\/p>\n<p>Der Ganztagsbetrieb umfasst den Zeitraum von Montag bis Donnerstag bis 15:30 Uhr und am Freitag bis 13:05 Uhr.<\/p>\n<p>Wir haben in der Zeit von 12:00-13:05 drei Betreuungsgruppen f\u00fcr die ersten und zweiten Klassen, die von p\u00e4d. Mitarbeiterinnen betreut werden.<\/p>\n<p>Sowohl das Mittagessen, die Hausaufgaben, als auch einige Ganztags-Angebote werden von den p\u00e4d. Mitarbeiterinnen, der FSJ-Kraft und Lehrkr\u00e4ften begleitet und gestaltet. Dar\u00fcber hinaus sind im Ganztag f\u00fcnf au\u00dferschulische Kooperationspartner mit ihren Angeboten vertreten.<\/p>\n","protected":false},"excerpt":{"rendered":"<p>Beaufsichtigtes Ankommen in der Pausenhalle und auf dem Schulhof: ab 7.45 Uhr Gro\u00dfe Pausen: 09.40 Uhr &#8211; 10.10 Uhr und 11.40 Uhr &#8211; 12.00 Uhr Unterrichtszeiten: 1. Stunde: 8.10 Uhr &#8211; 8.55 Uhr 2. Stunde: 8.55 Uhr &#8211; 9.40 Uhr 3. Stunde: 10.10 Uhr &#8211; 10.55 Uhr 4. Stunde: 10.55 Uhr &#8211; 11.40 Uhr 5. [&hellip;]<\/p>\n","protected":false},"author":1035,"featured_media":0,"parent":41,"menu_order":0,"comment_status":"closed","ping_status":"closed","template":"onecolumn-page.php","meta":{"footnotes":""},"class_list":["post-71","page","type-page","status-publish","hentry"],"_links":{"self":[{"href":"https:\/\/wordpress.nibis.de\/gsdrueber\/index.php?rest_route=\/wp\/v2\/pages\/71","targetHints":{"allow":["GET"]}}],"collection":[{"href":"https:\/\/wordpress.nibis.de\/gsdrueber\/index.php?rest_route=\/wp\/v2\/pages"}],"about":[{"href":"https:\/\/wordpress.nibis.de\/gsdrueber\/index.php?rest_route=\/wp\/v2\/types\/page"}],"author":[{"embeddable":true,"href":"https:\/\/wordpress.nibis.de\/gsdrueber\/index.php?rest_route=\/wp\/v2\/users\/1035"}],"replies":[{"embeddable":true,"href":"https:\/\/wordpress.nibis.de\/gsdrueber\/index.php?rest_route=%2Fwp%2Fv2%2Fcomments&post=71"}],"version-history":[{"count":5,"href":"https:\/\/wordpress.nibis.de\/gsdrueber\/index.php?rest_route=\/wp\/v2\/pages\/71\/revisions"}],"predecessor-version":[{"id":1521,"href":"https:\/\/wordpress.nibis.de\/gsdrueber\/index.php?rest_route=\/wp\/v2\/pages\/71\/revisions\/1521"}],"up":[{"embeddable":true,"href":"https:\/\/wordpress.nibis.de\/gsdrueber\/index.php?rest_route=\/wp\/v2\/pages\/41"}],"wp:attachment":[{"href":"https:\/\/wordpress.nibis.de\/gsdrueber\/index.php?rest_route=%2Fwp%2Fv2%2Fmedia&parent=71"}],"curies":[{"name":"wp","href":"https:\/\/api.w.org\/{rel}","templated":true}]}}