{"id":72,"date":"2018-10-10T14:26:29","date_gmt":"2018-10-10T12:26:29","guid":{"rendered":"http:\/\/wordpress.nibis.de\/gsdrueber\/?page_id=72"},"modified":"2025-10-10T15:16:42","modified_gmt":"2025-10-10T13:16:42","slug":"schulvorstand","status":"publish","type":"page","link":"https:\/\/wordpress.nibis.de\/gsdrueber\/?page_id=72","title":{"rendered":"Schulelternrat und Schulvorstand"},"content":{"rendered":"\n\n\n<div class=\"wp-block-columns is-layout-flex wp-container-core-columns-is-layout-abceabcf wp-block-columns-is-layout-flex\">\n<div class=\"wp-block-column is-layout-flow wp-block-column-is-layout-flow\" style=\"--col-width:33.33%;flex-basis:33.33%\"><\/div>\n\n\n\n<div class=\"wp-block-column is-layout-flow wp-block-column-is-layout-flow\"><\/div>\n<\/div>\n\n\n\n<div class=\"wp-block-columns is-layout-flex wp-container-core-columns-is-layout-abceabcf wp-block-columns-is-layout-flex\">\n<div class=\"wp-block-column is-layout-flow wp-block-column-is-layout-flow\">\n<p><strong>Schulelternrat<\/strong><\/p>\n<p>Oliver Ebbighausen<\/p>\n<p>Nina Schieven<\/p>\n<p>Laura Wei\u00df<\/p>\n<p>Martin Heering<\/p>\n<\/div>\n\n\n\n<div class=\"wp-block-column is-layout-flow wp-block-column-is-layout-flow\">\n<p><strong>Schulvorstand<\/strong><\/p>\n<p><em>Kollegium (Neuwahl am 05.11.25)<\/em><\/p>\n<p>Sabine Emmend\u00f6rffer-B\u00fclau (Schulleiterin)<\/p>\n<p>\u00a0<\/p>\n<p><em>Elternschaft<\/em><\/p>\n<p>Laura Wei\u00df<\/p>\n<p>Wiebke Stenzel<\/p>\n<p>Carola Sommerfeld<\/p>\n<p>Franziska Wanek-Denecke<\/p>\n<p>\u00a0<\/p>\n<p><em>Vertreter*innen<\/em><\/p>\n<p>Nina Schieven<\/p>\n<p>Martin Heering<\/p>\n<\/div>\n<\/div>\n\n\n","protected":false},"excerpt":{"rendered":"<p>Schulelternrat Oliver Ebbighausen Nina Schieven Laura Wei\u00df Martin Heering Schulvorstand Kollegium (Neuwahl am 05.11.25) Sabine Emmend\u00f6rffer-B\u00fclau (Schulleiterin) \u00a0 Elternschaft Laura Wei\u00df Wiebke Stenzel Carola Sommerfeld Franziska Wanek-Denecke \u00a0 Vertreter*innen Nina Schieven Martin Heering<\/p>\n","protected":false},"author":1035,"featured_media":0,"parent":41,"menu_order":0,"comment_status":"closed","ping_status":"closed","template":"","meta":{"footnotes":""},"class_list":["post-72","page","type-page","status-publish","hentry"],"_links":{"self":[{"href":"https:\/\/wordpress.nibis.de\/gsdrueber\/index.php?rest_route=\/wp\/v2\/pages\/72","targetHints":{"allow":["GET"]}}],"collection":[{"href":"https:\/\/wordpress.nibis.de\/gsdrueber\/index.php?rest_route=\/wp\/v2\/pages"}],"about":[{"href":"https:\/\/wordpress.nibis.de\/gsdrueber\/index.php?rest_route=\/wp\/v2\/types\/page"}],"author":[{"embeddable":true,"href":"https:\/\/wordpress.nibis.de\/gsdrueber\/index.php?rest_route=\/wp\/v2\/users\/1035"}],"replies":[{"embeddable":true,"href":"https:\/\/wordpress.nibis.de\/gsdrueber\/index.php?rest_route=%2Fwp%2Fv2%2Fcomments&post=72"}],"version-history":[{"count":30,"href":"https:\/\/wordpress.nibis.de\/gsdrueber\/index.php?rest_route=\/wp\/v2\/pages\/72\/revisions"}],"predecessor-version":[{"id":1463,"href":"https:\/\/wordpress.nibis.de\/gsdrueber\/index.php?rest_route=\/wp\/v2\/pages\/72\/revisions\/1463"}],"up":[{"embeddable":true,"href":"https:\/\/wordpress.nibis.de\/gsdrueber\/index.php?rest_route=\/wp\/v2\/pages\/41"}],"wp:attachment":[{"href":"https:\/\/wordpress.nibis.de\/gsdrueber\/index.php?rest_route=%2Fwp%2Fv2%2Fmedia&parent=72"}],"curies":[{"name":"wp","href":"https:\/\/api.w.org\/{rel}","templated":true}]}}

<div class="wp-block-columns is-layout-flex wp-container-core-columns-is-layout-abceabcf wp-block-columns-is-layout-flex">
<div class="wp-block-column is-layout-flow wp-block-column-is-layout-flow" style="--col-width:33.33%;flex-basis:33.33%"></div>



<div class="wp-block-column is-layout-flow wp-block-column-is-layout-flow"></div>
</div>



<div class="wp-block-columns is-layout-flex wp-container-core-columns-is-layout-abceabcf wp-block-columns-is-layout-flex">
<div class="wp-block-column is-layout-flow wp-block-column-is-layout-flow">
<p><strong>Schulelternrat</strong></p>
<p>Oliver Ebbighausen</p>
<p>Nina Schieven</p>
<p>Laura Weiß</p>
<p>Martin Heering</p>
</div>



<div class="wp-block-column is-layout-flow wp-block-column-is-layout-flow">
<p><strong>Schulvorstand</strong></p>
<p><em>Kollegium (Neuwahl am 05.11.25)</em></p>
<p>Sabine Emmendörffer-Bülau (Schulleiterin)</p>
<p> </p>
<p><em>Elternschaft</em></p>
<p>Laura Weiß</p>
<p>Wiebke Stenzel</p>
<p>Carola Sommerfeld</p>
<p>Franziska Wanek-Denecke</p>
<p> </p>
<p><em>Vertreter*innen</em></p>
<p>Nina Schieven</p>
<p>Martin Heering</p>
</div>
</div>

<p>Schulelternrat Oliver Ebbighausen Nina Schieven Laura Weiß Martin Heering Schulvorstand Kollegium (Neuwahl am 05.11.25) Sabine Emmendörffer-Bülau (Schulleiterin)   Elternschaft Laura Weiß Wiebke Stenzel Carola Sommerfeld Franziska Wanek-Denecke   Vertreter*innen Nina Schieven Martin Heering</p>
