{"id":107,"date":"2019-05-05T18:29:22","date_gmt":"2019-05-05T16:29:22","guid":{"rendered":"https:\/\/wordpress.nibis.de\/gsdungel\/?page_id=107"},"modified":"2020-04-03T18:01:03","modified_gmt":"2020-04-03T16:01:03","slug":"aus-dem-kunstunterricht","status":"publish","type":"page","link":"https:\/\/wordpress.nibis.de\/gsdungel\/aus-dem-kunstunterricht\/","title":{"rendered":"K\u00fcnstlerisches aus Kinderhand"},"content":{"rendered":"\n<p>Hier k\u00f6nnen Kunstwerke unserer Sch\u00fclerinnen und Sch\u00fcler bestaunt werden, die in den F\u00e4chern Kunst, Werken oder Textil entstanden sind.<\/p>\n\n\n\n<p><strong>Schuljahr 2019\/20<\/strong><\/p>\n<p><img loading=\"lazy\" decoding=\"async\" class=\"alignnone  wp-image-693\" src=\"https:\/\/wordpress.nibis.de\/gsdungel\/files\/2020\/03\/IMG_0851-e1585208942349-800x478.jpg\" alt=\"\" width=\"576\" height=\"344\" \/><br \/>Kl. 4 &#8211; Malen wie van Gogh<\/p>\n<p>\u00a0<\/p>\n<p><img loading=\"lazy\" decoding=\"async\" class=\"wp-image-700 alignleft\" src=\"https:\/\/wordpress.nibis.de\/gsdungel\/files\/2020\/03\/IMG_20191101_100238646-800x478.jpg\" alt=\"\" width=\"497\" height=\"297\" \/><\/p>\n<p>\u00a0<\/p>\n<p>\u00a0<\/p>\n<p>\u00a0<\/p>\n<p>\u00a0<\/p>\n<p>\u00a0<\/p>\n<p>\u00a0<\/p>\n<p>\u00a0<\/p>\n<p>Kl. 1 &#8222;Meine H\u00e4nde&#8220; ,\u00a0 Tupfen mit dem Pinsel<\/p>\n<p><img loading=\"lazy\" decoding=\"async\" class=\"alignnone  wp-image-782\" src=\"https:\/\/wordpress.nibis.de\/gsdungel\/files\/2020\/03\/Sonnenblumen-450x478.jpg\" alt=\"\" width=\"353\" height=\"375\" \/>Kl. 3 &#8211; Sonnenblumen<\/p>\n<p>\u00a0<\/p>\n<p><img loading=\"lazy\" decoding=\"async\" class=\"alignnone  wp-image-764\" src=\"https:\/\/wordpress.nibis.de\/gsdungel\/files\/2020\/03\/IMG_20200330_082405354-450x478.jpg\" alt=\"\" width=\"271\" height=\"288\" \/> <img loading=\"lazy\" decoding=\"async\" class=\"alignnone  wp-image-763\" src=\"https:\/\/wordpress.nibis.de\/gsdungel\/files\/2020\/03\/IMG_20200330_082356752-450x478.jpg\" alt=\"\" width=\"270\" height=\"287\" \/><br \/>Kl.3 &#8211; Igel im Laub<\/p>\n<p><img loading=\"lazy\" decoding=\"async\" class=\"alignnone  wp-image-701\" src=\"https:\/\/wordpress.nibis.de\/gsdungel\/files\/2020\/03\/IMG_20191118_132912802-800x478.jpg\" alt=\"\" width=\"363\" height=\"217\" \/> Kl. 1 &#8222;Ein bunter Herbstbaum&#8220;,\u00a0 \u00a0 \u00a0 \u00a0 \u00a0 \u00a0 \u00a0 \u00a0 \u00a0 \u00a0 \u00a0 \u00a0 \u00a0 \u00a0 \u00a0 \u00a0 \u00a0 \u00a0 \u00a0 \u00a0 \u00a0 \u00a0 \u00a0 \u00a0 \u00a0 \u00a0 \u00a0 \u00a0 \u00a0 \u00a0 \u00a0 \u00a0 \u00a0 \u00a0 \u00a0 \u00a0 \u00a0 \u00a0 \u00a0 \u00a0 \u00a0 \u00a0 \u00a0 \u00a0 \u00a0 \u00a0 \u00a0 \u00a0 \u00a0 \u00a0 \u00a0 \u00a0 \u00a0 \u00a0 \u00a0 \u00a0 \u00a0 \u00a0Tupfen mit dem Finger<img loading=\"lazy\" decoding=\"async\" class=\"alignnone  wp-image-702\" src=\"https:\/\/wordpress.nibis.de\/gsdungel\/files\/2020\/03\/IMG_20191118_132921317-800x478.jpg\" alt=\"\" width=\"360\" height=\"215\" \/><\/p>\n<p>\u00a0<\/p>\n<p><img loading=\"lazy\" decoding=\"async\" class=\"alignnone  wp-image-759\" src=\"https:\/\/wordpress.nibis.de\/gsdungel\/files\/2020\/03\/IMG_20200330_081712357-450x478.jpg\" alt=\"\" width=\"295\" height=\"313\" \/> <img loading=\"lazy\" decoding=\"async\" class=\"alignnone  wp-image-779\" src=\"https:\/\/wordpress.nibis.de\/gsdungel\/files\/2020\/03\/Igel-450x478.jpg\" alt=\"\" width=\"294\" height=\"312\" \/><br \/>Kl.1 &#8211; Igel im Laubhaufen, Bl\u00e4tterdruck<\/p>\n<p>\u00a0<\/p>\n<p><img loading=\"lazy\" decoding=\"async\" class=\"alignnone  wp-image-753\" src=\"https:\/\/wordpress.nibis.de\/gsdungel\/files\/2020\/03\/IMG_20200330_081143168-800x478.jpg\" alt=\"\" width=\"357\" height=\"213\" \/> Kl.2 &#8211; Feuerwerk<\/p>\n<p><img loading=\"lazy\" decoding=\"async\" class=\"alignnone  wp-image-752\" src=\"https:\/\/wordpress.nibis.de\/gsdungel\/files\/2020\/03\/IMG_20200330_081130182-800x478.jpg\" alt=\"\" width=\"355\" height=\"212\" \/><\/p>\n<p><img loading=\"lazy\" decoding=\"async\" class=\"alignnone  wp-image-777\" src=\"https:\/\/wordpress.nibis.de\/gsdungel\/files\/2020\/03\/2_IMG_20200330_081814830-450x478.jpg\" alt=\"\" width=\"352\" height=\"374\" \/>Kl.1 &#8211; Schneemann, Korkdruck<\/p>\n<p>\u00a0<\/p>\n<p><img loading=\"lazy\" decoding=\"async\" class=\"alignnone  wp-image-710\" src=\"https:\/\/wordpress.nibis.de\/gsdungel\/files\/2020\/03\/IMG_20200214_111703618-800x478.jpg\" alt=\"\" width=\"569\" height=\"340\" \/><br \/>Kl.1\u00a0 &#8222;Die drei Spatzen&#8220;\u00a0<\/p>\n<p><img loading=\"lazy\" decoding=\"async\" class=\"alignnone  wp-image-787\" src=\"https:\/\/wordpress.nibis.de\/gsdungel\/files\/2020\/03\/Winter2-e1585581036386-400x478.jpg\" alt=\"\" width=\"311\" height=\"372\" \/> Kl.3 &#8211; Winter<\/p>\n<p>\u00a0<\/p>\n<p><img loading=\"lazy\" decoding=\"async\" class=\"alignnone  wp-image-714\" src=\"https:\/\/wordpress.nibis.de\/gsdungel\/files\/2020\/03\/IMG_20200226_130349701-800x478.jpg\" alt=\"\" width=\"578\" height=\"345\" \/><\/p>\n<p>Kl.2 &#8211; Lustige Clownparade<\/p>\n<p><img loading=\"lazy\" decoding=\"async\" class=\"alignnone  wp-image-756\" src=\"https:\/\/wordpress.nibis.de\/gsdungel\/files\/2020\/03\/IMG_20200330_081353206-800x478.jpg\" alt=\"\" width=\"317\" height=\"189\" \/> <img loading=\"lazy\" decoding=\"async\" class=\"alignnone  wp-image-757\" src=\"https:\/\/wordpress.nibis.de\/gsdungel\/files\/2020\/03\/IMG_20200330_081401828-450x478.jpg\" alt=\"\" width=\"177\" height=\"187\" \/><img loading=\"lazy\" decoding=\"async\" class=\"alignnone  wp-image-799\" src=\"https:\/\/wordpress.nibis.de\/gsdungel\/files\/2020\/04\/IMG_20200331_082304619-450x478.jpg\" alt=\"\" width=\"201\" height=\"214\" \/> Kl.1 &#8211; Strahlend wei\u00dfe Z\u00e4hne, Spritztechnik\u00a0<\/p>\n","protected":false},"excerpt":{"rendered":"<p>Hier k\u00f6nnen Kunstwerke unserer Sch\u00fclerinnen und Sch\u00fcler bestaunt werden, die in den F\u00e4chern Kunst, Werken oder Textil entstanden sind. Schuljahr 2019\/20 Kl. 4 &#8211; Malen wie van Gogh \u00a0 \u00a0 \u00a0 \u00a0 \u00a0 \u00a0 \u00a0 \u00a0 Kl. 1 &#8222;Meine H\u00e4nde&#8220; &hellip; <a href=\"https:\/\/wordpress.nibis.de\/gsdungel\/aus-dem-kunstunterricht\/\">Weiterlesen <span class=\"meta-nav\">&rarr;<\/span><\/a><\/p>\n","protected":false},"author":9193125,"featured_media":0,"parent":0,"menu_order":0,"comment_status":"closed","ping_status":"closed","template":"","meta":{"footnotes":""},"class_list":["post-107","page","type-page","status-publish","hentry"],"_links":{"self":[{"href":"https:\/\/wordpress.nibis.de\/gsdungel\/wp-json\/wp\/v2\/pages\/107","targetHints":{"allow":["GET"]}}],"collection":[{"href":"https:\/\/wordpress.nibis.de\/gsdungel\/wp-json\/wp\/v2\/pages"}],"about":[{"href":"https:\/\/wordpress.nibis.de\/gsdungel\/wp-json\/wp\/v2\/types\/page"}],"author":[{"embeddable":true,"href":"https:\/\/wordpress.nibis.de\/gsdungel\/wp-json\/wp\/v2\/users\/9193125"}],"replies":[{"embeddable":true,"href":"https:\/\/wordpress.nibis.de\/gsdungel\/wp-json\/wp\/v2\/comments?post=107"}],"version-history":[{"count":27,"href":"https:\/\/wordpress.nibis.de\/gsdungel\/wp-json\/wp\/v2\/pages\/107\/revisions"}],"predecessor-version":[{"id":801,"href":"https:\/\/wordpress.nibis.de\/gsdungel\/wp-json\/wp\/v2\/pages\/107\/revisions\/801"}],"wp:attachment":[{"href":"https:\/\/wordpress.nibis.de\/gsdungel\/wp-json\/wp\/v2\/media?parent=107"}],"curies":[{"name":"wp","href":"https:\/\/api.w.org\/{rel}","templated":true}]}}