{"id":1005,"date":"2024-05-13T13:51:42","date_gmt":"2024-05-13T11:51:42","guid":{"rendered":"https:\/\/wordpress.nibis.de\/gseksbohmte\/?page_id=1005"},"modified":"2024-08-19T14:59:41","modified_gmt":"2024-08-19T12:59:41","slug":"einschulung","status":"publish","type":"page","link":"https:\/\/wordpress.nibis.de\/gseksbohmte\/einschulung\/","title":{"rendered":"Einschulung &#8211; Elternratgeber"},"content":{"rendered":"\n<p>Wir pr\u00e4sentieren hier einen Informations-Flyer vom nieders\u00e4chsischen Kultusministerium zum Thema &#8222;Mein Kind kommt in die Schule&#8220;.  Dieser enth\u00e4lt wertvolle Anregungen dazu, wie Sie Ihr Kind beim Schulstart unterst\u00fctzen k\u00f6nnen. <\/p>\n\n\n\n<div data-wp-interactive=\"core\/file\" class=\"wp-block-file\"><object data-wp-bind--hidden=\"!state.hasPdfPreview\" hidden class=\"wp-block-file__embed\" data=\"https:\/\/wordpress.nibis.de\/gseksbohmte\/files\/2024\/08\/broschuere-elternratgeber-kita-2023-web-mit-links.pdf\" type=\"application\/pdf\" style=\"width:100%;height:600px\" aria-label=\"Einbettung von Einbettung von broschuere-elternratgeber-kita-2023-web-mit-links..\"><\/object><a id=\"wp-block-file--media-ac225210-57e5-4142-89d5-ef4835a77d9b\" href=\"https:\/\/wordpress.nibis.de\/gseksbohmte\/files\/2024\/08\/broschuere-elternratgeber-kita-2023-web-mit-links.pdf\">broschuere-elternratgeber-kita-2023-web-mit-links<\/a><a href=\"https:\/\/wordpress.nibis.de\/gseksbohmte\/files\/2024\/08\/broschuere-elternratgeber-kita-2023-web-mit-links.pdf\" class=\"wp-block-file__button\" download aria-describedby=\"wp-block-file--media-ac225210-57e5-4142-89d5-ef4835a77d9b\">Herunterladen<\/a><\/div>\n","protected":false},"excerpt":{"rendered":"<p>Wir pr\u00e4sentieren hier einen Informations-Flyer vom nieders\u00e4chsischen Kultusministerium zum Thema &#8222;Mein Kind kommt in die Schule&#8220;. Dieser enth\u00e4lt wertvolle Anregungen dazu, wie Sie Ihr Kind beim Schulstart unterst\u00fctzen k\u00f6nnen.<\/p>\n","protected":false},"author":9193920,"featured_media":0,"parent":0,"menu_order":0,"comment_status":"closed","ping_status":"closed","template":"","meta":{"footnotes":""},"class_list":["post-1005","page","type-page","status-publish","hentry"],"_links":{"self":[{"href":"https:\/\/wordpress.nibis.de\/gseksbohmte\/wp-json\/wp\/v2\/pages\/1005","targetHints":{"allow":["GET"]}}],"collection":[{"href":"https:\/\/wordpress.nibis.de\/gseksbohmte\/wp-json\/wp\/v2\/pages"}],"about":[{"href":"https:\/\/wordpress.nibis.de\/gseksbohmte\/wp-json\/wp\/v2\/types\/page"}],"author":[{"embeddable":true,"href":"https:\/\/wordpress.nibis.de\/gseksbohmte\/wp-json\/wp\/v2\/users\/9193920"}],"replies":[{"embeddable":true,"href":"https:\/\/wordpress.nibis.de\/gseksbohmte\/wp-json\/wp\/v2\/comments?post=1005"}],"version-history":[{"count":3,"href":"https:\/\/wordpress.nibis.de\/gseksbohmte\/wp-json\/wp\/v2\/pages\/1005\/revisions"}],"predecessor-version":[{"id":1101,"href":"https:\/\/wordpress.nibis.de\/gseksbohmte\/wp-json\/wp\/v2\/pages\/1005\/revisions\/1101"}],"wp:attachment":[{"href":"https:\/\/wordpress.nibis.de\/gseksbohmte\/wp-json\/wp\/v2\/media?parent=1005"}],"curies":[{"name":"wp","href":"https:\/\/api.w.org\/{rel}","templated":true}]}}