{"id":132,"date":"2022-10-24T19:04:49","date_gmt":"2022-10-24T17:04:49","guid":{"rendered":"https:\/\/wordpress.nibis.de\/gseksbohmte\/?page_id=132"},"modified":"2023-01-26T16:51:44","modified_gmt":"2023-01-26T15:51:44","slug":"anmeldung-zur-mitgliedschaft-im-foerderverein","status":"publish","type":"page","link":"https:\/\/wordpress.nibis.de\/gseksbohmte\/anmeldung-zur-mitgliedschaft-im-foerderverein\/","title":{"rendered":"Anmeldung zur Mitgliedschaft im F\u00f6rderverein"},"content":{"rendered":"\n<p>Hier finden Sie das Anmeldeformular f\u00fcr den F\u00f6rderverein. Wir freuen uns \u00fcber jede Unterst\u00fctzung!<\/p>\n\n\n\n<div data-wp-interactive=\"core\/file\" class=\"wp-block-file\"><object data-wp-bind--hidden=\"!state.hasPdfPreview\" hidden class=\"wp-block-file__embed\" data=\"https:\/\/wordpress.nibis.de\/gseksbohmte\/files\/2023\/01\/Elternbrief-fuer-den-Flyer-2022-1.pdf\" type=\"application\/pdf\" style=\"width:100%;height:600px\" aria-label=\"Einbettung von Einbettung von Elternbrief-fuer-den-Flyer-2022-1..\"><\/object><a id=\"wp-block-file--media-ab084450-f93e-4d54-9b88-ac39cdcca299\" href=\"https:\/\/wordpress.nibis.de\/gseksbohmte\/files\/2023\/01\/Elternbrief-fuer-den-Flyer-2022-1.pdf\">Elternbrief-fuer-den-Flyer-2022-1<\/a><a href=\"https:\/\/wordpress.nibis.de\/gseksbohmte\/files\/2023\/01\/Elternbrief-fuer-den-Flyer-2022-1.pdf\" class=\"wp-block-file__button\" download aria-describedby=\"wp-block-file--media-ab084450-f93e-4d54-9b88-ac39cdcca299\">Herunterladen<\/a><\/div>\n","protected":false},"excerpt":{"rendered":"<p>Hier finden Sie das Anmeldeformular f\u00fcr den F\u00f6rderverein. Wir freuen uns \u00fcber jede Unterst\u00fctzung!<\/p>\n","protected":false},"author":9193920,"featured_media":0,"parent":0,"menu_order":0,"comment_status":"closed","ping_status":"closed","template":"","meta":{"footnotes":""},"class_list":["post-132","page","type-page","status-publish","hentry"],"_links":{"self":[{"href":"https:\/\/wordpress.nibis.de\/gseksbohmte\/wp-json\/wp\/v2\/pages\/132","targetHints":{"allow":["GET"]}}],"collection":[{"href":"https:\/\/wordpress.nibis.de\/gseksbohmte\/wp-json\/wp\/v2\/pages"}],"about":[{"href":"https:\/\/wordpress.nibis.de\/gseksbohmte\/wp-json\/wp\/v2\/types\/page"}],"author":[{"embeddable":true,"href":"https:\/\/wordpress.nibis.de\/gseksbohmte\/wp-json\/wp\/v2\/users\/9193920"}],"replies":[{"embeddable":true,"href":"https:\/\/wordpress.nibis.de\/gseksbohmte\/wp-json\/wp\/v2\/comments?post=132"}],"version-history":[{"count":3,"href":"https:\/\/wordpress.nibis.de\/gseksbohmte\/wp-json\/wp\/v2\/pages\/132\/revisions"}],"predecessor-version":[{"id":471,"href":"https:\/\/wordpress.nibis.de\/gseksbohmte\/wp-json\/wp\/v2\/pages\/132\/revisions\/471"}],"wp:attachment":[{"href":"https:\/\/wordpress.nibis.de\/gseksbohmte\/wp-json\/wp\/v2\/media?parent=132"}],"curies":[{"name":"wp","href":"https:\/\/api.w.org\/{rel}","templated":true}]}}