{"id":1387,"date":"2025-08-23T12:27:47","date_gmt":"2025-08-23T10:27:47","guid":{"rendered":"https:\/\/wordpress.nibis.de\/gseksbohmte\/?page_id=1387"},"modified":"2025-08-23T12:27:47","modified_gmt":"2025-08-23T10:27:47","slug":"gesundes-fruehstueck","status":"publish","type":"page","link":"https:\/\/wordpress.nibis.de\/gseksbohmte\/gesundes-fruehstueck\/","title":{"rendered":"Gesundes Fr\u00fchst\u00fcck"},"content":{"rendered":"\n<p>Leider essen zu viele Kinder in der Fr\u00fchst\u00fcckspause ungesunde Nahrungsmittel. Das kann zu \u00dcbergewicht, Zahnsch\u00e4den und Konzentrationsproblemen f\u00fchren. Lassen Sie uns versuchen, die Sch\u00fclerinnen und Sch\u00fcler mit gesunden und schmackhaften Lebensmitteln zu versorgen.<\/p>\n\n\n\n<p>Im folgenden Flyer (als pdf-Datei) finden Sie Informationen und Ratschl\u00e4ge rund ums Thema Fr\u00fchst\u00fcck in der Schule. Herausgeber ist das nieders\u00e4chsische Ministerium f\u00fcr Ern\u00e4hrung, Landwirtschaft und Verbraucherschutz. <\/p>\n\n\n\n<p><a href=\"https:\/\/wordpress.nibis.de\/gseksbohmte\/files\/2023\/01\/Infoflyer-Gesundes_Schulfruehstueck.pdf\">https:\/\/wordpress.nibis.de\/gseksbohmte\/files\/2023\/01\/Infoflyer-Gesundes_Schulfruehstueck.pdf<\/a><\/p>\n","protected":false},"excerpt":{"rendered":"<p>Leider essen zu viele Kinder in der Fr\u00fchst\u00fcckspause ungesunde Nahrungsmittel. Das kann zu \u00dcbergewicht, Zahnsch\u00e4den und Konzentrationsproblemen f\u00fchren. Lassen Sie uns versuchen, die Sch\u00fclerinnen und Sch\u00fcler mit gesunden und schmackhaften<\/p>\n","protected":false},"author":9193920,"featured_media":0,"parent":0,"menu_order":0,"comment_status":"closed","ping_status":"closed","template":"","meta":{"footnotes":""},"class_list":["post-1387","page","type-page","status-publish","hentry"],"_links":{"self":[{"href":"https:\/\/wordpress.nibis.de\/gseksbohmte\/wp-json\/wp\/v2\/pages\/1387","targetHints":{"allow":["GET"]}}],"collection":[{"href":"https:\/\/wordpress.nibis.de\/gseksbohmte\/wp-json\/wp\/v2\/pages"}],"about":[{"href":"https:\/\/wordpress.nibis.de\/gseksbohmte\/wp-json\/wp\/v2\/types\/page"}],"author":[{"embeddable":true,"href":"https:\/\/wordpress.nibis.de\/gseksbohmte\/wp-json\/wp\/v2\/users\/9193920"}],"replies":[{"embeddable":true,"href":"https:\/\/wordpress.nibis.de\/gseksbohmte\/wp-json\/wp\/v2\/comments?post=1387"}],"version-history":[{"count":1,"href":"https:\/\/wordpress.nibis.de\/gseksbohmte\/wp-json\/wp\/v2\/pages\/1387\/revisions"}],"predecessor-version":[{"id":1389,"href":"https:\/\/wordpress.nibis.de\/gseksbohmte\/wp-json\/wp\/v2\/pages\/1387\/revisions\/1389"}],"wp:attachment":[{"href":"https:\/\/wordpress.nibis.de\/gseksbohmte\/wp-json\/wp\/v2\/media?parent=1387"}],"curies":[{"name":"wp","href":"https:\/\/api.w.org\/{rel}","templated":true}]}}