{"id":152,"date":"2022-10-25T09:47:27","date_gmt":"2022-10-25T07:47:27","guid":{"rendered":"https:\/\/wordpress.nibis.de\/gseksbohmte\/?page_id=152"},"modified":"2024-06-15T09:25:30","modified_gmt":"2024-06-15T07:25:30","slug":"ganztag","status":"publish","type":"page","link":"https:\/\/wordpress.nibis.de\/gseksbohmte\/ganztag\/","title":{"rendered":"Organisation und Angebote"},"content":{"rendered":"\n<p><strong>Offener Ganztag an den Bohmter Grundschulen<\/strong><\/p>\n\n\n\n<p><strong>Zeiten:<\/strong><\/p>\n\n\n\n<ul class=\"wp-block-list\"><li>13.00 &#8211; 13.45 Uhr: warmes Mittagessen und betreute Pause<\/li><li>13.45 &#8211; 14.30 Uhr: Hausaufgabenbetreuung<\/li><li>14.30 &#8211; 15.30 Uhr: AG-Angebot<\/li><li>Anmeldem\u00f6glichkeit nur von 13.00 &#8211; 15.30 Uhr (Der Bus f\u00e4hrt um 15.35 Uhr)<\/li><\/ul>\n\n\n\n<p><strong>Mittagessen:<\/strong><\/p>\n\n\n\n<ul class=\"wp-block-list\"><li>Bitte Beachten Sie die Informationen unter <a href=\"https:\/\/wordpress.nibis.de\/gseksbohmte\/anmeldung-fuer-das-mittagessen\/\">Anmeldung f\u00fcr das Mittagsessen<\/a><\/li><\/ul>\n\n\n\n<p><strong>Hausaufgabenbetreuung:<\/strong><\/p>\n\n\n\n<ul class=\"wp-block-list\"><li>Etwa 15 Kinder in einer jahrgangsgemischten Hausaufgabengruppe<\/li><li>Die Kinder sind Tiersymbolen zugeordnet, die auch an den T\u00fcren zu finden sind.<\/li><li>Bitte kontrollieren Sie weiterhin, ob Ihr Kind alle Hausaufgaben in der Hausaufgabenbetreuung erledigen konnte oder ob noch weitere Aufgaben (z.B. lesen oder \u00fcben f\u00fcr Klassenarbeiten) anstehen, die zu Hause beendet werden m\u00fcssen.<\/li><li>Die Mitarbeiter tauschen sich fachlich mit Lehrern und Mitarbeitern der Grundschule \u00fcber die schulischen Belange der Kinder (bzgl. Lernen und Sozialkompetenzen) aus.<\/li><\/ul>\n\n\n\n<p><strong>AG-Angebot 2024\/2025:<\/strong><\/p>\n\n\n\n<p>Das AG-Angebot (14.30 &#8211; 15.30 Uhr) setzt sich aus folgenden Komponenten zusammen:<\/p>\n\n\n\n<p><strong>ACHTUNG: DIESER BEREICH WIRD GERADE \u00dcBERARBEITET<\/strong><\/p>\n\n\n\n<figure class=\"wp-block-table\"><table><tbody><tr><td><strong>Montag<\/strong><\/td><td><strong>Dienstag<\/strong><\/td><td><strong>Mittwoch<\/strong><\/td><td><strong>Donnerstag<\/strong><\/td><\/tr><tr><td><\/td><td><\/td><td><\/td><td><\/td><\/tr><tr><td><\/td><td><\/td><td><\/td><td><\/td><\/tr><tr><td><\/td><td><\/td><td><\/td><td><\/td><\/tr><tr><td><br><\/td><td><\/td><td><br><\/td><td><\/td><\/tr><tr><td><\/td><td><\/td><td><\/td><td><\/td><\/tr><\/tbody><\/table><\/figure>\n\n\n\n<figure class=\"wp-block-gallery has-nested-images columns-default is-cropped wp-block-gallery-1 is-layout-flex wp-block-gallery-is-layout-flex\">\n<figure class=\"wp-block-image size-large\"><img loading=\"lazy\" decoding=\"async\" width=\"1200\" height=\"675\" data-id=\"254\" src=\"https:\/\/wordpress.nibis.de\/gseksbohmte\/files\/2022\/11\/Ruheraum-3-1200x675.jpg\" alt=\"\" class=\"wp-image-254\" srcset=\"https:\/\/wordpress.nibis.de\/gseksbohmte\/files\/2022\/11\/Ruheraum-3-1200x675.jpg 1200w, https:\/\/wordpress.nibis.de\/gseksbohmte\/files\/2022\/11\/Ruheraum-3-850x478.jpg 850w, https:\/\/wordpress.nibis.de\/gseksbohmte\/files\/2022\/11\/Ruheraum-3-250x141.jpg 250w\" sizes=\"auto, (max-width: 1200px) 100vw, 1200px\" \/><\/figure>\n\n\n\n<figure class=\"wp-block-image size-large\"><img loading=\"lazy\" decoding=\"async\" width=\"1200\" height=\"675\" data-id=\"255\" src=\"https:\/\/wordpress.nibis.de\/gseksbohmte\/files\/2022\/11\/Ruheraum-2-1200x675.jpg\" alt=\"\" class=\"wp-image-255\" srcset=\"https:\/\/wordpress.nibis.de\/gseksbohmte\/files\/2022\/11\/Ruheraum-2-1200x675.jpg 1200w, https:\/\/wordpress.nibis.de\/gseksbohmte\/files\/2022\/11\/Ruheraum-2-850x478.jpg 850w, https:\/\/wordpress.nibis.de\/gseksbohmte\/files\/2022\/11\/Ruheraum-2-250x141.jpg 250w\" sizes=\"auto, (max-width: 1200px) 100vw, 1200px\" \/><\/figure>\n\n\n\n<figure class=\"wp-block-image size-large\"><img loading=\"lazy\" decoding=\"async\" width=\"1200\" height=\"675\" data-id=\"256\" src=\"https:\/\/wordpress.nibis.de\/gseksbohmte\/files\/2022\/11\/Ruheraum-1-1200x675.jpg\" alt=\"\" class=\"wp-image-256\" srcset=\"https:\/\/wordpress.nibis.de\/gseksbohmte\/files\/2022\/11\/Ruheraum-1-1200x675.jpg 1200w, https:\/\/wordpress.nibis.de\/gseksbohmte\/files\/2022\/11\/Ruheraum-1-850x478.jpg 850w, https:\/\/wordpress.nibis.de\/gseksbohmte\/files\/2022\/11\/Ruheraum-1-250x141.jpg 250w\" sizes=\"auto, (max-width: 1200px) 100vw, 1200px\" \/><\/figure>\n\n\n\n<figure class=\"wp-block-image size-large\"><img loading=\"lazy\" decoding=\"async\" width=\"1200\" height=\"675\" data-id=\"257\" src=\"https:\/\/wordpress.nibis.de\/gseksbohmte\/files\/2022\/11\/Mittagessen-5-1200x675.jpg\" alt=\"\" class=\"wp-image-257\" srcset=\"https:\/\/wordpress.nibis.de\/gseksbohmte\/files\/2022\/11\/Mittagessen-5-1200x675.jpg 1200w, https:\/\/wordpress.nibis.de\/gseksbohmte\/files\/2022\/11\/Mittagessen-5-850x478.jpg 850w, https:\/\/wordpress.nibis.de\/gseksbohmte\/files\/2022\/11\/Mittagessen-5-250x141.jpg 250w\" sizes=\"auto, (max-width: 1200px) 100vw, 1200px\" \/><\/figure>\n\n\n\n<figure class=\"wp-block-image size-large\"><img loading=\"lazy\" decoding=\"async\" width=\"1200\" height=\"675\" data-id=\"259\" src=\"https:\/\/wordpress.nibis.de\/gseksbohmte\/files\/2022\/11\/Mittagessen-2-1200x675.jpg\" alt=\"\" class=\"wp-image-259\" srcset=\"https:\/\/wordpress.nibis.de\/gseksbohmte\/files\/2022\/11\/Mittagessen-2-1200x675.jpg 1200w, https:\/\/wordpress.nibis.de\/gseksbohmte\/files\/2022\/11\/Mittagessen-2-850x478.jpg 850w, https:\/\/wordpress.nibis.de\/gseksbohmte\/files\/2022\/11\/Mittagessen-2-250x141.jpg 250w\" sizes=\"auto, (max-width: 1200px) 100vw, 1200px\" \/><\/figure>\n\n\n\n<figure class=\"wp-block-image size-large\"><img loading=\"lazy\" decoding=\"async\" width=\"1200\" height=\"675\" data-id=\"260\" src=\"https:\/\/wordpress.nibis.de\/gseksbohmte\/files\/2022\/11\/Mittagessen-1-1200x675.jpg\" alt=\"\" class=\"wp-image-260\" srcset=\"https:\/\/wordpress.nibis.de\/gseksbohmte\/files\/2022\/11\/Mittagessen-1-1200x675.jpg 1200w, https:\/\/wordpress.nibis.de\/gseksbohmte\/files\/2022\/11\/Mittagessen-1-850x478.jpg 850w, https:\/\/wordpress.nibis.de\/gseksbohmte\/files\/2022\/11\/Mittagessen-1-250x141.jpg 250w\" sizes=\"auto, (max-width: 1200px) 100vw, 1200px\" \/><\/figure>\n\n\n\n<figure class=\"wp-block-image size-large\"><img loading=\"lazy\" decoding=\"async\" width=\"1200\" height=\"675\" data-id=\"261\" src=\"https:\/\/wordpress.nibis.de\/gseksbohmte\/files\/2022\/11\/Hausaufgaben-2-1200x675.jpg\" alt=\"\" class=\"wp-image-261\" srcset=\"https:\/\/wordpress.nibis.de\/gseksbohmte\/files\/2022\/11\/Hausaufgaben-2-1200x675.jpg 1200w, https:\/\/wordpress.nibis.de\/gseksbohmte\/files\/2022\/11\/Hausaufgaben-2-850x478.jpg 850w, https:\/\/wordpress.nibis.de\/gseksbohmte\/files\/2022\/11\/Hausaufgaben-2-250x141.jpg 250w\" sizes=\"auto, (max-width: 1200px) 100vw, 1200px\" \/><\/figure>\n\n\n\n<figure class=\"wp-block-image size-large\"><img loading=\"lazy\" decoding=\"async\" width=\"1200\" height=\"675\" data-id=\"262\" src=\"https:\/\/wordpress.nibis.de\/gseksbohmte\/files\/2022\/11\/Hausaufgaben-1-1200x675.jpg\" alt=\"\" class=\"wp-image-262\" srcset=\"https:\/\/wordpress.nibis.de\/gseksbohmte\/files\/2022\/11\/Hausaufgaben-1-1200x675.jpg 1200w, https:\/\/wordpress.nibis.de\/gseksbohmte\/files\/2022\/11\/Hausaufgaben-1-850x478.jpg 850w, https:\/\/wordpress.nibis.de\/gseksbohmte\/files\/2022\/11\/Hausaufgaben-1-250x141.jpg 250w\" sizes=\"auto, (max-width: 1200px) 100vw, 1200px\" \/><\/figure>\n\n\n\n<figure class=\"wp-block-image size-large\"><img loading=\"lazy\" decoding=\"async\" width=\"1200\" height=\"675\" data-id=\"263\" src=\"https:\/\/wordpress.nibis.de\/gseksbohmte\/files\/2022\/11\/AG-6-1200x675.jpg\" alt=\"\" class=\"wp-image-263\" srcset=\"https:\/\/wordpress.nibis.de\/gseksbohmte\/files\/2022\/11\/AG-6-1200x675.jpg 1200w, https:\/\/wordpress.nibis.de\/gseksbohmte\/files\/2022\/11\/AG-6-850x478.jpg 850w, https:\/\/wordpress.nibis.de\/gseksbohmte\/files\/2022\/11\/AG-6-250x141.jpg 250w\" sizes=\"auto, (max-width: 1200px) 100vw, 1200px\" \/><\/figure>\n\n\n\n<figure class=\"wp-block-image size-large\"><img loading=\"lazy\" decoding=\"async\" width=\"1200\" height=\"675\" data-id=\"264\" src=\"https:\/\/wordpress.nibis.de\/gseksbohmte\/files\/2022\/11\/AG-4-1200x675.jpg\" alt=\"\" class=\"wp-image-264\" srcset=\"https:\/\/wordpress.nibis.de\/gseksbohmte\/files\/2022\/11\/AG-4-1200x675.jpg 1200w, https:\/\/wordpress.nibis.de\/gseksbohmte\/files\/2022\/11\/AG-4-850x478.jpg 850w, https:\/\/wordpress.nibis.de\/gseksbohmte\/files\/2022\/11\/AG-4-250x141.jpg 250w\" sizes=\"auto, (max-width: 1200px) 100vw, 1200px\" \/><\/figure>\n\n\n\n<figure class=\"wp-block-image size-large\"><img loading=\"lazy\" decoding=\"async\" width=\"1200\" height=\"675\" data-id=\"266\" src=\"https:\/\/wordpress.nibis.de\/gseksbohmte\/files\/2022\/11\/AG-2-1200x675.jpg\" alt=\"\" class=\"wp-image-266\" srcset=\"https:\/\/wordpress.nibis.de\/gseksbohmte\/files\/2022\/11\/AG-2-1200x675.jpg 1200w, https:\/\/wordpress.nibis.de\/gseksbohmte\/files\/2022\/11\/AG-2-850x478.jpg 850w, https:\/\/wordpress.nibis.de\/gseksbohmte\/files\/2022\/11\/AG-2-250x141.jpg 250w\" sizes=\"auto, (max-width: 1200px) 100vw, 1200px\" \/><\/figure>\n\n\n\n<figure class=\"wp-block-image size-large\"><img loading=\"lazy\" decoding=\"async\" width=\"1200\" height=\"675\" data-id=\"267\" src=\"https:\/\/wordpress.nibis.de\/gseksbohmte\/files\/2022\/11\/Ruheraum-4-1200x675.jpg\" alt=\"\" class=\"wp-image-267\" srcset=\"https:\/\/wordpress.nibis.de\/gseksbohmte\/files\/2022\/11\/Ruheraum-4-1200x675.jpg 1200w, https:\/\/wordpress.nibis.de\/gseksbohmte\/files\/2022\/11\/Ruheraum-4-850x478.jpg 850w, https:\/\/wordpress.nibis.de\/gseksbohmte\/files\/2022\/11\/Ruheraum-4-250x141.jpg 250w\" sizes=\"auto, (max-width: 1200px) 100vw, 1200px\" \/><\/figure>\n<figcaption class=\"blocks-gallery-caption\">Bilder aus dem Ganztag<br><\/figcaption><\/figure>\n\n\n\n<p><strong>Ansprechpartnerin beim Kooperationspartner Johanniter-Unfall-Hilfe e.V.<\/strong><\/p>\n\n\n\n<p>Maria Schr\u00f6der<\/p>\n\n\n\n<p>Johanniter-Unfall-Hilfe e.V.<\/p>\n\n\n\n<p>Br\u00fcckenstra\u00dfe 3<\/p>\n\n\n\n<p>49090 Osnabr\u00fcck<\/p>\n\n\n\n<p>Sie k\u00f6nnen die Anmeldung auch gerne in der Schule abgeben.<\/p>\n\n\n\n<p>Sollten Sie Fragen haben, melden Sie sich gerne bei Maria Schr\u00f6der. Sie \u00fcbernimmt die Leitung des Ganztages in Bohmte und sie hilft Ihnen sehr gerne bei s\u00e4mtlichen Fragen rund um den Ganztag weiter.<\/p>\n\n\n\n<p><em><u>Kontakt Maria Schr\u00f6der:<\/u><\/em><\/p>\n\n\n\n<p><a href=\"&#x6d;&#x61;&#x69;&#108;&#116;&#111;:m&#x61;&#x72;&#x69;&#x61;&#46;&#115;ch&#x72;&#x6f;&#x65;&#x64;&#101;&#114;&#64;j&#x6f;&#x68;&#x61;&#x6e;&#110;&#105;&#116;er&#x2e;&#x64;&#x65;\">&#109;&#x61;&#114;&#x69;a&#x2e;s&#99;&#x68;&#114;&#x6f;e&#x64;e&#114;&#x40;&#106;&#x6f;h&#x61;n&#110;&#x69;&#116;&#x65;r&#x2e;d&#101;<\/a><\/p>\n\n\n\n<p>0172\/ 2079038<\/p>\n","protected":false},"excerpt":{"rendered":"<p>Offener Ganztag an den Bohmter Grundschulen Zeiten: 13.00 &#8211; 13.45 Uhr: warmes Mittagessen und betreute Pause 13.45 &#8211; 14.30 Uhr: Hausaufgabenbetreuung 14.30 &#8211; 15.30 Uhr: AG-Angebot Anmeldem\u00f6glichkeit nur von 13.00<\/p>\n","protected":false},"author":9193920,"featured_media":0,"parent":0,"menu_order":0,"comment_status":"closed","ping_status":"closed","template":"","meta":{"footnotes":""},"class_list":["post-152","page","type-page","status-publish","hentry"],"_links":{"self":[{"href":"https:\/\/wordpress.nibis.de\/gseksbohmte\/wp-json\/wp\/v2\/pages\/152","targetHints":{"allow":["GET"]}}],"collection":[{"href":"https:\/\/wordpress.nibis.de\/gseksbohmte\/wp-json\/wp\/v2\/pages"}],"about":[{"href":"https:\/\/wordpress.nibis.de\/gseksbohmte\/wp-json\/wp\/v2\/types\/page"}],"author":[{"embeddable":true,"href":"https:\/\/wordpress.nibis.de\/gseksbohmte\/wp-json\/wp\/v2\/users\/9193920"}],"replies":[{"embeddable":true,"href":"https:\/\/wordpress.nibis.de\/gseksbohmte\/wp-json\/wp\/v2\/comments?post=152"}],"version-history":[{"count":16,"href":"https:\/\/wordpress.nibis.de\/gseksbohmte\/wp-json\/wp\/v2\/pages\/152\/revisions"}],"predecessor-version":[{"id":1043,"href":"https:\/\/wordpress.nibis.de\/gseksbohmte\/wp-json\/wp\/v2\/pages\/152\/revisions\/1043"}],"wp:attachment":[{"href":"https:\/\/wordpress.nibis.de\/gseksbohmte\/wp-json\/wp\/v2\/media?parent=152"}],"curies":[{"name":"wp","href":"https:\/\/api.w.org\/{rel}","templated":true}]}}