{"id":275,"date":"2022-11-22T16:13:18","date_gmt":"2022-11-22T15:13:18","guid":{"rendered":"https:\/\/wordpress.nibis.de\/gseksbohmte\/?page_id=275"},"modified":"2025-09-22T15:43:36","modified_gmt":"2025-09-22T13:43:36","slug":"foerderverein-2","status":"publish","type":"page","link":"https:\/\/wordpress.nibis.de\/gseksbohmte\/foerderverein-2\/","title":{"rendered":"F\u00f6rderverein"},"content":{"rendered":"\n<p><strong>F\u00f6rderverein der Erich K\u00e4stner-Schule Bohmte e.V.<\/strong><\/p>\n\n\n\n<p>\u201e<strong>Es gibt nichts Gutes, au\u00dfer man tut es!\u201c <\/strong><strong>(Zitat von Erich K\u00e4stner)<\/strong><\/p>\n\n\n\n<p>Unser F\u00f6rderverein wurde im Jahr 1985 gegr\u00fcndet.<\/p>\n\n\n\n<p>Er ist als gemeinn\u00fctzig anerkannter Verein eingetragen.<\/p>\n\n\n\n<p>Unsere Ziele und Aufgaben:<\/p>\n\n\n\n<ul class=\"wp-block-list\"><li>Wir m\u00f6chten uns in der EKS beteiligen bei der Durchf\u00fchrung von Schulveranstaltungen: Schulfeste, Einschulung, musikalische, sportliche Veranstaltungen, Nikolausmarkt, Zirkusprojekt<\/li><li>Wir m\u00f6chten hilfsbed\u00fcrftige Kinder in Einzelf\u00e4llen finanziell unterst\u00fctzen.<\/li><li>Wir m\u00f6chten bei p\u00e4dagogisch sinnvollen Anschaffungen wie Pausenspiele f\u00fcr die einzelnen Klassen, B\u00fccher f\u00fcr die Lesestube etc. finanziell unterst\u00fctzen. Deshalb freuen wir uns \u00fcber viele Unterst\u00fctzerinnen und Unterst\u00fctzer!<\/li><\/ul>\n\n\n\n<p><strong>Wir freuen uns \u00fcber jedes Mitglied!<\/strong><\/p>\n\n\n\n<p><strong>Mitgliedsbeitrag<\/strong><strong>: 1 Euro monatlich (12 Euro pro Jahr)<\/strong><\/p>\n\n\n\n<p><strong>Jede weitere Spende ist immer sehr willkommen!<\/strong><\/p>\n\n\n\n<p>Die Mitgliedsbeitr\u00e4ge werden ausschlie\u00dflich f\u00fcr die Belange der Schule verwendet.<\/p>\n\n\n\n<p>Ihre Spende ist steuerlich voll absetzbar.<\/p>\n\n\n\n<p>Sie k\u00f6nnen uns im F\u00f6rderverein aber auch praktisch unterst\u00fctzen.<\/p>\n\n\n\n<p>F\u00fcr die Mithilfe bei unseren Aktivit\u00e4ten sind wir immer dankbar.<\/p>\n\n\n\n<p>Anregungen und W\u00fcnsche sind sehr willkommen.<\/p>\n\n\n\n<p>Machen Sie mit und werden Sie Mitglied!<\/p>\n\n\n\n<p><strong>Von unserem F\u00f6rderverein bislang unterst\u00fctzte Projekte :<\/strong><\/p>\n\n\n\n<p>Anschaffung von Spielger\u00e4ten f\u00fcr die Pausen, ein neues Minitrampolin,<\/p>\n\n\n\n<p>B\u00fccher und Ausstattung f\u00fcr unsere Schulb\u00fccherei, Ausstattung des Nasch- und des Lesegartens mit Pflanzen, Gartenger\u00e4ten und Sachb\u00fcchern,<\/p>\n\n\n\n<p>Kosten\u00fcbernahme f\u00fcr den Bustransport der Kinder: Waldjugendspiele, Fu\u00dfballturnier, D\u00fcmmernaturspiele, Bad Essen \u201eKubikus\u201c, Zirkusprojekt, \u201eMein K\u00f6rper geh\u00f6rt mir\u201c\u2026<\/p>\n\n\n\n<p><strong>Mitgliedervollversammlung:<\/strong> Einmal im Jahr findet eine Mitgliedervollversammlung statt.<\/p>\n\n\n\n<p>Auf dieser Versammlung wird ein Vorstand gew\u00e4hlt, der zwei Jahre lang t\u00e4tig ist.<\/p>\n\n\n\n<p>\u00dcber m\u00f6glichst viele neue Mitglieder freut sich das Mitarbeiterteam und der Vorstand der EKS.<\/p>\n\n\n\n<p>Mit herzlichen Gr\u00fc\u00dfen<\/p>\n\n\n\n<p>Frau Michel \/ Frau Ahlers<\/p>\n\n\n\n<p>und Claudia Erpenbeck (Schulleiterin)<\/p>\n","protected":false},"excerpt":{"rendered":"<p>F\u00f6rderverein der Erich K\u00e4stner-Schule Bohmte e.V. \u201eEs gibt nichts Gutes, au\u00dfer man tut es!\u201c (Zitat von Erich K\u00e4stner) Unser F\u00f6rderverein wurde im Jahr 1985 gegr\u00fcndet. Er ist als gemeinn\u00fctzig anerkannter<\/p>\n","protected":false},"author":9193920,"featured_media":0,"parent":0,"menu_order":0,"comment_status":"closed","ping_status":"closed","template":"","meta":{"footnotes":""},"class_list":["post-275","page","type-page","status-publish","hentry"],"_links":{"self":[{"href":"https:\/\/wordpress.nibis.de\/gseksbohmte\/wp-json\/wp\/v2\/pages\/275","targetHints":{"allow":["GET"]}}],"collection":[{"href":"https:\/\/wordpress.nibis.de\/gseksbohmte\/wp-json\/wp\/v2\/pages"}],"about":[{"href":"https:\/\/wordpress.nibis.de\/gseksbohmte\/wp-json\/wp\/v2\/types\/page"}],"author":[{"embeddable":true,"href":"https:\/\/wordpress.nibis.de\/gseksbohmte\/wp-json\/wp\/v2\/users\/9193920"}],"replies":[{"embeddable":true,"href":"https:\/\/wordpress.nibis.de\/gseksbohmte\/wp-json\/wp\/v2\/comments?post=275"}],"version-history":[{"count":2,"href":"https:\/\/wordpress.nibis.de\/gseksbohmte\/wp-json\/wp\/v2\/pages\/275\/revisions"}],"predecessor-version":[{"id":1412,"href":"https:\/\/wordpress.nibis.de\/gseksbohmte\/wp-json\/wp\/v2\/pages\/275\/revisions\/1412"}],"wp:attachment":[{"href":"https:\/\/wordpress.nibis.de\/gseksbohmte\/wp-json\/wp\/v2\/media?parent=275"}],"curies":[{"name":"wp","href":"https:\/\/api.w.org\/{rel}","templated":true}]}}