{"id":978,"date":"2024-04-15T15:28:43","date_gmt":"2024-04-15T13:28:43","guid":{"rendered":"https:\/\/wordpress.nibis.de\/gseksbohmte\/?page_id=978"},"modified":"2024-04-15T15:29:33","modified_gmt":"2024-04-15T13:29:33","slug":"schul-lied","status":"publish","type":"page","link":"https:\/\/wordpress.nibis.de\/gseksbohmte\/schul-lied\/","title":{"rendered":"Ein Lied f\u00fcr unsere Schule"},"content":{"rendered":"\n<p>Hier kannst du unser Schul-Lied anh\u00f6ren und herunterladen. <\/p>\n\n\n\n<ul class=\"wp-block-list\"><li>Musik &amp; Text: Lutz Sch\u00e4fer<\/li><li>Gesang: Dunja Sch\u00e4fer<\/li><li>Aufnahme: Malte Schwenker<\/li><\/ul>\n\n\n\n<figure class=\"wp-block-audio\"><audio controls src=\"https:\/\/wordpress.nibis.de\/gseksbohmte\/files\/2024\/04\/Schullied_EKS_2024.mp3\"><\/audio><\/figure>\n","protected":false},"excerpt":{"rendered":"<p>Hier kannst du unser Schul-Lied anh\u00f6ren und herunterladen. Musik &amp; Text: Lutz Sch\u00e4fer Gesang: Dunja Sch\u00e4fer Aufnahme: Malte Schwenker<\/p>\n","protected":false},"author":9193920,"featured_media":0,"parent":0,"menu_order":0,"comment_status":"closed","ping_status":"closed","template":"","meta":{"footnotes":""},"class_list":["post-978","page","type-page","status-publish","hentry"],"_links":{"self":[{"href":"https:\/\/wordpress.nibis.de\/gseksbohmte\/wp-json\/wp\/v2\/pages\/978","targetHints":{"allow":["GET"]}}],"collection":[{"href":"https:\/\/wordpress.nibis.de\/gseksbohmte\/wp-json\/wp\/v2\/pages"}],"about":[{"href":"https:\/\/wordpress.nibis.de\/gseksbohmte\/wp-json\/wp\/v2\/types\/page"}],"author":[{"embeddable":true,"href":"https:\/\/wordpress.nibis.de\/gseksbohmte\/wp-json\/wp\/v2\/users\/9193920"}],"replies":[{"embeddable":true,"href":"https:\/\/wordpress.nibis.de\/gseksbohmte\/wp-json\/wp\/v2\/comments?post=978"}],"version-history":[{"count":2,"href":"https:\/\/wordpress.nibis.de\/gseksbohmte\/wp-json\/wp\/v2\/pages\/978\/revisions"}],"predecessor-version":[{"id":981,"href":"https:\/\/wordpress.nibis.de\/gseksbohmte\/wp-json\/wp\/v2\/pages\/978\/revisions\/981"}],"wp:attachment":[{"href":"https:\/\/wordpress.nibis.de\/gseksbohmte\/wp-json\/wp\/v2\/media?parent=978"}],"curies":[{"name":"wp","href":"https:\/\/api.w.org\/{rel}","templated":true}]}}