{"id":101,"date":"2019-04-11T16:24:52","date_gmt":"2019-04-11T14:24:52","guid":{"rendered":"https:\/\/wordpress.nibis.de\/gsemmeln\/?page_id=101"},"modified":"2025-08-11T18:40:19","modified_gmt":"2025-08-11T16:40:19","slug":"foerderverein","status":"publish","type":"page","link":"https:\/\/wordpress.nibis.de\/gsemmeln\/foerderverein\/","title":{"rendered":"F\u00f6rderverein"},"content":{"rendered":"<div class=\"sqrpara\">\n<p>In den vergangenen Jahren konnte unsere Josefschule aufgrund der tollen Unterst\u00fctzung durch den <b>F\u00f6rderverein der Josefschule Emmeln\u00a0<\/b>viele n\u00fctzliche Anschaffungen t\u00e4tigen.<\/p>\n<p>So besitzt seit einiger Zeit jede\/r Sch\u00fcler\/in der Josefschule einen Grundschulplaner, in dem die Hausaufgaben notiert und wichtige Termine und Adressen immer sofort zu finden sind. Hier beteiligt sich der F\u00f6rderverein mit 2\u20ac pro Planer.<\/p>\n<p>Au\u00dferdem konnten Gartenger\u00e4te f\u00fcr die neue &#8222;Gartenzwerge-AG&#8220; und den Schulgarten angeschafft werden und in diesem Schuljahr d\u00fcrfen wir uns auf einen tollen musikalischen Tag mit &#8222;Trommelapplaus&#8220; freuen.<\/p>\n<\/div>\n<div class=\"sqrpara\">\n<p>Weil mit vielen, scheinbar kleinen Beitr\u00e4gen letztendlich Gro\u00dfes &#8211; zum Wohle aller in der Schulgemeinschaft &#8211; geschaffen werden kann, sollte eine Mitgliedschaft im Verein f\u00fcr jeden innerhalb der Schulfamilie selbstverst\u00e4ndlich sein. Helfen Sie uns dabei!<\/p>\n<p>Die Kinder der Josefschule Emmeln und der F\u00f6rderverein sagen\u00a0<b>DANKE!<br \/><\/b><\/p>\n<\/div>\n<div class=\"sqrpara\">\n<p>F\u00fcr weitere Fragen wenden Sie sich bitte an uns:<\/p>\n<p><b>\u00a0 \u00a0 \u00a0 \u00a0 \u00a0 \u00a0 \u00a0 \u00a0 \u00a0 \u00a0\u00a0<\/b><\/p>\n<p><b><\/b><b>Vorsitzender:<\/b> Markus Nie, Emen 12a, Tel.: 7163422<br \/><b>Vertreter:<\/b> Ingo Wocken, Am Buchenw\u00e4ldchen 13, Tel.: 0170 8347925<br \/><b>Schriftf\u00fchrerin:<\/b> Lena Rohr, Donaustra\u00dfe 21, Tel.: 7358700<br \/><b>Kassenwart:<\/b> Andreas Klitscher, Bernhardtstr. 9, Tel.: 7194201<br \/><b>Vertreterin: <\/b>Sandra Stahl, Kornblumenweg 16, Tel.: 9033070<\/p>\n<p>Dass der F\u00f6rderverein neue, junge Mitglieder bekommt, das w\u00fcnschen sich die Verantwortlichen des F\u00f6rdervereins ebenso wie alle Sch\u00fclerinnen und Sch\u00fcler der Josefschule Emmeln, die von der Unterst\u00fctzung des F\u00f6rdervereins profitieren.<\/p>\n<\/div>\n\n\n<p><a href=\"https:\/\/wordpress.nibis.de\/gsemmeln\/files\/2025\/03\/Foerderverein.pdf\">F\u00f6rderverein Beitrittserkl\u00e4rung<\/a><\/p>\n","protected":false},"excerpt":{"rendered":"<p>In den vergangenen Jahren konnte unsere Josefschule aufgrund der tollen Unterst\u00fctzung durch den F\u00f6rderverein der Josefschule Emmeln\u00a0viele n\u00fctzliche Anschaffungen t\u00e4tigen. So besitzt seit einiger Zeit jede\/r Sch\u00fcler\/in der Josefschule einen <a class=\"more-link\" href=\"https:\/\/wordpress.nibis.de\/gsemmeln\/foerderverein\/\">Continue Reading &rarr;<\/a><\/p>\n","protected":false},"author":9193017,"featured_media":0,"parent":0,"menu_order":0,"comment_status":"closed","ping_status":"closed","template":"","meta":{"footnotes":""},"class_list":["post-101","page","type-page","status-publish","hentry"],"_links":{"self":[{"href":"https:\/\/wordpress.nibis.de\/gsemmeln\/wp-json\/wp\/v2\/pages\/101","targetHints":{"allow":["GET"]}}],"collection":[{"href":"https:\/\/wordpress.nibis.de\/gsemmeln\/wp-json\/wp\/v2\/pages"}],"about":[{"href":"https:\/\/wordpress.nibis.de\/gsemmeln\/wp-json\/wp\/v2\/types\/page"}],"author":[{"embeddable":true,"href":"https:\/\/wordpress.nibis.de\/gsemmeln\/wp-json\/wp\/v2\/users\/9193017"}],"replies":[{"embeddable":true,"href":"https:\/\/wordpress.nibis.de\/gsemmeln\/wp-json\/wp\/v2\/comments?post=101"}],"version-history":[{"count":13,"href":"https:\/\/wordpress.nibis.de\/gsemmeln\/wp-json\/wp\/v2\/pages\/101\/revisions"}],"predecessor-version":[{"id":2602,"href":"https:\/\/wordpress.nibis.de\/gsemmeln\/wp-json\/wp\/v2\/pages\/101\/revisions\/2602"}],"wp:attachment":[{"href":"https:\/\/wordpress.nibis.de\/gsemmeln\/wp-json\/wp\/v2\/media?parent=101"}],"curies":[{"name":"wp","href":"https:\/\/api.w.org\/{rel}","templated":true}]}}