{"id":130,"date":"2019-04-11T16:33:04","date_gmt":"2019-04-11T14:33:04","guid":{"rendered":"https:\/\/wordpress.nibis.de\/gsemmeln\/?page_id=130"},"modified":"2019-04-11T16:33:05","modified_gmt":"2019-04-11T14:33:05","slug":"leitbild","status":"publish","type":"page","link":"https:\/\/wordpress.nibis.de\/gsemmeln\/leitbild\/","title":{"rendered":"Leitbild"},"content":{"rendered":"<div class=\"sqrpara\">\n<h2 id=\"315620a6a112f3741\">Leben<\/h2>\n<p>3.1.1.1 Wir bieten mit unserer Schule einen Lernort an, in dem die Achtung vor den Mitmenschen im Mittelpunkt steht und die Pers\u00f6nlichkeit des Kindes wahrgenommen, gest\u00e4rkt und weiterentwickelt wird.<\/p>\n<p>3.1.1.2 Wir begleiten die Kinder durch sonderp\u00e4dagogische Unterst\u00fctzung und individuelle Hilfen bei der Entfaltung ihrer geistigen, emotionalen, k\u00f6rperlichen und sozialen F\u00e4higkeiten und f\u00f6rdern ihre Begabungen und Neigungen.<\/p>\n<p>3.1.1.3 Die Kinder sollen sich geborgen f\u00fchlen und in einer freien und befreienden Atmosph\u00e4re leben und lernen k\u00f6nnen.<\/p>\n<p>3.1.1.4 Uns ist wichtig, dass die Regeln des Miteinander einge\u00fcbt werden.<br \/>\nWir helfen, Konflikte zu bew\u00e4ltigen; dazu geh\u00f6rt auch, dass wir gemeinsam mit den Eltern Grenzen setzen.<\/p>\n<p>3.1.1.5 Ein Schwerpunkt unserer Arbeit ist die Vermittlung von sozialer Kompetenz und der F\u00e4higkeit zur menschlichen Zuwendung.<\/p>\n<p>3.1.1.6 In Kooperation mit den Eltern vermitteln wir unseren Kindern Werte wie Verl\u00e4sslichkeit, P\u00fcnktlichkeit und Ordnung.<\/p>\n<\/div>\n<div class=\"sqrpara\">\n<h2 id=\"315620a6a112f6542\">Lernen<\/h2>\n<p>3.1.2.1 Unser Ziel ist es, Sch\u00fcler und Sch\u00fclerinnen mit Hilfe und Unterst\u00fctzung individuell zu f\u00f6rdern und zu fordern und ihre Leistungsbereitschaft und Freude am Lernen zu erhalten.<\/p>\n<p>3.1.2.2 Lob und Anerkennung individueller Lernfortschritte begleiten unseren Unterricht.<\/p>\n<p>3.1.2.3 Eigenverantwortung, Selbstst\u00e4ndigkeit und Teamf\u00e4higkeit sind in diesem Zusammenhang zentrale Ziele unserer Arbeit.<\/p>\n<p>3.1.2.4 Wir \u00fcben systematische Formen des Lernens mit unseren Sch\u00fclern ein, in denen die o.g. Kompetenzen zum Tragen kommen.<\/p>\n<p>3.1.2.5 Transparenz und Offenheit stellen Schwerpunkte unseres Unterrichts dar.<\/p>\n<p>3.1.2.6 Unsere Schule ist ein Ort, an dem Umwege und Fehler erlaubt sind und Bewertungen als Feedback hilfreiche Orientierung geben.<\/p>\n<\/div>\n<div class=\"sqrpara\">\n<h2 id=\"315620a6a112f8443\">Ort<\/h2>\n<p>3.1.3.1 Wir gestalten unsere Schule aktiv zu einem gemeinschaftlichen Lern- und Lebensraum.<\/p>\n<p>3.1.3.2 Wir schaffen Bedingungen (Raum, Zeit, Atmosph\u00e4re), damit sich Sch\u00fclerInnen sowie LehrerInnen und MitarbeiterInnen wohl und angenommen und Eltern willkommen f\u00fchlen.<\/p>\n<p><img loading=\"lazy\" decoding=\"async\" class=\"alignnone size-full wp-image-128\" src=\"https:\/\/wordpress.nibis.de\/gsemmeln\/files\/2019\/03\/leitbildgrafik0.gif\" alt=\"\" width=\"604\" height=\"376\"><\/p>\n<\/div>\n","protected":false},"excerpt":{"rendered":"<p>Leben 3.1.1.1 Wir bieten mit unserer Schule einen Lernort an, in dem die Achtung vor den Mitmenschen im Mittelpunkt steht und die Pers\u00f6nlichkeit des Kindes wahrgenommen, gest\u00e4rkt und weiterentwickelt wird. <a class=\"more-link\" href=\"https:\/\/wordpress.nibis.de\/gsemmeln\/leitbild\/\">Continue Reading &rarr;<\/a><\/p>\n","protected":false},"author":9193017,"featured_media":0,"parent":0,"menu_order":0,"comment_status":"closed","ping_status":"closed","template":"","meta":{"footnotes":""},"class_list":["post-130","page","type-page","status-publish","hentry"],"_links":{"self":[{"href":"https:\/\/wordpress.nibis.de\/gsemmeln\/wp-json\/wp\/v2\/pages\/130","targetHints":{"allow":["GET"]}}],"collection":[{"href":"https:\/\/wordpress.nibis.de\/gsemmeln\/wp-json\/wp\/v2\/pages"}],"about":[{"href":"https:\/\/wordpress.nibis.de\/gsemmeln\/wp-json\/wp\/v2\/types\/page"}],"author":[{"embeddable":true,"href":"https:\/\/wordpress.nibis.de\/gsemmeln\/wp-json\/wp\/v2\/users\/9193017"}],"replies":[{"embeddable":true,"href":"https:\/\/wordpress.nibis.de\/gsemmeln\/wp-json\/wp\/v2\/comments?post=130"}],"version-history":[{"count":2,"href":"https:\/\/wordpress.nibis.de\/gsemmeln\/wp-json\/wp\/v2\/pages\/130\/revisions"}],"predecessor-version":[{"id":274,"href":"https:\/\/wordpress.nibis.de\/gsemmeln\/wp-json\/wp\/v2\/pages\/130\/revisions\/274"}],"wp:attachment":[{"href":"https:\/\/wordpress.nibis.de\/gsemmeln\/wp-json\/wp\/v2\/media?parent=130"}],"curies":[{"name":"wp","href":"https:\/\/api.w.org\/{rel}","templated":true}]}}