{"id":1579,"date":"2021-12-02T08:51:37","date_gmt":"2021-12-02T07:51:37","guid":{"rendered":"https:\/\/wordpress.nibis.de\/gsemmeln\/?page_id=1579"},"modified":"2025-06-10T15:23:41","modified_gmt":"2025-06-10T13:23:41","slug":"formulare","status":"publish","type":"page","link":"https:\/\/wordpress.nibis.de\/gsemmeln\/formulare\/","title":{"rendered":"Formulare"},"content":{"rendered":"\n<p><a href=\"https:\/\/wordpress.nibis.de\/gsemmeln\/files\/2023\/08\/Infektionsschutz.pdf\">Infektionsschutz&nbsp;<\/a><\/p>\n<p><a href=\"https:\/\/wordpress.nibis.de\/gsemmeln\/files\/2023\/08\/Witterung.pdf\">Witterung<\/a>&nbsp;<\/p>\n\n\n\n<p><a href=\"https:\/\/wordpress.nibis.de\/gsemmeln\/files\/2023\/08\/Waffenerlass.pdf\">Waffenerlass&nbsp;<\/a><\/p>\n<p><a href=\"https:\/\/wordpress.nibis.de\/gsemmeln\/files\/2023\/08\/Nutzungsordnung-IServ.pdf\">Nutzungsordnung-IServ<\/a><\/p>\n<p><a href=\"https:\/\/wordpress.nibis.de\/gsemmeln\/files\/2022\/06\/Bildungs-und-Teilhabepaket.pdf\">Bildungs-und-Teilhabepaket<\/a><\/p>\n<p><a href=\"https:\/\/www.emsland.de\/leben-freizeit\/arbeit-und-soziales\/bildung-und-teilhabe\/das-bildungs-und-teilhabepaket.html\">https:\/\/www.emsland.de\/leben-freizeit\/arbeit-und-soziales\/bildung-und-teilhabe\/das-bildungs-und-teilhabepaket.html<\/a><\/p>\n<p><a href=\"https:\/\/wordpress.nibis.de\/gsemmeln\/files\/2025\/05\/Elternbrief-Deutsch-Mai-2025.pdf\">Mittagsverpflegung<\/a><\/p>\n<p><a href=\"https:\/\/wordpress.nibis.de\/gsemmeln\/files\/2025\/05\/Elternbrief-Englisch-Mai-2025.pdf\">Mittagsverpflegung \/ lunch catering<\/a><\/p>\n<p><a href=\"https:\/\/wordpress.nibis.de\/gsemmeln\/files\/2025\/05\/Elternbrief-Ukrainisch-Mai-2025.pdf\">Mittagsverpflegung \/ \u041e\u0431\u0456\u0434\u043d\u0456\u0439 \u0441\u0435\u0440\u0432\u0456\u0441<\/a><\/p>\n<p><a href=\"https:\/\/wordpress.nibis.de\/gsemmeln\/files\/2025\/05\/Elternbrief-Tuerkisch-Mai-2025.pdf\">Mittagsverpflegung \/ \u00d6\u011fle yeme\u011fi ikram <\/a><\/p>\n<p><a href=\"https:\/\/wordpress.nibis.de\/gsemmeln\/files\/2025\/05\/Elternbrief-Tschechisch-Mai-2025.pdf\">Mittagsverpflegung \/ P\u0159\u00edm\u011bstsk\u00e1 strava<\/a><\/p>\n<p><a href=\"https:\/\/wordpress.nibis.de\/gsemmeln\/files\/2025\/05\/Elternbrief-Russisch-Mai-2025.pdf\">Mittagsverpflegung \/ \u0421\u0438\u0441\u0442\u0435\u043c\u0430 \u043e\u0431\u0441\u043b\u0443\u0436\u0438\u0432\u0430\u043d\u0438\u044f<\/a><\/p>\n<p><a href=\"https:\/\/wordpress.nibis.de\/gsemmeln\/files\/2025\/05\/Elternbrief-Rumaenisch-Mai-2025.pdf\">Mittagsverpflegung \/ Procesul de servire<\/a><\/p>\n<p><a href=\"https:\/\/wordpress.nibis.de\/gsemmeln\/files\/2025\/05\/Elternbrief-Polnisch-Mai-2025.pdf\">Mittagsverpflegung \/ System cateringu<\/a><\/p>\n<p><a href=\"https:\/\/wordpress.nibis.de\/gsemmeln\/files\/2025\/05\/Elternbrief-Albanisch-Mai-2025.pdf\">Mittagsverpflegung \/ Sistemi i ushqimit<\/a><\/p>\n\n\n\n<p><a href=\"https:\/\/wordpress.nibis.de\/gsemmeln\/files\/2025\/06\/Wegweiser-ABC-2025-2026.pdf\">Wegweiser durch das Schuljahr<\/a><\/p>\n<p><a href=\"https:\/\/wordpress.nibis.de\/gsemmeln\/files\/2025\/03\/Foerderverein.pdf\">F\u00f6rderverein Beitrittserkl\u00e4rung<\/a><\/p>\n<p>\u00a0<\/p>\n","protected":false},"excerpt":{"rendered":"<p>Infektionsschutz&nbsp; Witterung&nbsp; Waffenerlass&nbsp; Nutzungsordnung-IServ Bildungs-und-Teilhabepaket https:\/\/www.emsland.de\/leben-freizeit\/arbeit-und-soziales\/bildung-und-teilhabe\/das-bildungs-und-teilhabepaket.html Mittagsverpflegung Mittagsverpflegung \/ lunch catering Mittagsverpflegung \/ \u041e\u0431\u0456\u0434\u043d\u0456\u0439 \u0441\u0435\u0440\u0432\u0456\u0441 Mittagsverpflegung \/ \u00d6\u011fle yeme\u011fi ikram Mittagsverpflegung \/ P\u0159\u00edm\u011bstsk\u00e1 strava Mittagsverpflegung \/ \u0421\u0438\u0441\u0442\u0435\u043c\u0430 \u043e\u0431\u0441\u043b\u0443\u0436\u0438\u0432\u0430\u043d\u0438\u044f Mittagsverpflegung \/ <a class=\"more-link\" href=\"https:\/\/wordpress.nibis.de\/gsemmeln\/formulare\/\">Continue Reading &rarr;<\/a><\/p>\n","protected":false},"author":9193017,"featured_media":0,"parent":0,"menu_order":0,"comment_status":"closed","ping_status":"closed","template":"","meta":{"footnotes":""},"class_list":["post-1579","page","type-page","status-publish","hentry"],"_links":{"self":[{"href":"https:\/\/wordpress.nibis.de\/gsemmeln\/wp-json\/wp\/v2\/pages\/1579","targetHints":{"allow":["GET"]}}],"collection":[{"href":"https:\/\/wordpress.nibis.de\/gsemmeln\/wp-json\/wp\/v2\/pages"}],"about":[{"href":"https:\/\/wordpress.nibis.de\/gsemmeln\/wp-json\/wp\/v2\/types\/page"}],"author":[{"embeddable":true,"href":"https:\/\/wordpress.nibis.de\/gsemmeln\/wp-json\/wp\/v2\/users\/9193017"}],"replies":[{"embeddable":true,"href":"https:\/\/wordpress.nibis.de\/gsemmeln\/wp-json\/wp\/v2\/comments?post=1579"}],"version-history":[{"count":43,"href":"https:\/\/wordpress.nibis.de\/gsemmeln\/wp-json\/wp\/v2\/pages\/1579\/revisions"}],"predecessor-version":[{"id":2590,"href":"https:\/\/wordpress.nibis.de\/gsemmeln\/wp-json\/wp\/v2\/pages\/1579\/revisions\/2590"}],"wp:attachment":[{"href":"https:\/\/wordpress.nibis.de\/gsemmeln\/wp-json\/wp\/v2\/media?parent=1579"}],"curies":[{"name":"wp","href":"https:\/\/api.w.org\/{rel}","templated":true}]}}

<p><a href="https://wordpress.nibis.de/gsemmeln/files/2023/08/Infektionsschutz.pdf">Infektionsschutz&nbsp;</a></p>
<p><a href="https://wordpress.nibis.de/gsemmeln/files/2023/08/Witterung.pdf">Witterung</a>&nbsp;</p>



<p><a href="https://wordpress.nibis.de/gsemmeln/files/2023/08/Waffenerlass.pdf">Waffenerlass&nbsp;</a></p>
<p><a href="https://wordpress.nibis.de/gsemmeln/files/2023/08/Nutzungsordnung-IServ.pdf">Nutzungsordnung-IServ</a></p>
<p><a href="https://wordpress.nibis.de/gsemmeln/files/2022/06/Bildungs-und-Teilhabepaket.pdf">Bildungs-und-Teilhabepaket</a></p>
<p><a href="https://www.emsland.de/leben-freizeit/arbeit-und-soziales/bildung-und-teilhabe/das-bildungs-und-teilhabepaket.html">https://www.emsland.de/leben-freizeit/arbeit-und-soziales/bildung-und-teilhabe/das-bildungs-und-teilhabepaket.html</a></p>
<p><a href="https://wordpress.nibis.de/gsemmeln/files/2025/05/Elternbrief-Deutsch-Mai-2025.pdf">Mittagsverpflegung</a></p>
<p><a href="https://wordpress.nibis.de/gsemmeln/files/2025/05/Elternbrief-Englisch-Mai-2025.pdf">Mittagsverpflegung / lunch catering</a></p>
<p><a href="https://wordpress.nibis.de/gsemmeln/files/2025/05/Elternbrief-Ukrainisch-Mai-2025.pdf">Mittagsverpflegung / Обідній сервіс</a></p>
<p><a href="https://wordpress.nibis.de/gsemmeln/files/2025/05/Elternbrief-Tuerkisch-Mai-2025.pdf">Mittagsverpflegung / Öğle yemeği ikram </a></p>
<p><a href="https://wordpress.nibis.de/gsemmeln/files/2025/05/Elternbrief-Tschechisch-Mai-2025.pdf">Mittagsverpflegung / Příměstská strava</a></p>
<p><a href="https://wordpress.nibis.de/gsemmeln/files/2025/05/Elternbrief-Russisch-Mai-2025.pdf">Mittagsverpflegung / Система обслуживания</a></p>
<p><a href="https://wordpress.nibis.de/gsemmeln/files/2025/05/Elternbrief-Rumaenisch-Mai-2025.pdf">Mittagsverpflegung / Procesul de servire</a></p>
<p><a href="https://wordpress.nibis.de/gsemmeln/files/2025/05/Elternbrief-Polnisch-Mai-2025.pdf">Mittagsverpflegung / System cateringu</a></p>
<p><a href="https://wordpress.nibis.de/gsemmeln/files/2025/05/Elternbrief-Albanisch-Mai-2025.pdf">Mittagsverpflegung / Sistemi i ushqimit</a></p>



<p><a href="https://wordpress.nibis.de/gsemmeln/files/2025/06/Wegweiser-ABC-2025-2026.pdf">Wegweiser durch das Schuljahr</a></p>
<p><a href="https://wordpress.nibis.de/gsemmeln/files/2025/03/Foerderverein.pdf">Förderverein Beitrittserklärung</a></p>
<p> </p>

<p>Infektionsschutz&nbsp; Witterung&nbsp; Waffenerlass&nbsp; Nutzungsordnung-IServ Bildungs-und-Teilhabepaket https://www.emsland.de/leben-freizeit/arbeit-und-soziales/bildung-und-teilhabe/das-bildungs-und-teilhabepaket.html Mittagsverpflegung Mittagsverpflegung / lunch catering Mittagsverpflegung / Обідній сервіс Mittagsverpflegung / Öğle yemeği ikram Mittagsverpflegung / Příměstská strava Mittagsverpflegung / Система обслуживания Mittagsverpflegung / <a class="more-link" href="https://wordpress.nibis.de/gsemmeln/formulare/">Continue Reading &rarr;</a></p>
