{"id":1728,"date":"2016-12-27T06:47:26","date_gmt":"2016-12-27T05:47:26","guid":{"rendered":"http:\/\/wordpress.nibis.de\/gsengter\/?page_id=1728"},"modified":"2026-01-06T17:50:17","modified_gmt":"2026-01-06T16:50:17","slug":"foerderkonzept","status":"publish","type":"page","link":"https:\/\/wordpress.nibis.de\/gsengter\/foerderkonzept\/","title":{"rendered":"F\u00f6rdern und Fordern"},"content":{"rendered":"<p style=\"text-align: center\" align=\"CENTER\"><span style=\"font-size: 14pt;color: #000000\"><b>F\u00f6rder- und Forderkonzept der Grundschule Engter<\/b><\/span><\/p>\n<p style=\"text-align: center\"><span style=\"font-size: 12pt\">Download <a href=\"http:\/\/wordpress.nibis.de\/gsengter\/files\/2016\/12\/F\u00f6rderkonzept-EngterVO-1.doc\">F\u00f6rder- und Forderkonzept der Grundschule Engter<br \/>\n<\/a><\/span><\/p>\n<p><span style=\"font-size: medium\">Die Grundschule soll die Voraussetzungen daf\u00fcr schaffen, dass alle Kinder entsprechend ihren F\u00e4higkeiten und Begabungen \u00fcber die Kompetenzen Lesen, Schreiben und Rechnen verf\u00fcgen. Bei auftretenden Lernschwierigkeiten bzw. bei Feststellung besonderer Begabungen f\u00fchrt die Grundschule Engter F\u00f6rder- oder Forderma\u00dfnahmen durch. <\/span><\/p>\n<p><span style=\"font-size: medium\"><b>Gliederung des F\u00f6rderkonzeptes<\/b><\/span><\/p>\n<ol>\n<li><span style=\"font-size: medium\"><b>Rechtliche Vorgaben<\/b><\/span><\/li>\n<li><span style=\"font-size: medium\"><b>Ziele<\/b><\/span><\/li>\n<li><span style=\"font-size: medium\"><b>Ebenen<\/b><\/span><\/li>\n<\/ol>\n<p><span style=\"font-size: medium\"><b>3.1 F\u00f6rdern\/ Fordern auf Schulebene<\/b><\/span><\/p>\n<p><span style=\"font-size: medium\"><b>3.2 F\u00f6rdern\/ Fordern auf Klassenebene<\/b><\/span><\/p>\n<p><span style=\"font-size: medium\"><b>3.3 F\u00f6rdern\/ Fordern auf individueller Ebene<\/b><\/span><\/p>\n<ol start=\"4\">\n<li><span style=\"font-size: medium\"><b>Ma\u00dfnahmen<\/b><\/span><\/li>\n<\/ol>\n<p><span style=\"font-size: medium\"><b>4.1 F\u00f6rdern\/ Fordern im Fach Deutsch<\/b><\/span><\/p>\n<p><span style=\"font-size: medium\"><b>4.2.F\u00f6rdern\/ Fordern im Fach Mathematik<\/b><\/span><\/p>\n<ol>\n<li><span style=\"font-size: medium\"><b>Rechtliche Vorgaben<\/b><\/span><\/li>\n<\/ol>\n<p><u>Nieders\u00e4chsisches Schulgesetz (\u00a7 54 Recht auf Bildung )<\/u><\/p>\n<p>1Das Land ist verpflichtet, im Rahmen seiner M\u00f6glichkeiten das Schulwesen so zu f\u00f6rdern, dass alle in Niedersachsen wohnenden Sch\u00fclerinnen und Sch\u00fcler ihr Recht auf Bildung verwirklichen k\u00f6nnen. 2Das Schulwesen soll eine begabungsgerechte individuelle F\u00f6rderung erm\u00f6glichen und eine gesicherte Unterrichtsversorgung bieten. 3Unterschiede in den Bildungschancen sind nach M\u00f6glichkeit durch besondere F\u00f6rderung der benachteiligten Sch\u00fclerinnen und Sch\u00fcler auszugleichen. 4Auch hochbegabte Sch\u00fclerinnen und Sch\u00fcler sollen besonders gef\u00f6rdert werden.<\/p>\n<p><u>Die Arbeit in der Grundschule RdErl. d. MK v. 1.8.2012 &#8211; 32.2-81020 (SVBl. S 404), ge\u00e4ndert durch RdErl. d. MK v. 1.9.2015 &#8211; 22.2-81020 (SVBl. S. 399) &#8211; VORIS 22410)<\/u><\/p>\n<p>\u201eDer Unterricht richtet sich grunds\u00e4tzlich am individuellen Entwicklungsstand, an den individuellen Begabungen und Neigungen und an bestehenden oder sich abzeichnenden Lernerfolgen und -problemen jeder Sch\u00fclerin und jedes Sch\u00fclers aus. Der Heterogenit\u00e4t einer Lerngruppe wird mit einem differenzierenden und individualisierenden Unterricht entsprochen. Die Gestaltung der Lernprozesse orientiert sich somit an der individuellen Lern- und Leistungsf\u00e4higkeit der Sch\u00fclerinnen und Sch\u00fcler sowie an der Lernsituation der jeweiligen Lerngruppe und an den erwarteten Kompetenzen. Hierbei gilt es, das Selbstvertrauen in die eigene Leistungsf\u00e4higkeit und die Leistungsfreude der Sch\u00fclerinnen und Sch\u00fcler zu st\u00e4rken.\u201c<\/p>\n<p><span style=\"color: #000000\"><span style=\"font-family: Arial,sans-serif\"><span style=\"font-size: small\"><i><u>RdErl. d. MK v. 4.10.2005 &#8211; 26-81631-05 (SVBl. 11\/2005 S.560) <\/u><\/i><\/span><\/span><\/span><\/p>\n<p><span style=\"color: #000000\"><span style=\"font-size: medium\">Erlass zur F\u00f6rderung von Sch\u00fclerinnen und Sch\u00fclern mit besonderen Schwierigkeiten im Lesen, Rechtschreiben oder Rechnen\u00a0<\/span><\/span><\/p>\n<ol start=\"2\">\n<li><span style=\"color: #000000\"><span style=\"font-size: medium\"><b>Ziele <\/b><\/span><\/span><\/li>\n<\/ol>\n<ul>\n<li><span style=\"color: #000000\"><span style=\"font-size: medium\">Voraussetzungen schaffen, dass alle Kinder \u00fcber die geforderten Kompetenzen im Lesen, Schreiben und Rechnen verf\u00fcgen<\/span><\/span><\/li>\n<li><span style=\"color: #000000\"><span style=\"font-size: medium\">Lernschwierigkeiten entgegenwirken <\/span><\/span><\/li>\n<li><span style=\"color: #000000\"><span style=\"font-size: medium\">Lernr\u00fcckst\u00e4nde aufarbeiten<\/span><\/span><\/li>\n<li><span style=\"color: #000000\"><span style=\"font-size: medium\">Etablierung einer Fehlerkultur (Lernen durch Fehler)<\/span><\/span><\/li>\n<li><span style=\"color: #000000\"><span style=\"font-size: medium\">Lernstrategien f\u00f6rdern<\/span><\/span><\/li>\n<li><span style=\"color: #000000\"><span style=\"font-size: medium\">Lernzug\u00e4nge individuell ber\u00fccksichtigen<\/span><\/span><\/li>\n<li><span style=\"color: #000000\"><span style=\"font-size: medium\">St\u00e4rkung des Selbstbewusstseins (Ich schaffe das!)<\/span><\/span><\/li>\n<li><span style=\"color: #000000\"><span style=\"font-size: medium\">Entfaltung von besonderen F\u00e4higkeiten lernstarker Sch\u00fcler<\/span><\/span><\/li>\n<\/ul>\n<ol start=\"3\">\n<li><span style=\"font-size: medium\"><b>Ebenen<\/b><\/span><\/li>\n<\/ol>\n<ol start=\"3\">\n<li style=\"list-style-type: none\">\n<ol>\n<li><span style=\"font-size: medium\"><b>F\u00f6rdern\/ Fordern auf Schulebene<\/b><\/span><\/li>\n<\/ol>\n<\/li>\n<\/ol>\n<ul>\n<li><span style=\"font-size: medium\">Vorschulische Sprachf\u00f6rderung in den benachbarten Kinderg\u00e4rten f\u00fcr Kinder \u201enichtdeutscher Herkunftssprache\u201c<\/span><\/li>\n<li><span style=\"font-size: medium\">In der Hausaufgabenhilfe\/Nachmittagsbetreuung<\/span><\/li>\n<li><span style=\"font-size: medium\">In der Sprachf\u00f6rderung f\u00fcr Kinder \u201enichtdeutscher Herkunftssprache\u201c der Klassen 1-4<\/span><\/li>\n<li><span style=\"font-size: medium\">BVB &#8211; Begabtenverbund (??)<\/span><\/li>\n<\/ul>\n<p><span style=\"font-size: medium\"><b>Zust\u00e4ndigkeit: Fachlehrer der Grundschule<\/b><\/span><\/p>\n<ol start=\"3\">\n<li style=\"list-style-type: none\">\n<ol>\n<li><span style=\"font-size: medium\"><b>F\u00f6rdern\/ Fordern auf Klassenebene<\/b><\/span><\/li>\n<\/ol>\n<\/li>\n<\/ol>\n<ul>\n<li><span style=\"font-size: medium\">F\u00f6rderma\u00dfnahmen im Unterricht der Klassen 1-4:<\/span><\/li>\n<\/ul>\n<ul>\n<li><span style=\"font-size: medium\">Qualitative und quantitative Binnendifferenzierung im Lernstoff (unterrichtsbegleitend)<\/span><\/li>\n<li><span style=\"font-size: medium\">Methodenvielfalt<\/span><\/li>\n<li><span style=\"font-size: medium\">Verschiedene Sozialformen<\/span><\/li>\n<\/ul>\n<p><span style=\"font-size: medium\"><b>Zust\u00e4ndigkeit: Fachlehrer der Grundschule<\/b><\/span><\/p>\n<ol start=\"3\">\n<li style=\"list-style-type: none\">\n<ol start=\"3\">\n<li><span style=\"font-size: medium\"><b>F\u00f6rdern \/ Fordern auf individueller Ebene<\/b><\/span><\/li>\n<\/ol>\n<\/li>\n<\/ol>\n<ul>\n<li><span style=\"font-size: medium\">F\u00f6rderunterricht parallel zum Unterricht und zus\u00e4tzlich<\/span><\/li>\n<\/ul>\n<ul>\n<li><span style=\"font-size: medium\">Im Unterricht in Doppelbesetzung<\/span><\/li>\n<li><span style=\"font-size: medium\">In Bedarfsgruppen (klassen- und\/ oder jahrgangs\u00fcbergreifend)<\/span><\/li>\n<li><span style=\"font-size: medium\">Bei Teilleistungsst\u00f6rung auch Teilnahme am Unterricht einer anderen Jahrgangsstufe<\/span><\/li>\n<\/ul>\n<ul>\n<li><span style=\"font-size: medium\">Zus\u00e4tzliche \u00dcbungsangebote nach Absprache mit den Erziehungsberechtigten (in der Schule und\/ oder au\u00dferschulisch)<\/span><\/li>\n<li><span style=\"font-size: medium\">Eventuell Nachteilsausgleich auf Beschluss der Klassenkonferenz (Voraussetzung: Abweichungen sind in der Dokumentation der individuellen<\/span><b> <\/b><span style=\"font-size: medium\">Lernentwicklung ausgewiesen und werden auch weiter dokumentiert und ein F\u00f6rderplan wird erstellt)<\/span><\/li>\n<\/ul>\n<p><span style=\"font-size: medium\"><b>Zust\u00e4ndigkeit: F\u00f6rderlehrer\/ Fachlehrer der Grundschule in Abpsrache<\/b><\/span><\/p>\n<ol start=\"3\">\n<li style=\"list-style-type: none\">\n<ol start=\"3\">\n<li><span style=\"font-size: medium\"><b>F\u00f6rderung von Kindern mit sonderp\u00e4dagogischem Unterst\u00fctzungsbedarf<\/b><\/span><\/li>\n<\/ol>\n<\/li>\n<\/ol>\n<ul>\n<li><span style=\"font-size: medium\">Feststellung eines Bedarfs an sonderp\u00e4dagogischer Unterst\u00fctzung<\/span><\/li>\n<\/ul>\n<ul>\n<li><span style=\"font-size: medium\">Beratung und Unterst\u00fctzung der Lehrkr\u00e4fte sowie Eltern und Kinder durch die Mobilen Dienste<\/span><\/li>\n<\/ul>\n<ul>\n<li><span style=\"font-size: medium\">der Anne-Frank-Schule (f\u00fcr Kinder mit Unterst\u00fctzungsbedarf im Bereich der k\u00f6rperlich-motorischen Entwicklung KME)<\/span><\/li>\n<li><span style=\"font-size: medium\">des Landesbildungszentrums f\u00fcr H\u00f6rgesch\u00e4digte (LBZH \u2013 f\u00fcr Kinder mit Unterst\u00fctzungsbedarf im Bereich H\u00f6ren)<\/span><\/li>\n<li><span style=\"font-size: medium\">der Wilhelm-Busch-Schule (f\u00fcr Kinder mit Unterst\u00fctzungsbedarf im Bereich emotionale\/soziale Entwicklung ESE)<\/span><\/li>\n<li><span style=\"font-size: medium\">Kinder mit sonderp\u00e4dagogischem Unterst\u00fctzungsbedarf im Bereich der geistigen Entwicklung (GE) werden durch Lehrkr\u00e4fte der Wilhelm-Busch-Schule durch zus\u00e4tzliche Stunden gef\u00f6rdert. <\/span><\/li>\n<li><span style=\"font-size: medium\">Kinder mit sonderp\u00e4dagogischem Unterst\u00fctzungsbedarf im Bereich LERNEN und SPRACHE\/SPRECHEN sowie im Bereich SOZIAL \u2013 EMOTIONALE ENTWICKLUNG werden durch die F\u00f6rderschullehrkr\u00e4fte im Rahmen der Grundversorgung gef\u00f6rdert. <\/span><\/li>\n<\/ul>\n<p><span style=\"font-size: medium\"><b>Zust\u00e4ndigkeit: F\u00f6rderlehrerinnen<\/b><\/span><\/p>\n<ol start=\"3\">\n<li><span style=\"font-size: medium\"><b>Ma\u00dfnahmen<\/b><\/span><\/li>\n<\/ol>\n<p><span style=\"font-size: medium\">Grunds\u00e4tzlich findet binnendifferenzierte F\u00f6rderung in allen Klassenstufen statt. <\/span><\/p>\n<p><span style=\"font-size: medium\">Bei der Einteilung der Stunden der sonderp\u00e4dagogischen Grundversorgung werden vorrangig die Kinder mit festgestelltem sonderp\u00e4dagogischen Unterst\u00fctzungsbedarf (Statuskinder) ber\u00fccksichtigt. <\/span><\/p>\n<p><span style=\"font-size: medium\">Da wir \u00fcberzeugt sind, dass fr\u00fchzeitige pr\u00e4ventive Ma\u00dfnahmen eine positive Lernentwicklung in h\u00f6heren Jahrg\u00e4ngen beg\u00fcnstigt, liegt der Schwerpunkt der weiteren Verteilung der Stunden auf den Jahrg\u00e4ngen 1 und 2. Dar\u00fcber hinaus findet &#8211; bei Vorhandensein von entsprechenden Stunden \u2013 eine F\u00f6rderung auch in Klasse 3 statt.<\/span><\/p>\n<p><span style=\"font-size: medium\"><i><u>Grundlegende Vereinbarungen f\u00fcr das F\u00f6rdern und Fordern<\/u><\/i><\/span><\/p>\n<ul>\n<li><span style=\"font-size: medium\">Feststellung der Kinder mit besonderem Unterst\u00fctzungsbedarf\/ R\u00fcckmeldung an die Erziehungsberechtigten<\/span><\/li>\n<li><span style=\"font-size: medium\">Feststellung der Kinder mit Teilleistungsst\u00f6rungen<\/span><\/li>\n<li><span style=\"font-size: medium\">regelm\u00e4\u00dfige \u00dcberpr\u00fcfung des Lernstands, ggfs. auch computergest\u00fctzt<\/span><\/li>\n<li><span style=\"font-size: medium\">ggfs. Festlegung von Bedarfsgruppen<\/span><\/li>\n<li><span style=\"font-size: medium\">(<\/span><span style=\"font-size: medium\"><i>Klassenteambesprechungen zur Erstellung der F\u00f6rderpl\u00e4ne, halbj\u00e4hrlich)<\/i><\/span><\/li>\n<li><span style=\"font-size: medium\">ggfs. zeitlich begrenzte Festlegung von abweichenden Leistungsbewertungen\/-kontrollen (Nachteilsausgleich, Beschluss in der Klassenkonferenz)<\/span><\/li>\n<li><span style=\"font-size: medium\">Zeitliche Begrenzung der F\u00f6rderziele<\/span><\/li>\n<li><span style=\"font-size: medium\">Evaluation und Anpassung des F\u00f6rderplans\/ Dokumentation und Er\u00f6rterung der individuellen Lernfortschritte <\/span><\/li>\n<li><span style=\"font-size: medium\">Absprache des F\u00f6rderplans mit den Erziehungsberechtigten<\/span><\/li>\n<\/ul>\n<p><span style=\"font-size: medium\"><i><u>Wann und wo f\u00f6rdern wir?<\/u><\/i><\/span><\/p>\n<ul>\n<li><span style=\"font-size: medium\">In erster Linie findet die F\u00f6rderung im Rahmen des Fachunterrichts statt <\/span><\/li>\n<\/ul>\n<ul>\n<li><span style=\"font-size: medium\">Als gezielter Arbeitsauftrag<\/span><\/li>\n<li><span style=\"font-size: medium\">Als Differenzierungsma\u00dfnahme nach Beendigung eines Arbeitsauftrages<\/span><\/li>\n<\/ul>\n<ul>\n<li><span style=\"font-size: medium\">Sonstige F\u00f6rderzeiten:<\/span><\/li>\n<\/ul>\n<ul>\n<li><span style=\"font-size: medium\">Ausgewiesene F\u00f6rderstunden<\/span><\/li>\n<li><span style=\"font-size: medium\">In Absprache mit den Eltern im h\u00e4uslichen Bereich<\/span><\/li>\n<\/ul>\n<p><span style=\"font-size: medium\"><b>4.1 F\u00f6rdern\/ Fordern im Fach Deutsch<\/b><\/span><\/p>\n<p><span style=\"font-size: medium\"><i><b>Lesef\u00f6rderung in Klasse 1 und 2<\/b><\/i><\/span><\/p>\n<p><span style=\"font-size: medium\"><u>Diagnose<\/u><\/span><\/p>\n<ul>\n<li><span style=\"font-size: medium\">M\u00fcnsteraner Screening innerhalb der ersten Schulwochen<\/span><\/li>\n<li><span style=\"font-size: medium\">Allgemeine Beobachtungen<\/span><\/li>\n<li><span style=\"font-size: medium\">Nach Bedarf Stolperw\u00f6rter-Lesetest<\/span><\/li>\n<\/ul>\n<p><span style=\"font-size: medium\"><u>F\u00f6rderma\u00dfnahmen<\/u><\/span><\/p>\n<ul>\n<li><span style=\"font-size: medium\">Lies mal! -Hefte 1-6<\/span><\/li>\n<li><span style=\"font-size: medium\">Lesen mit Lisa<\/span><\/li>\n<li><span style=\"font-size: medium\">ABC der Tiere<\/span><\/li>\n<li><span style=\"font-size: medium\">Meilensteine Deutsch in kleinen Schritten<\/span><\/li>\n<li><span style=\"font-size: medium\">Jojo Lese-Mal-Bl\u00e4tter<\/span><\/li>\n<li><span style=\"font-size: medium\">Klassenb\u00fccherei<\/span><\/li>\n<li><span style=\"font-size: medium\">Jojo Differenzierungs- und Inklusionsmaterialien<\/span><\/li>\n<li><span style=\"font-size: medium\">Klick Deutsch 1-4<\/span><\/li>\n<\/ul>\n<p><span style=\"font-size: medium\"><i><b>Lesef\u00f6rderung in Klasse 3 und 4<\/b><\/i><\/span><\/p>\n<p><span style=\"font-size: medium\"><u>Diagnose<\/u><\/span><\/p>\n<ul>\n<li><span style=\"font-size: medium\">Stolperw\u00f6rter-Lesetest nach Bedarf<\/span><\/li>\n<li><span style=\"font-size: medium\">VERA -Vergleichsstudie<\/span><\/li>\n<li><span style=\"font-size: medium\">Regelm\u00e4\u00dfige Lesetests<\/span><\/li>\n<\/ul>\n<p><span style=\"font-size: medium\"><u>F\u00f6rderma\u00dfnahmen<\/u><\/span><\/p>\n<ul>\n<li><span style=\"font-size: medium\">Lies mal! -Hefte 1-6<\/span><\/li>\n<li><span style=\"font-size: medium\">Lesen mit Lisa<\/span><\/li>\n<li><span style=\"font-size: medium\">Klassenb\u00fccherei<\/span><\/li>\n<li><span style=\"font-size: medium\">Antolin<\/span><\/li>\n<li><span style=\"font-size: medium\">Klick Deutsch 1-4<\/span><\/li>\n<li><span style=\"font-size: medium\">Jojo Differenzierungs- und Inklusionsmaterialien<\/span><\/li>\n<\/ul>\n<p><span style=\"font-size: medium\"><i><b>Rechtschreibung in Klasse 1 und 2 <\/b><\/i><\/span><\/p>\n<p><span style=\"font-size: medium\"><u>Diagnose<\/u><\/span><\/p>\n<ul>\n<li><span style=\"font-size: medium\">M\u00fcnsteraner Screening (M\u00dcSC)<\/span><\/li>\n<li><span style=\"font-size: medium\">Nach BEDARF Hamburger Schreibprobe (HSP)<\/span><\/li>\n<li><span style=\"font-size: medium\">Schreiben nach Ansage \u2013 regelm\u00e4\u00dfige Schreibproben<\/span><\/li>\n<\/ul>\n<p><span style=\"font-size: medium\"><u>F\u00f6rderma\u00dfnahmen<\/u><\/span><\/p>\n<ul>\n<li><span style=\"font-size: medium\">M\u00fcnsteraner Trainingsprogramm (M\u00dcT)<\/span><\/li>\n<li><span style=\"font-size: medium\">Lesezoo<\/span><\/li>\n<li><span style=\"font-size: medium\">Rechtschreibdetektive<\/span><\/li>\n<li><span style=\"font-size: medium\">Meilensteine Deutsch<\/span><\/li>\n<li><span style=\"font-size: medium\">Jojo Differenzierungs- und Inklusionsmaterial<\/span><\/li>\n<li><span style=\"font-size: medium\">Klick Deutsch 1-4<\/span><\/li>\n<\/ul>\n<p><span style=\"font-size: medium\"><i><b>Rechtschreibung in Klasse 3 und 4 <\/b><\/i><\/span><\/p>\n<p><span style=\"font-size: medium\"><u>Diagnose<\/u><\/span><\/p>\n<ul>\n<li><span style=\"font-size: medium\">Nach Bedarf Hamburger Schreibprobe (HSP)<\/span><\/li>\n<li><span style=\"font-size: medium\">Schreiben nach Ansage \u2013 regelm\u00e4\u00dfige Schreibproben<\/span><\/li>\n<li><span style=\"font-size: medium\">Inventar Impliziter Rechtschreibregeln (IIR)<\/span><\/li>\n<\/ul>\n<p><span style=\"font-size: medium\"><u>F\u00f6rderma\u00dfnahmen<\/u><\/span><\/p>\n<ul>\n<li><span style=\"font-size: medium\">F\u00f6rdermaterialien zu den Bereichen des IIR<\/span><\/li>\n<li><span style=\"font-size: medium\">Rechtschreibdetektiv<\/span><\/li>\n<li><span style=\"font-size: medium\">Selbstlernhefte Rechtschreiben Jandorfverlag<\/span><\/li>\n<li><span style=\"font-size: medium\">Klick 1-4<\/span><\/li>\n<li><span style=\"font-size: medium\">Jojo Differenzierungs- und Inklusionsmaterialien<\/span><\/li>\n<\/ul>\n<p><span style=\"font-size: medium\"><i><b>F\u00f6rderung im Bereich \u201eTexte verfassen\u201c Klasse 1 und 2<\/b><\/i><\/span><\/p>\n<p><span style=\"font-size: medium\"><u>Diagnose<\/u><\/span><\/p>\n<ul>\n<li><span style=\"font-size: medium\">Kurze schriftliche Berichte vom Wochenende<\/span><\/li>\n<li><span style=\"font-size: medium\">Freies Schreiben<\/span><\/li>\n<\/ul>\n<p><span style=\"font-size: medium\"><i><b>F\u00f6rderung im Bereich \u201eTexte verfassen\u201c in Klasse 3 und 4<\/b><\/i><\/span><\/p>\n<p><span style=\"font-size: medium\"><u>Diagnose<\/u><\/span><\/p>\n<ul>\n<li><span style=\"font-size: medium\">Freies Schreiben<\/span><\/li>\n<li><span style=\"font-size: medium\">Anlassbezogenes Schreiben<\/span><\/li>\n<li><span style=\"font-size: medium\">Regelm\u00e4\u00dfige Pr\u00fcfaufs\u00e4tze<\/span><\/li>\n<\/ul>\n<p><span style=\"font-size: medium\"><u>F\u00f6rderma\u00dfnahmen<\/u><\/span><\/p>\n<ul>\n<li><span style=\"font-size: medium\">Aufsatzerziehung<\/span><\/li>\n<li><span style=\"font-size: medium\">Schreibkonferenzen<\/span><\/li>\n<li><span style=\"font-size: medium\">Hilfsmittel, z.B. Drehscheibe, zur Festigung von Aufsatzschwerpunkten (Satzanf\u00e4nge, Wortfelder, passende Adjektive etc.)<\/span><\/li>\n<\/ul>\n<p><span style=\"font-size: medium\"><b>4.2.F\u00f6rdern\/ Fordern im Fach Mathematik<\/b><\/span><\/p>\n<p><span style=\"font-size: medium\"><b>KLASSE 1 und 2<\/b><\/span><\/p>\n<p><span style=\"font-size: medium\"><u>Diagnose<\/u><\/span><\/p>\n<ul>\n<li><span style=\"font-size: medium\">Eingangsdiagnostik aus \u201eDenken und Rechnen\u201c<\/span><\/li>\n<li><span style=\"font-size: medium\">Lernzielkontrollen<\/span><\/li>\n<li><span style=\"font-size: medium\">D\u00dcMA<\/span><\/li>\n<\/ul>\n<p><span style=\"color: #000000\"><span style=\"font-size: medium\"><u>F\u00f6rderma\u00dfnahmen<\/u><\/span><\/span><\/p>\n<ul>\n<li><span style=\"color: #000000\"><span style=\"font-size: medium\">Matinko<\/span><\/span><\/li>\n<li><span style=\"color: #000000\"><span style=\"font-size: medium\">Rechnen ohne Stolpersteine<\/span><\/span><\/li>\n<li><span style=\"color: #000000\"><span style=\"font-size: medium\">Differenzierungs \u2013 und Inklusionsmaterial zu Denken und Rechnen<\/span><\/span><\/li>\n<li><span style=\"color: #000000\"><span style=\"font-size: medium\">Klick Mathematik 1-4<\/span><\/span><\/li>\n<\/ul>\n<p><span style=\"font-size: medium\"><b>KLASSE 3 und 4<\/b><\/span><\/p>\n<p><span style=\"font-size: medium\"><u>Diagnose<\/u><\/span><\/p>\n<ul>\n<li><span style=\"font-size: medium\">Lernzielkontrollen<\/span><\/li>\n<li><span style=\"font-size: medium\">D\u00dcMA<\/span><\/li>\n<\/ul>\n<p><span style=\"font-size: medium\"><u>F\u00f6rderma\u00dfnahmen<\/u><\/span><\/p>\n<ul>\n<li><span style=\"font-size: medium\">Matinko<\/span><\/li>\n<li><span style=\"font-size: medium\">Rechnen ohne Stolpersteine<\/span><\/li>\n<li><span style=\"font-size: medium\">Differenzierungs- und Inklusionsmaterial<\/span><\/li>\n<li><span style=\"font-size: medium\">Klick Mathematik 1-4<\/span><\/li>\n<\/ul>\n","protected":false},"excerpt":{"rendered":"<p>F\u00f6rder- und Forderkonzept der Grundschule Engter Download F\u00f6rder- und Forderkonzept der Grundschule Engter Die Grundschule soll die Voraussetzungen daf\u00fcr schaffen, dass alle Kinder entsprechend ihren F\u00e4higkeiten und Begabungen \u00fcber die Kompetenzen Lesen, Schreiben und Rechnen verf\u00fcgen. Bei auftretenden Lernschwierigkeiten bzw. bei Feststellung besonderer Begabungen f\u00fchrt die Grundschule Engter F\u00f6rder- oder Forderma\u00dfnahmen durch. Gliederung des F\u00f6rderkonzeptes Rechtliche Vorgaben Ziele Ebenen 3.1 F\u00f6rdern\/ Fordern auf Schulebene 3.2 F\u00f6rdern\/ Fordern auf Klassenebene 3.3 F\u00f6rdern\/ Fordern auf individueller Ebene Ma\u00dfnahmen 4.1 F\u00f6rdern\/ Fordern im&#8230;<\/p>\n<p class=\"read-more\"><a class=\"btn btn-default\" href=\"https:\/\/wordpress.nibis.de\/gsengter\/foerderkonzept\/\">Weiterlesen<span class=\"screen-reader-text\"> Weiterlesen<\/span><\/a><\/p>\n","protected":false},"author":714,"featured_media":0,"parent":0,"menu_order":0,"comment_status":"closed","ping_status":"closed","template":"","meta":{"footnotes":""},"class_list":["post-1728","page","type-page","status-publish","hentry"],"_links":{"self":[{"href":"https:\/\/wordpress.nibis.de\/gsengter\/wp-json\/wp\/v2\/pages\/1728","targetHints":{"allow":["GET"]}}],"collection":[{"href":"https:\/\/wordpress.nibis.de\/gsengter\/wp-json\/wp\/v2\/pages"}],"about":[{"href":"https:\/\/wordpress.nibis.de\/gsengter\/wp-json\/wp\/v2\/types\/page"}],"author":[{"embeddable":true,"href":"https:\/\/wordpress.nibis.de\/gsengter\/wp-json\/wp\/v2\/users\/714"}],"replies":[{"embeddable":true,"href":"https:\/\/wordpress.nibis.de\/gsengter\/wp-json\/wp\/v2\/comments?post=1728"}],"version-history":[{"count":8,"href":"https:\/\/wordpress.nibis.de\/gsengter\/wp-json\/wp\/v2\/pages\/1728\/revisions"}],"predecessor-version":[{"id":8053,"href":"https:\/\/wordpress.nibis.de\/gsengter\/wp-json\/wp\/v2\/pages\/1728\/revisions\/8053"}],"wp:attachment":[{"href":"https:\/\/wordpress.nibis.de\/gsengter\/wp-json\/wp\/v2\/media?parent=1728"}],"curies":[{"name":"wp","href":"https:\/\/api.w.org\/{rel}","templated":true}]}}