{"id":62,"date":"2015-10-17T19:55:14","date_gmt":"2015-10-17T17:55:14","guid":{"rendered":"http:\/\/wordpress.nibis.de\/gsengter\/?page_id=62"},"modified":"2026-02-05T17:39:53","modified_gmt":"2026-02-05T16:39:53","slug":"schul-abc-2","status":"publish","type":"page","link":"https:\/\/wordpress.nibis.de\/gsengter\/informationen\/schul-abc-2\/","title":{"rendered":"Schul-ABC"},"content":{"rendered":"\n<p><strong>Anfang &#8211; Einschulungstag<\/strong><br>Die Einschulung findet immer am ersten Samstag nach dem Beginn eines Schuljahres statt. <br>Optional k\u00f6nnen Sie gemeinsam mit Ihrem Kind um 9.00 Uhr den Gottesdienst in der St. Johannis-Kirche Engter besuchen.<br>Im Anschluss findet f\u00fcr alle ab 10.00 Uhr die Einschulungsfeier in der Aula unserer Grundschule statt. Danach verbringt Ihr Kind seine erst Unterrichtsstunde in der Klasse, w\u00e4hrend die Eltern und Angeh\u00f6rigen im Einschulungscafe kalte bzw. hei\u00dfe Getr\u00e4nke und Kekse genie\u00dfen d\u00fcrfen. <\/p>\n\n\n\n<p><strong>Arbeitsgemeinschaften<\/strong><br>F\u00fcr die dritten und vierten Jahrg\u00e4nge finden in je einem Quartal eines Schulhalbjahres einmal w\u00f6chentlich Arbeitsgemeinschaften statt. Diese geben den Sch\u00fclerInnen mit einer Wochenstunde die M\u00f6glichkeit ohne Leistungsdruck und Benotung interessenorientiert zu arbeiten. Die AGen sind Pflichtstunden. Die Teilnahme an der Arbeitsgemeinschaft wird auf dem Zeugnis vermerkt. <br><\/p>\n\n\n\n<p><strong>Aufstellen<\/strong><br>Vor Schulbeginn bzw. nach jeder Pause stellen sich die Kinder an dem f\u00fcr ihre Klasse vorgesehenen Platz vor den Eing\u00e4ngen geordnet auf. Dort werden sie von den jeweiligen Lehrkr\u00e4ften abgeholt.<\/p>\n\n\n\n<p><strong>Betreuungszeiten<\/strong><br>F\u00fcr unsere Schule gelten die nachstehenden Betreuungszeiten:<br>Die Grundschule Engter ist eine verl\u00e4ssliche Schule. Das bedeutet, dass jedes Kind bei Bedarf bis zu f\u00fcnf Zeitstunden in der Schule verbleiben kann und betreut wird.<br><br><em>Fr\u00fchbetreuung<\/em><br>Das Betreuungsangebot beginnt an unserer Schule schon vor Unterrichtsbeginn mit der sogenannten Fr\u00fchbetreuung zwischen 7.45 Uhr und 8.15 Uhr.<br><br><em>Randstundenbetreuung<\/em><br>Da die t\u00e4gliche Unterrichtszeit in den 1. und 2. Schuljahren f\u00fcnf Zeitstunden nicht abdeckt, bieten wir von 12.00 Uhr bis 12.45 Uhr au\u00dferdem die sogenannte Randstundenbetreuung an. Die Gruppen werden jahrgangsweise zusammengestellt und von unseren p\u00e4dagogischen Mitarbeiterinnen geleitet.<\/p>\n\n\n\n<p><em>Ganztagsbetreuung<\/em><br>In der Zeit von 12.45 Uhr bis 15.30 Uhr bieten wir von Montag bis Donnerstag eine Nachmittagsbetreuung f\u00fcr alle Jahrg\u00e4nge an.&nbsp;Es wird f\u00fcr alle Klassen ein Mittagessen angeboten. <br>Die Anmeldung erfolgt zum Ende des laufenden Schuljahres f\u00fcr das kommende Schuljahr und ist f\u00fcr ein Halbjahr verbindlich!<br>Das Essen wird von der P\u00e4ttkenburg aus Ostercappeln geliefert und kostet pro Essen 3,95 \u20ac. Die Abrechnung erfolgt monatlich mit dem Sepa-Lastschriftverfahren.&nbsp;<\/p>\n\n\n\n<p><strong>Beurlaubungen<\/strong><br>Beurlaubungen werden auf schriftlichen Antrag der Erziehungsberechtigten genehmigt, bis zu zwei Tagen von der Klassenlehrkraft, ab dann von der Schulleitung. <br>Unmittelbar vor und nach den Ferien wird in der Regel keine Beurlaubung ausgesprochen. Als Erziehungsberechtigte tragen Sie bitte daf\u00fcr Sorge, dass der vers\u00e4umte Unterrichtsstoff nachgeholt wird.<\/p>\n\n\n\n<p><strong>B\u00fccherei<\/strong><br>Aus unserer Schulb\u00fccherei k\u00f6nnen sich die Kinder kostenlos B\u00fccher ausleihen. Die Ausleihdauer sollte zwei Wochen nicht \u00fcberschreiten. <br>Der dazu erforderliche Leseausweis wird zu Beginn eines jeden Schuljahres neu und kostenfrei ausgegeben. Wir bitten um einen pfleglichen Umgang mit den Leihb\u00fcchern und die Einhaltung der Ausleihfrist. <\/p>\n\n\n\n<p><strong>Busfahrkarten<\/strong><br>Liegen mehr als 2 km Entfernung zwischen Wohnort und Schule haben die Sch\u00fclerInnen Anspruch auf eine Busbef\u00f6rderung. Die Busfahrkarte wird am Anfang eines jeden Schuljahres neu ausgegeben und ist jeweils f\u00fcr das entsprechende Schuljahr g\u00fcltig. Das enthaltene Foto zur Identifizierung wird einmalig zu Beginn des ersten Schuljahres im Sektretariat angefertigt.<\/p>\n\n\n\n<p><strong>Einschulungsfoto<\/strong><br>Da der Einschulungstag f\u00fcr die Schulanf\u00e4ngerInnen erfahrungsgem\u00e4\u00df sehr lang und aufregend ist, haben wir uns entschieden, das Einschulungsfoto erst im Nachhinein in der darauf folgenden Schulwoche machen zu lassen. Dazu bringen die Kinder ihre Schult\u00fcte nach Bekanntgabe des Termins noch einmal (leer) mit zur Schule. Es werden dann Klassen- und Einzelfotos von einem professionellen Fotostudio angefertigt. <br>Aus Gr\u00fcnden des Datenschutzes erscheinen die Einschulungsfotos nicht in der Zeitungsbeilage.<\/p>\n\n\n\n<p><strong>Elternabende<\/strong><br>Elternabende finden verbindlich zu Beginn des 1. und 3. Schuljahres statt, ansonsten nach Bedarf. Auf den Elternabenden erfahren Sie alles Wichtige, was die Klasse Ihres Kindes betrifft. <\/p>\n\n\n\n<p><strong>Elternsprechtage<\/strong><br>Im Schuljahr gibt es zwei Elternsprechtage &#8211; im November und im Fr\u00fchjahr (Osterzeit). Dazu erhalten Sie zeitnah Einladungen. \u00dcber iserv k\u00f6nnen Sie dann einen Wunschtermin buchen. Die Gespr\u00e4chsdauer betr\u00e4gt 10 Minuten; bei ausf\u00fchrlicherem Gespr\u00e4chsbedarf kontaktieren Sie bitte die jeweilige Lehrkraft pers\u00f6nlich und sprechen Sie mit ihr einen individuellen Termin auch au\u00dferhalb des Elternsprechtags ab.<\/p>\n\n\n\n<p><strong>Elternvertretung\/ Elternmitarbeit<\/strong><br>Auf den Elternabenden des Jahrg\u00e4nge 1 und 3 werden die <em>Klassenelternvertreter<\/em> gew\u00e4hlt.<br>Diese geh\u00f6ren dem <em>Schulelternrat<\/em> an und w\u00e4hlen in diesem Gremium <em>Vertreter f\u00fcr die Fachkonferenzen<\/em>, <em>Gesamtkonferenzen, Zeugniskonferenzen<\/em> und den <em>Schulvorstand<\/em>.<br>Sie k\u00f6nnen auch als <em>Mitglied des F\u00f6rdervereins<\/em> aktiv werden oder die Arbeit des F\u00f6rdervereins durch eine Mitgliedschaft unterst\u00fctzen. Einen Mitgliedsantrag erhalten Sie im Sekretariat oder hier:&nbsp;<a href=\"http:\/\/wordpress.nibis.de\/gsengter\/informationen\/downloads-2\/\">Mitgliedsantrag<\/a>. Besuchen Sie auch gerne die Website unseres <a href=\"http:\/\/www.foerderverein-gsengter.jimdo.com\" target=\"_blank\" rel=\"noreferrer noopener\">F\u00f6rdervereins<\/a>.<br>F\u00fcr Ihre Mithilfe beim Zubereiten des Schulobstes, bei besonderen Aktivit\u00e4ten wie Sport- oder Spielefesten, bei Schulfesten oder -ausfl\u00fcgen, als Leseeltern u.a. sind wir stets dankbar.<\/p>\n\n\n\n<p><strong>Entgeltliche Schulbuchausleihe<\/strong><br>Schulb\u00fccher k\u00f6nnen privat gekauft oder von der Schule gegen eine Ausleihgeb\u00fchr entliehen werden. Bitte versehen Sie von der Schule entliehene B\u00fccher innerhalb der ersten Schulwoche mit einem Schutzumschlag, denn besch\u00e4digte B\u00fccher m\u00fcssen ersetzt werden.<\/p>\n\n\n\n<p><strong>F\u00f6rderverein<\/strong><br>Sie k\u00f6nnen als <em>Mitglied des F\u00f6rdervereins<\/em> aktiv werden oder die Arbeit des F\u00f6rdervereins durch eine Mitgliedschaft unterst\u00fctzen. Einen Mitgliedsantrag erhalten Sie im Sekretariat oder hier:&nbsp;<a href=\"http:\/\/wordpress.nibis.de\/gsengter\/informationen\/downloads-2\/\">Mitgliedsantrag<\/a>. Besuchen Sie auch gerne die Website unseres <a href=\"http:\/\/www.foerderverein-gsengter.jimdo.com\" target=\"_blank\" rel=\"noreferrer noopener\">F\u00f6rdervereins<\/a>.<br>F\u00fcr Ihre Mithilfe beim Zubereiten des Schulobstes, bei besonderen Aktivit\u00e4ten wie Sport- oder Spielefesten, bei Schulfesten oder -ausfl\u00fcgen, als Leseeltern u.a. sind wir stets dankbar.<\/p>\n\n\n\n<p><strong>Fr\u00fchst\u00fcck<\/strong><br>Am Ende der zweiten Schulstunde fr\u00fchst\u00fccken die Sch\u00fcler einer Klasse<br>10 Minuten gemeinsam. Bitte achten Sie auf ein gesundes und abwechslungsreiches Fr\u00fchst\u00fcck.<br>In der ersten gro\u00dfen Pause k\u00f6nnen au\u00dferdem Backwaren in der Mensa gekauft werden.<\/p>\n\n\n\n<p><strong>Fundsachen<\/strong><br>Kennzeichnen Sie alle Sachen mit dem Namen Ihres Kindes.<br>Fundsachen finden Sie im Schrank im Eingangsbereich. Am Ende eines Schuljahres wird nicht abgeholte Kleidung der Kleiderkammer \u00fcbergeben.<\/p>\n\n\n\n<p><strong>I Pads<\/strong><br>Die Grundschule Engter verf\u00fcgt \u00fcber 30 Tablets. Diese k\u00f6nnen von allen Klassen genutzt werden.<\/p>\n\n\n\n<p><strong>Karneval<\/strong><br>&#8222;Engter, helau!&#8220; Wir feiern in jedem Jahr am Rosenmontag den Karneval. Die Kinder d\u00fcrfen kost\u00fcmiert zur Schule kommen und wir feiern gemeinsam mit der Schulgemeinschaft in der Aula bzw. im Klassenverband in der Klasse. Der Schulranzen hat an diesem Tag schulfrei.<\/p>\n\n\n\n<p><strong>Kopiergeld<\/strong><br>Die Grundschule Engter erhebt zu Beginn eines jeden Schuljahres 14 \u20ac Kopiergeld.<\/p>\n\n\n\n<p><strong>Krankmeldungen<\/strong><br>F\u00fcr Kinder, die aus gesundheitlichen Gr\u00fcnden nicht am Unterricht teilnehmen k\u00f6nnen, erfolgt die Abmeldung \u00fcber die IServ-Zug\u00e4nge f\u00fcr Eltern.<\/p>\n\n\n\n<p><strong>Mittagessen<\/strong><br>Folgende Zeiten gelten f\u00fcr das Mittagessen:&nbsp;&nbsp;&nbsp;&nbsp;&nbsp;&nbsp;&nbsp;&nbsp;&nbsp;&nbsp;&nbsp;&nbsp;&nbsp;&nbsp;&nbsp;&nbsp;&nbsp;&nbsp;&nbsp;&nbsp;&nbsp;&nbsp;&nbsp;&nbsp;&nbsp;&nbsp;&nbsp;&nbsp;&nbsp;&nbsp;&nbsp;&nbsp;&nbsp;&nbsp;&nbsp;&nbsp;&nbsp;&nbsp;&nbsp;&nbsp;&nbsp;&nbsp;&nbsp;&nbsp;&nbsp;&nbsp;&nbsp;&nbsp;&nbsp;&nbsp;&nbsp;&nbsp;&nbsp;&nbsp;&nbsp;&nbsp;&nbsp;&nbsp;&nbsp;&nbsp;&nbsp;&nbsp;&nbsp;&nbsp;&nbsp;&nbsp;&nbsp;&nbsp;&nbsp;&nbsp;&nbsp;&nbsp;&nbsp;&nbsp;&nbsp;&nbsp;<br>1. Klassen in der 5. Stunde,<br>2. Klassen in der 6. Stunde,<br>3.\/4. Klassen in der 7. Stunde.<\/p>\n\n\n\n<p><strong>M\u00fclldienst<\/strong><br>Der M\u00fclldienst wird von allen Klassen ab dem zweiten Schuljahrgang \u00fcbernommen und beinhaltet das M\u00fcllsammeln auf dem Schulhof und dem Spielplatz. Ein Plan regelt die Verteilung \u00fcber das Schuljahr hinweg. Die Aufteilung in den einzelnen Klassen \u00fcbernimmt die Klassenlehrkraft. Der Schrank, in dem Eimer und Zangen aufbewahrt werden, befindet sich in der Garage der Spielausleihe. Der Schl\u00fcssel h\u00e4ngt im Sekretariat an der Schrankwand. Die Kinder sammeln immer w\u00e4hrend der gro\u00dfen Pausen den M\u00fcll auf.<\/p>\n\n\n\n<p><strong>Parken<\/strong><br>Die Parkpl\u00e4tze am Eingang &#8222;An der Schule&#8220; halten Sie bitte f\u00fcr die Lehrkr\u00e4fte und Mitarbeitende der Grundschule Engter frei. Vielen Dank!<\/p>\n\n\n\n<p><strong>Regenpausen<\/strong><br>Regenpausen werden \u00fcber eine Lautsprecherdurchsage durch die Schulleitung angek\u00fcndigt. Im Falle einer Regenpause bleibt die Lehrkraft, die zuvor in der jeweiligen Klasse unterrichtet hat, im Raum und beaufsichtigt die Kinder.<\/p>\n\n\n\n<p><strong>Sch\u00fclerausweise<\/strong><br>Zu Beginn eines Schuljahres erhalten die Sch\u00fclerinnen und Sch\u00fcler einen aktuellen Sch\u00fclerausweis. Diesen ben\u00f6tigen sie z.B. f\u00fcr die Spielausleihe als Pfand f\u00fcr die ausgeliehenen Materialien.<\/p>\n\n\n\n<p><strong>Schwimmunterricht<\/strong> <br>Im dritten und vierten Schuljahr erhalten die Kinder in einem Teil des Schuljahres Schwimmunterricht. Hier k\u00f6nnen sie die Grundfertigkeiten des Schwimmens erlernen bzw. erweitern und verschiedene Schwimmabzeichen erlangen. Weitere Informationen erhalten Sie hier:<br><a href=\"http:\/\/wordpress.nibis.de\/gsengter\/informationen\/downloads-2\/\" target=\"_blank\" rel=\"noreferrer noopener\">INFORMATIONEN ZUM SCHWIMMUNTERRICHT<br><\/a><\/p>\n\n\n\n<p><strong>Spielausleihe<\/strong> <br>Die vierten Klassen \u00fcbernehmen abwechselnd die Spielausleihe auf dem Schulhof. Die Spielger\u00e4te d\u00fcrfen kostenlos von jedem Kind gegen Vorlage des Sch\u00fclerausweises (Pfand) ausgeliehen werden. Wir bitten um einen pfleglichen Umgang und die selbstst\u00e4ndige R\u00fcckgabe der ausgeliehenen Spielger\u00e4te.<br>Beim Ausleihen von Fahrger\u00e4ten, Pedalos und Einr\u00e4dern muss immer ein Kopfschutz, d.h. Helm, getragen werden.<\/p>\n\n\n\n<p><strong>Sportunterricht<\/strong><br><a href=\"https:\/\/wordpress.nibis.de\/gsengter\/files\/2019\/10\/Elterninformation-f\u00fcr-den-Sportunterricht.odt\"><strong>Elterninformation f\u00fcr den Sportunterricht<\/strong><\/a><\/p>\n\n\n\n<p><strong>Sprechzeiten<\/strong><br>Wenn Sie eine Lehrkraft sprechen wollen, vereinbaren Sie bitte einen Termin mit ihr. Die Pausen oder die Zeit&nbsp;vor dem Unterrichtsbeginn sind daf\u00fcr nicht geeignet.<\/p>\n\n\n\n<p><strong>Unfall<\/strong><br>Unf\u00e4lle, die auf dem Weg zur Schule oder in der Schule geschehen, sind durch die Gemeinde-Unfall-Versicherung (GUV Hannover) versichert. Bitte melden Sie einen Unfall umgehend der Schule. Diese leitet die Meldung weiter an die GUV Hannover.<\/p>\n\n\n\n<p><strong>Wetter<\/strong> <br>Bei Sturm, Schneegl\u00e4tte o.a. k\u00f6nnen Sie sich \u00fcber den Rundfunk oder im Internet (z. B. &#8222;KATWARN&#8220; App) \u00fcber Unterrichtsausf\u00e4lle im Landkreis Osnabr\u00fcck informieren.<br>Wird kein genereller Unterrichtsausfall bekannt gegeben, liegt es in Ihrem Ermessen Ihr Kind zur Schule zu schicken oder nicht. Es findet &#8222;normaler&#8220; Unterricht statt.<br>Bei offiziellem Unterrichtsausfall findet kein regul\u00e4rer Unterricht statt, aber eine Betreuung von der 1. bis zur 5. Stunde ist immer gew\u00e4hrleistet.<\/p>\n\n\n\n<p><strong>Wasserspender<\/strong><br>Der Wasserspender steht in der Aula und ist jedem zug\u00e4nglich.<\/p>\n\n\n\n<p><strong>Weihnachtsfeier<\/strong><br>Eine Schulweihnachtsfeier f\u00fcr alle Klassen findet in der Regel an einem der letzten Schultage vor den Weihnachtsferien statt. Das Programm wird von den Klassen gestaltet. Eine weitere Weihnachtsfeier findet im Rahmen des Br\u00fcckenjahres statt, zu der die zuk\u00fcnftigen Erstkl\u00e4sslerInnen eingeladen werden. Das Programm gestaltet der erste Jahrgang, andere Klassen sind nicht beteiligt.<\/p>\n\n\n\n<p><strong>Zeugnisse<\/strong><br>Am Tag der Zeugnisausgabe (sowohl am Ende des 1. Halbjahres als auch zum Ende des Schuljahres) endet der Unterricht nach der 3.Stunde. Alle Betreuungsangebote sowie das Mittagessen entfallen an diesem Tag. Unterrichtsschluss ist um 10.55 Uhr.<\/p>\n\n\n\n<p>(Stand: Februar 2026)<\/p>\n","protected":false},"excerpt":{"rendered":"<p>Anfang &#8211; EinschulungstagDie Einschulung findet immer am ersten Samstag nach dem Beginn eines Schuljahres statt. Optional k\u00f6nnen Sie gemeinsam mit Ihrem Kind um 9.00 Uhr den Gottesdienst in der St. Johannis-Kirche Engter besuchen.Im Anschluss findet f\u00fcr alle ab 10.00 Uhr die Einschulungsfeier in der Aula unserer Grundschule statt. Danach verbringt Ihr Kind seine erst Unterrichtsstunde in der Klasse, w\u00e4hrend die Eltern und Angeh\u00f6rigen im Einschulungscafe kalte bzw. hei\u00dfe Getr\u00e4nke und Kekse genie\u00dfen d\u00fcrfen. ArbeitsgemeinschaftenF\u00fcr die dritten und vierten Jahrg\u00e4nge finden&#8230;<\/p>\n<p class=\"read-more\"><a class=\"btn btn-default\" href=\"https:\/\/wordpress.nibis.de\/gsengter\/informationen\/schul-abc-2\/\">Weiterlesen<span class=\"screen-reader-text\"> Weiterlesen<\/span><\/a><\/p>\n","protected":false},"author":714,"featured_media":0,"parent":49,"menu_order":0,"comment_status":"closed","ping_status":"closed","template":"","meta":{"footnotes":""},"class_list":["post-62","page","type-page","status-publish","hentry"],"_links":{"self":[{"href":"https:\/\/wordpress.nibis.de\/gsengter\/wp-json\/wp\/v2\/pages\/62","targetHints":{"allow":["GET"]}}],"collection":[{"href":"https:\/\/wordpress.nibis.de\/gsengter\/wp-json\/wp\/v2\/pages"}],"about":[{"href":"https:\/\/wordpress.nibis.de\/gsengter\/wp-json\/wp\/v2\/types\/page"}],"author":[{"embeddable":true,"href":"https:\/\/wordpress.nibis.de\/gsengter\/wp-json\/wp\/v2\/users\/714"}],"replies":[{"embeddable":true,"href":"https:\/\/wordpress.nibis.de\/gsengter\/wp-json\/wp\/v2\/comments?post=62"}],"version-history":[{"count":39,"href":"https:\/\/wordpress.nibis.de\/gsengter\/wp-json\/wp\/v2\/pages\/62\/revisions"}],"predecessor-version":[{"id":8218,"href":"https:\/\/wordpress.nibis.de\/gsengter\/wp-json\/wp\/v2\/pages\/62\/revisions\/8218"}],"up":[{"embeddable":true,"href":"https:\/\/wordpress.nibis.de\/gsengter\/wp-json\/wp\/v2\/pages\/49"}],"wp:attachment":[{"href":"https:\/\/wordpress.nibis.de\/gsengter\/wp-json\/wp\/v2\/media?parent=62"}],"curies":[{"name":"wp","href":"https:\/\/api.w.org\/{rel}","templated":true}]}}