{"id":74,"date":"2015-10-17T20:03:06","date_gmt":"2015-10-17T18:03:06","guid":{"rendered":"http:\/\/wordpress.nibis.de\/gsengter\/?page_id=74"},"modified":"2021-05-15T09:43:47","modified_gmt":"2021-05-15T07:43:47","slug":"schulansichten","status":"publish","type":"page","link":"https:\/\/wordpress.nibis.de\/gsengter\/unsere-schule\/schulansichten\/","title":{"rendered":"Schulansichten"},"content":{"rendered":"\n<h2 class=\"wp-block-heading\"><strong>Schulgeb\u00e4ude und Schulhof<\/strong><\/h2>\n\n\n\n<figure class=\"wp-block-image size-large is-resized\"><img loading=\"lazy\" decoding=\"async\" src=\"https:\/\/wordpress.nibis.de\/gsengter\/files\/2021\/03\/IMG_1240photo-800x600.jpg\" alt=\"\" class=\"wp-image-4841\" width=\"543\" height=\"407\" srcset=\"https:\/\/wordpress.nibis.de\/gsengter\/files\/2021\/03\/IMG_1240photo-800x600.jpg 800w, https:\/\/wordpress.nibis.de\/gsengter\/files\/2021\/03\/IMG_1240photo-300x225.jpg 300w, https:\/\/wordpress.nibis.de\/gsengter\/files\/2021\/03\/IMG_1240photo-768x576.jpg 768w, https:\/\/wordpress.nibis.de\/gsengter\/files\/2021\/03\/IMG_1240photo-1536x1152.jpg 1536w, https:\/\/wordpress.nibis.de\/gsengter\/files\/2021\/03\/IMG_1240photo-2048x1536.jpg 2048w\" sizes=\"auto, (max-width: 543px) 100vw, 543px\" \/><\/figure>\n\n\n\n<p class=\"has-normal-font-size\">Blick vom Eingangsbereich &#8222;An der Schule&#8220;<\/p>\n\n\n\n<p><img loading=\"lazy\" decoding=\"async\" class=\"alignnone size-full wp-image-722\" src=\"http:\/\/wordpress.nibis.de\/gsengter\/files\/2016\/07\/An-der-Schule.jpg\" alt=\"An der Schule\" width=\"800\" height=\"600\" srcset=\"https:\/\/wordpress.nibis.de\/gsengter\/files\/2016\/07\/An-der-Schule.jpg 800w, https:\/\/wordpress.nibis.de\/gsengter\/files\/2016\/07\/An-der-Schule-300x225.jpg 300w, https:\/\/wordpress.nibis.de\/gsengter\/files\/2016\/07\/An-der-Schule-768x576.jpg 768w\" sizes=\"auto, (max-width: 800px) 100vw, 800px\" \/><span style=\"font-family: helvetica,arial,sans-serif;font-size: 20px\"><\/span><\/p>\n\n\n\n<figure class=\"wp-block-image size-large\"><img loading=\"lazy\" decoding=\"async\" width=\"800\" height=\"211\" src=\"https:\/\/wordpress.nibis.de\/gsengter\/files\/2021\/03\/IMG_1283photo-800x211.jpg\" alt=\"\" class=\"wp-image-4843\" srcset=\"https:\/\/wordpress.nibis.de\/gsengter\/files\/2021\/03\/IMG_1283photo-800x211.jpg 800w, https:\/\/wordpress.nibis.de\/gsengter\/files\/2021\/03\/IMG_1283photo-300x79.jpg 300w, https:\/\/wordpress.nibis.de\/gsengter\/files\/2021\/03\/IMG_1283photo-768x203.jpg 768w, https:\/\/wordpress.nibis.de\/gsengter\/files\/2021\/03\/IMG_1283photo-1536x406.jpg 1536w, https:\/\/wordpress.nibis.de\/gsengter\/files\/2021\/03\/IMG_1283photo-2048x541.jpg 2048w\" sizes=\"auto, (max-width: 800px) 100vw, 800px\" \/><\/figure>\n\n\n\n<p class=\"has-normal-font-size\">R\u00fcckw\u00e4rtiger Blick vom Schulhof auf die Schule<\/p>\n\n\n\n<p><img loading=\"lazy\" decoding=\"async\" class=\"alignnone size-full wp-image-719\" src=\"http:\/\/wordpress.nibis.de\/gsengter\/files\/2016\/07\/Schulhofbaum.jpg\" alt=\"Schulhofbaum\" width=\"419\" height=\"600\" srcset=\"https:\/\/wordpress.nibis.de\/gsengter\/files\/2016\/07\/Schulhofbaum.jpg 419w, https:\/\/wordpress.nibis.de\/gsengter\/files\/2016\/07\/Schulhofbaum-210x300.jpg 210w\" sizes=\"auto, (max-width: 419px) 100vw, 419px\" \/><\/p>\n\n\n\n<p class=\"has-normal-font-size\">Der <strong>Schulhofbaum<\/strong> ist die Vorlage zum Schul-Logo.<\/p>\n\n\n\n<p class=\"has-normal-font-size\"><span style=\"font-family: helvetica,arial,sans-serif;font-size: 20px\"><img loading=\"lazy\" decoding=\"async\" class=\"alignnone size-full wp-image-718\" src=\"http:\/\/wordpress.nibis.de\/gsengter\/files\/2016\/07\/Schulhofansicht.jpg\" alt=\"Schulhofansicht\" width=\"651\" height=\"154\" srcset=\"https:\/\/wordpress.nibis.de\/gsengter\/files\/2016\/07\/Schulhofansicht.jpg 651w, https:\/\/wordpress.nibis.de\/gsengter\/files\/2016\/07\/Schulhofansicht-300x71.jpg 300w\" sizes=\"auto, (max-width: 651px) 100vw, 651px\" \/><\/span><br>Der <strong>gepflasterte und \u00fcberdachte Teil des Schulhofs<\/strong> ist f\u00fcr Regenpausen ideal.<span style=\"font-family: helvetica,arial,sans-serif;font-size: 20px\"><\/span><\/p>\n\n\n\n<figure class=\"wp-block-image size-large\"><img loading=\"lazy\" decoding=\"async\" width=\"800\" height=\"436\" src=\"https:\/\/wordpress.nibis.de\/gsengter\/files\/2021\/03\/IMG_1317photo-800x436.jpg\" alt=\"\" class=\"wp-image-4839\" srcset=\"https:\/\/wordpress.nibis.de\/gsengter\/files\/2021\/03\/IMG_1317photo-800x436.jpg 800w, https:\/\/wordpress.nibis.de\/gsengter\/files\/2021\/03\/IMG_1317photo-300x163.jpg 300w, https:\/\/wordpress.nibis.de\/gsengter\/files\/2021\/03\/IMG_1317photo-768x418.jpg 768w, https:\/\/wordpress.nibis.de\/gsengter\/files\/2021\/03\/IMG_1317photo-1536x836.jpg 1536w, https:\/\/wordpress.nibis.de\/gsengter\/files\/2021\/03\/IMG_1317photo-2048x1115.jpg 2048w\" sizes=\"auto, (max-width: 800px) 100vw, 800px\" \/><\/figure>\n\n\n\n<p class=\"has-normal-font-size\">Der <strong>naturnahe Spielebereich<\/strong> ist im r\u00fcckw\u00e4rtigen Teil zu finden. <\/p>\n\n\n\n<p><img loading=\"lazy\" decoding=\"async\" class=\"alignnone size-full wp-image-720\" src=\"http:\/\/wordpress.nibis.de\/gsengter\/files\/2016\/07\/Spielger\u00e4t.jpg\" alt=\"Spielger\u00e4t\" width=\"640\" height=\"480\" srcset=\"https:\/\/wordpress.nibis.de\/gsengter\/files\/2016\/07\/Spielger\u00e4t.jpg 640w, https:\/\/wordpress.nibis.de\/gsengter\/files\/2016\/07\/Spielger\u00e4t-300x225.jpg 300w\" sizes=\"auto, (max-width: 640px) 100vw, 640px\" \/><span style=\"font-family: helvetica,arial,sans-serif;font-size: 20px\"><\/span><\/p>\n\n\n\n<p class=\"has-normal-font-size\">Das <strong>gro\u00dfe Spielger\u00e4t<\/strong> l\u00e4dt zum Klettern, Hangeln und Rutschen ein. <\/p>\n\n\n\n<figure class=\"wp-block-image\"><img loading=\"lazy\" decoding=\"async\" width=\"640\" height=\"480\" src=\"http:\/\/wordpress.nibis.de\/gsengter\/files\/2016\/07\/Sandspielplatz.png\" alt=\"Sandspielplatz\" class=\"wp-image-780\" srcset=\"https:\/\/wordpress.nibis.de\/gsengter\/files\/2016\/07\/Sandspielplatz.png 640w, https:\/\/wordpress.nibis.de\/gsengter\/files\/2016\/07\/Sandspielplatz-300x225.png 300w\" sizes=\"auto, (max-width: 640px) 100vw, 640px\" \/><\/figure>\n\n\n\n<p class=\"has-normal-font-size\">Der <strong>Sandspielbereich<\/strong> regt zum Buddeln und Sandburgenbauen an.<\/p>\n\n\n\n<p><img loading=\"lazy\" decoding=\"async\" class=\"alignnone size-full wp-image-721\" src=\"http:\/\/wordpress.nibis.de\/gsengter\/files\/2016\/07\/Fu\u00dfballfeld.jpg\" alt=\"Fu\u00dfballfeld\" width=\"640\" height=\"480\" srcset=\"https:\/\/wordpress.nibis.de\/gsengter\/files\/2016\/07\/Fu\u00dfballfeld.jpg 640w, https:\/\/wordpress.nibis.de\/gsengter\/files\/2016\/07\/Fu\u00dfballfeld-300x225.jpg 300w\" sizes=\"auto, (max-width: 640px) 100vw, 640px\" \/><span style=\"font-family: helvetica,arial,sans-serif;font-size: 20px\"><span style=\"font-size: 14pt\"><\/span><\/span><\/p>\n\n\n\n<p class=\"has-normal-font-size\">Auf dem <strong>Fu\u00dfballfeld<\/strong> wird immer mit vollem Einsatz gespielt.<\/p>\n\n\n\n<figure class=\"wp-block-image size-large\"><img loading=\"lazy\" decoding=\"async\" width=\"800\" height=\"600\" src=\"https:\/\/wordpress.nibis.de\/gsengter\/files\/2021\/03\/IMG_1278photo-1-800x600.jpg\" alt=\"\" class=\"wp-image-4838\" srcset=\"https:\/\/wordpress.nibis.de\/gsengter\/files\/2021\/03\/IMG_1278photo-1-800x600.jpg 800w, https:\/\/wordpress.nibis.de\/gsengter\/files\/2021\/03\/IMG_1278photo-1-300x225.jpg 300w, https:\/\/wordpress.nibis.de\/gsengter\/files\/2021\/03\/IMG_1278photo-1-768x576.jpg 768w, https:\/\/wordpress.nibis.de\/gsengter\/files\/2021\/03\/IMG_1278photo-1-1536x1152.jpg 1536w, https:\/\/wordpress.nibis.de\/gsengter\/files\/2021\/03\/IMG_1278photo-1-2048x1536.jpg 2048w\" sizes=\"auto, (max-width: 800px) 100vw, 800px\" \/><\/figure>\n\n\n\n<p class=\"has-normal-font-size\">F\u00fcr <strong>die bewegten Pausen<\/strong> stehen viele Spielger\u00e4te und Fahrzeuge zur Verf\u00fcgung.<\/p>\n\n\n\n<h2 class=\"wp-block-heading\"><strong>Schulb\u00fccherei<\/strong><\/h2>\n\n\n\n<figure class=\"wp-block-image\"><img loading=\"lazy\" decoding=\"async\" width=\"640\" height=\"360\" src=\"http:\/\/wordpress.nibis.de\/gsengter\/files\/2016\/07\/20161015_131146.jpg\" alt=\"20161015_131146\" class=\"wp-image-1265\" srcset=\"https:\/\/wordpress.nibis.de\/gsengter\/files\/2016\/07\/20161015_131146.jpg 640w, https:\/\/wordpress.nibis.de\/gsengter\/files\/2016\/07\/20161015_131146-300x169.jpg 300w\" sizes=\"auto, (max-width: 640px) 100vw, 640px\" \/><\/figure>\n\n\n\n<p class=\"has-normal-font-size\">In der <strong>Schulb\u00fccherei<\/strong> bieten verschiedene Sitzgelegenheiten Platz zum Schm\u00f6kern. <\/p>\n\n\n\n<p><img loading=\"lazy\" decoding=\"async\" class=\"alignnone size-full wp-image-1267\" src=\"http:\/\/wordpress.nibis.de\/gsengter\/files\/2016\/07\/20161015_131223.jpg\" alt=\"20161015_131223\" width=\"640\" height=\"360\" srcset=\"https:\/\/wordpress.nibis.de\/gsengter\/files\/2016\/07\/20161015_131223.jpg 640w, https:\/\/wordpress.nibis.de\/gsengter\/files\/2016\/07\/20161015_131223-300x169.jpg 300w\" sizes=\"auto, (max-width: 640px) 100vw, 640px\" \/><\/p>\n\n\n\n<p class=\"has-normal-font-size\">Von Sachb\u00fcchern \u00fcber spannende und lustige Geschichtenb\u00fccher bis zu tollen Bilderb\u00fcchern &#8211; in der Schulb\u00fccherei findet jeder das passende Buch.<\/p>\n\n\n\n<p><img loading=\"lazy\" decoding=\"async\" class=\"alignnone size-full wp-image-1271\" src=\"http:\/\/wordpress.nibis.de\/gsengter\/files\/2016\/07\/20161015_131442.jpg\" alt=\"20161015_131442\" width=\"640\" height=\"1138\" srcset=\"https:\/\/wordpress.nibis.de\/gsengter\/files\/2016\/07\/20161015_131442.jpg 640w, https:\/\/wordpress.nibis.de\/gsengter\/files\/2016\/07\/20161015_131442-169x300.jpg 169w, https:\/\/wordpress.nibis.de\/gsengter\/files\/2016\/07\/20161015_131442-337x600.jpg 337w\" sizes=\"auto, (max-width: 640px) 100vw, 640px\" \/><\/p>\n\n\n\n<p class=\"has-normal-font-size\">Die B\u00fccherkiste bietet gro\u00dfformatige B\u00fccher mit bunt gemischten Inhalten f\u00fcr alle Kinder vom ersten bis zum vierten Schuljahr. <\/p>\n\n\n\n<p><img loading=\"lazy\" decoding=\"async\" class=\"alignnone size-full wp-image-1272\" src=\"http:\/\/wordpress.nibis.de\/gsengter\/files\/2016\/07\/20161015_131502.jpg\" alt=\"20161015_131502\" width=\"640\" height=\"360\" srcset=\"https:\/\/wordpress.nibis.de\/gsengter\/files\/2016\/07\/20161015_131502.jpg 640w, https:\/\/wordpress.nibis.de\/gsengter\/files\/2016\/07\/20161015_131502-300x169.jpg 300w\" sizes=\"auto, (max-width: 640px) 100vw, 640px\" \/><\/p>\n\n\n\n<p class=\"has-normal-font-size\">Die Ausleihe ist f\u00fcr die Sch\u00fcler der Grundschule Engter kostenlos. <\/p>\n\n\n\n<figure class=\"wp-block-image size-large\"><img loading=\"lazy\" decoding=\"async\" width=\"800\" height=\"318\" src=\"https:\/\/wordpress.nibis.de\/gsengter\/files\/2021\/03\/IMG_1360photo-800x318.jpg\" alt=\"\" class=\"wp-image-4844\" srcset=\"https:\/\/wordpress.nibis.de\/gsengter\/files\/2021\/03\/IMG_1360photo-800x318.jpg 800w, https:\/\/wordpress.nibis.de\/gsengter\/files\/2021\/03\/IMG_1360photo-300x119.jpg 300w, https:\/\/wordpress.nibis.de\/gsengter\/files\/2021\/03\/IMG_1360photo-768x305.jpg 768w, https:\/\/wordpress.nibis.de\/gsengter\/files\/2021\/03\/IMG_1360photo-1536x610.jpg 1536w, https:\/\/wordpress.nibis.de\/gsengter\/files\/2021\/03\/IMG_1360photo-2048x813.jpg 2048w\" sizes=\"auto, (max-width: 800px) 100vw, 800px\" \/><\/figure>\n\n\n\n<h2 class=\"wp-block-heading\"><strong>Betreuungsraum<\/strong><\/h2>\n\n\n\n<figure class=\"wp-block-image size-large\"><img loading=\"lazy\" decoding=\"async\" width=\"800\" height=\"600\" src=\"https:\/\/wordpress.nibis.de\/gsengter\/files\/2021\/03\/IMG_1367photo-800x600.jpg\" alt=\"\" class=\"wp-image-4845\" srcset=\"https:\/\/wordpress.nibis.de\/gsengter\/files\/2021\/03\/IMG_1367photo-800x600.jpg 800w, https:\/\/wordpress.nibis.de\/gsengter\/files\/2021\/03\/IMG_1367photo-300x225.jpg 300w, https:\/\/wordpress.nibis.de\/gsengter\/files\/2021\/03\/IMG_1367photo-768x576.jpg 768w, https:\/\/wordpress.nibis.de\/gsengter\/files\/2021\/03\/IMG_1367photo-1536x1152.jpg 1536w, https:\/\/wordpress.nibis.de\/gsengter\/files\/2021\/03\/IMG_1367photo-2048x1536.jpg 2048w\" sizes=\"auto, (max-width: 800px) 100vw, 800px\" \/><\/figure>\n\n\n\n<p class=\"has-normal-font-size\">Im <strong>Betreuungsraum<\/strong> kann man malen, basteln und spielen, kickern und frei spielen. <\/p>\n\n\n\n<figure class=\"wp-block-image size-large\"><img loading=\"lazy\" decoding=\"async\" width=\"800\" height=\"296\" src=\"https:\/\/wordpress.nibis.de\/gsengter\/files\/2021\/03\/IMG_1369photo-800x296.jpg\" alt=\"\" class=\"wp-image-4847\" srcset=\"https:\/\/wordpress.nibis.de\/gsengter\/files\/2021\/03\/IMG_1369photo-800x296.jpg 800w, https:\/\/wordpress.nibis.de\/gsengter\/files\/2021\/03\/IMG_1369photo-300x111.jpg 300w, https:\/\/wordpress.nibis.de\/gsengter\/files\/2021\/03\/IMG_1369photo-768x284.jpg 768w, https:\/\/wordpress.nibis.de\/gsengter\/files\/2021\/03\/IMG_1369photo-1536x568.jpg 1536w, https:\/\/wordpress.nibis.de\/gsengter\/files\/2021\/03\/IMG_1369photo-2048x757.jpg 2048w\" sizes=\"auto, (max-width: 800px) 100vw, 800px\" \/><\/figure>\n\n\n\n<figure class=\"wp-block-image size-large\"><img loading=\"lazy\" decoding=\"async\" width=\"800\" height=\"600\" src=\"https:\/\/wordpress.nibis.de\/gsengter\/files\/2021\/03\/IMG_1366photo-800x600.jpg\" alt=\"\" class=\"wp-image-4848\" srcset=\"https:\/\/wordpress.nibis.de\/gsengter\/files\/2021\/03\/IMG_1366photo-800x600.jpg 800w, https:\/\/wordpress.nibis.de\/gsengter\/files\/2021\/03\/IMG_1366photo-300x225.jpg 300w, https:\/\/wordpress.nibis.de\/gsengter\/files\/2021\/03\/IMG_1366photo-768x576.jpg 768w, https:\/\/wordpress.nibis.de\/gsengter\/files\/2021\/03\/IMG_1366photo-1536x1152.jpg 1536w, https:\/\/wordpress.nibis.de\/gsengter\/files\/2021\/03\/IMG_1366photo-2048x1536.jpg 2048w\" sizes=\"auto, (max-width: 800px) 100vw, 800px\" \/><\/figure>\n\n\n\n<h2 class=\"wp-block-heading\"><strong>Computerraum<\/strong><\/h2>\n\n\n\n<p><span style=\"font-size: 14pt\"><img loading=\"lazy\" decoding=\"async\" class=\"alignnone size-full wp-image-1786\" src=\"http:\/\/wordpress.nibis.de\/gsengter\/files\/2015\/10\/comp2.jpg\" alt=\"comp2\" width=\"800\" height=\"450\" srcset=\"https:\/\/wordpress.nibis.de\/gsengter\/files\/2015\/10\/comp2.jpg 800w, https:\/\/wordpress.nibis.de\/gsengter\/files\/2015\/10\/comp2-300x169.jpg 300w, https:\/\/wordpress.nibis.de\/gsengter\/files\/2015\/10\/comp2-768x432.jpg 768w\" sizes=\"auto, (max-width: 800px) 100vw, 800px\" \/><br><img loading=\"lazy\" decoding=\"async\" class=\"alignnone size-full wp-image-1785\" src=\"http:\/\/wordpress.nibis.de\/gsengter\/files\/2015\/10\/comp1.jpg\" alt=\"comp1\" width=\"338\" height=\"600\" srcset=\"https:\/\/wordpress.nibis.de\/gsengter\/files\/2015\/10\/comp1.jpg 338w, https:\/\/wordpress.nibis.de\/gsengter\/files\/2015\/10\/comp1-169x300.jpg 169w\" sizes=\"auto, (max-width: 338px) 100vw, 338px\" \/><\/span><\/p>\n\n\n\n<p class=\"has-normal-font-size\">Der Computerraum bietet 12 Arbeitspl\u00e4tze mit Internetzugang und Druckm\u00f6glichkeit sowie einen Beamer. <\/p>\n\n\n\n<h2 class=\"wp-block-heading\"><strong>Musikraum<\/strong><\/h2>\n\n\n\n<figure class=\"wp-block-image size-large\"><img loading=\"lazy\" decoding=\"async\" width=\"800\" height=\"295\" src=\"https:\/\/wordpress.nibis.de\/gsengter\/files\/2021\/03\/IMG_1257photo-800x295.jpg\" alt=\"\" class=\"wp-image-4856\" srcset=\"https:\/\/wordpress.nibis.de\/gsengter\/files\/2021\/03\/IMG_1257photo-800x295.jpg 800w, https:\/\/wordpress.nibis.de\/gsengter\/files\/2021\/03\/IMG_1257photo-300x111.jpg 300w, https:\/\/wordpress.nibis.de\/gsengter\/files\/2021\/03\/IMG_1257photo-768x284.jpg 768w, https:\/\/wordpress.nibis.de\/gsengter\/files\/2021\/03\/IMG_1257photo-1536x567.jpg 1536w, https:\/\/wordpress.nibis.de\/gsengter\/files\/2021\/03\/IMG_1257photo-2048x756.jpg 2048w\" sizes=\"auto, (max-width: 800px) 100vw, 800px\" \/><\/figure>\n\n\n\n<h2 class=\"wp-block-heading\"><strong>Blick in einen Klassenraum<\/strong><\/h2>\n\n\n\n<figure class=\"wp-block-image size-large\"><img loading=\"lazy\" decoding=\"async\" width=\"800\" height=\"600\" src=\"https:\/\/wordpress.nibis.de\/gsengter\/files\/2021\/03\/IMG_1318photo-800x600.jpg\" alt=\"\" class=\"wp-image-4857\" srcset=\"https:\/\/wordpress.nibis.de\/gsengter\/files\/2021\/03\/IMG_1318photo-800x600.jpg 800w, https:\/\/wordpress.nibis.de\/gsengter\/files\/2021\/03\/IMG_1318photo-300x225.jpg 300w, https:\/\/wordpress.nibis.de\/gsengter\/files\/2021\/03\/IMG_1318photo-768x576.jpg 768w, https:\/\/wordpress.nibis.de\/gsengter\/files\/2021\/03\/IMG_1318photo-1536x1152.jpg 1536w, https:\/\/wordpress.nibis.de\/gsengter\/files\/2021\/03\/IMG_1318photo-2048x1536.jpg 2048w\" sizes=\"auto, (max-width: 800px) 100vw, 800px\" \/><\/figure>\n\n\n\n<h2 class=\"wp-block-heading\"><strong>Schulmensa<\/strong><\/h2>\n\n\n\n<figure class=\"wp-block-image size-large\"><img loading=\"lazy\" decoding=\"async\" width=\"450\" height=\"600\" src=\"https:\/\/wordpress.nibis.de\/gsengter\/files\/2021\/03\/IMG_1321photo-450x600.jpg\" alt=\"\" class=\"wp-image-4858\" srcset=\"https:\/\/wordpress.nibis.de\/gsengter\/files\/2021\/03\/IMG_1321photo-450x600.jpg 450w, https:\/\/wordpress.nibis.de\/gsengter\/files\/2021\/03\/IMG_1321photo-225x300.jpg 225w, https:\/\/wordpress.nibis.de\/gsengter\/files\/2021\/03\/IMG_1321photo-768x1024.jpg 768w, https:\/\/wordpress.nibis.de\/gsengter\/files\/2021\/03\/IMG_1321photo-1152x1536.jpg 1152w, https:\/\/wordpress.nibis.de\/gsengter\/files\/2021\/03\/IMG_1321photo-1536x2048.jpg 1536w, https:\/\/wordpress.nibis.de\/gsengter\/files\/2021\/03\/IMG_1321photo-scaled.jpg 1920w\" sizes=\"auto, (max-width: 450px) 100vw, 450px\" \/><\/figure>\n\n\n\n<p><\/p>\n","protected":false},"excerpt":{"rendered":"<p>Schulgeb\u00e4ude und Schulhof Blick vom Eingangsbereich &#8222;An der Schule&#8220; R\u00fcckw\u00e4rtiger Blick vom Schulhof auf die Schule Der Schulhofbaum ist die Vorlage zum Schul-Logo. Der gepflasterte und \u00fcberdachte Teil des Schulhofs ist f\u00fcr Regenpausen ideal. Der naturnahe Spielebereich ist im r\u00fcckw\u00e4rtigen Teil zu finden. Das gro\u00dfe Spielger\u00e4t l\u00e4dt zum Klettern, Hangeln und Rutschen ein. Der Sandspielbereich regt zum Buddeln und Sandburgenbauen an. Auf dem Fu\u00dfballfeld wird immer mit vollem Einsatz gespielt. F\u00fcr die bewegten Pausen stehen viele Spielger\u00e4te und Fahrzeuge zur&#8230;<\/p>\n<p class=\"read-more\"><a class=\"btn btn-default\" href=\"https:\/\/wordpress.nibis.de\/gsengter\/unsere-schule\/schulansichten\/\">Weiterlesen<span class=\"screen-reader-text\"> Weiterlesen<\/span><\/a><\/p>\n","protected":false},"author":714,"featured_media":0,"parent":40,"menu_order":0,"comment_status":"closed","ping_status":"closed","template":"","meta":{"footnotes":""},"class_list":["post-74","page","type-page","status-publish","hentry"],"_links":{"self":[{"href":"https:\/\/wordpress.nibis.de\/gsengter\/wp-json\/wp\/v2\/pages\/74","targetHints":{"allow":["GET"]}}],"collection":[{"href":"https:\/\/wordpress.nibis.de\/gsengter\/wp-json\/wp\/v2\/pages"}],"about":[{"href":"https:\/\/wordpress.nibis.de\/gsengter\/wp-json\/wp\/v2\/types\/page"}],"author":[{"embeddable":true,"href":"https:\/\/wordpress.nibis.de\/gsengter\/wp-json\/wp\/v2\/users\/714"}],"replies":[{"embeddable":true,"href":"https:\/\/wordpress.nibis.de\/gsengter\/wp-json\/wp\/v2\/comments?post=74"}],"version-history":[{"count":33,"href":"https:\/\/wordpress.nibis.de\/gsengter\/wp-json\/wp\/v2\/pages\/74\/revisions"}],"predecessor-version":[{"id":4983,"href":"https:\/\/wordpress.nibis.de\/gsengter\/wp-json\/wp\/v2\/pages\/74\/revisions\/4983"}],"up":[{"embeddable":true,"href":"https:\/\/wordpress.nibis.de\/gsengter\/wp-json\/wp\/v2\/pages\/40"}],"wp:attachment":[{"href":"https:\/\/wordpress.nibis.de\/gsengter\/wp-json\/wp\/v2\/media?parent=74"}],"curies":[{"name":"wp","href":"https:\/\/api.w.org\/{rel}","templated":true}]}}