{"id":1120,"date":"2022-03-02T15:04:34","date_gmt":"2022-03-02T14:04:34","guid":{"rendered":"https:\/\/wordpress.nibis.de\/gsesterw\/?page_id=1120"},"modified":"2026-01-09T14:28:11","modified_gmt":"2026-01-09T13:28:11","slug":"schulsozialarbeit","status":"publish","type":"page","link":"https:\/\/wordpress.nibis.de\/gsesterw\/schulsozialarbeit\/","title":{"rendered":"Schulsozialarbeit"},"content":{"rendered":"<p><img loading=\"lazy\" decoding=\"async\" class=\" wp-image-1121 alignright\" src=\"https:\/\/wordpress.nibis.de\/gsesterw\/files\/2022\/03\/Daniela-Hanneken.jpg\" alt=\"\" width=\"145\" height=\"227\" \/><\/p>\n<p>Ich hei\u00dfe Daniela Hanneken und bin seit November 2021 als Fachkraft f\u00fcr schulische Sozialarbeit in der Grundschule Esterwegen t\u00e4tig. \u00a0<\/p>\n<p><strong>Was gibt es \u00fcber mich zu wissen?<\/strong><\/p>\n<p>Ich bin verheiratet und Mutter von drei erwachsenen Kindern. Meine Ausbildung zur Erzieherin habe ich 1994 \u00a0abgeschlossen. Im Sommer 2024 habe ich mein Bachelorstudium mit dem Schwerpunkt &#8222;Soziale Arbeit (B.A.)&#8220; erfolgreich beendet.<\/p>\n<p>W\u00e4hrend meiner gesamten Laufbahn konnte ich vielf\u00e4ltige Erfahrungen in der p\u00e4dagogischen Arbeit sammeln:<\/p>\n<ul>\n<li>Die Arbeit in <strong>Kinder- und Jugendheimen<\/strong> in Bremen, Braunschweig und Surwold, in denen ich f\u00fcr S\u00e4uglinge, junge M\u00fctter, Kinder, Jugendliche sowie deren Eltern verantwortlich war.<\/li>\n<li>Die<strong> Sprachbildung und Sprachf\u00f6rderung<\/strong> von Kindern in den Kindertagesst\u00e4tten der Samtgemeinde Nordh\u00fcmmling, \u00a0f\u00fcr die ich im Auftrag des Landkreis Emsland t\u00e4tig war.<\/li>\n<li>Die <strong>Leitung sowie Mitarbeit<\/strong> in der Kindertagesst\u00e4tte St. Josef in B\u00f6rgerwald.<\/li>\n<\/ul>\n<p><strong>Was sind meine Aufgaben und Ziele?<\/strong><\/p>\n<p>Meine Hauptaufgabe ist es, die Sch\u00fclerinnen und Sch\u00fcler, deren Eltern und das Schulteam zu beraten und zu unterst\u00fctzen. Weitere T\u00e4tigkeitsfelder der Schulsozialarbeit k\u00f6nnen Sie dem <a href=\"https:\/\/wordpress.nibis.de\/gsesterw\/files\/2022\/03\/Schaubild-Taetigkeitsfeld-in-der-Schulsozialarbeit.pdf\">Schaubild<\/a> entnehmen.<\/p>\n<p>Mein Ziel ist es, ein gutes Schulklima zu f\u00f6rdern, in dem sich alle wohlf\u00fchlen und gemeinsam lernen k\u00f6nnen. Dabei lege ich besonderen Wert auf eine vertrauensvolle Zusammenarbeit und biete bei Bedarf gerne individuelle Hilfestellungen an.<\/p>\n<p>Z\u00f6gern Sie also nicht, mich anzusprechen!<\/p>\n<p>Sollten Sie Fragen haben, k\u00f6nnen Sie mich telefonisch unter 05955-935430 oder per E-Mail ( <a href=\"&#x6d;a&#x69;&#108;&#x74;&#111;&#x3a;&#x64;a&#x6e;&#105;&#x65;&#108;&#x61;&#46;h&#x61;&#110;&#x6e;&#101;&#x6b;&#101;n&#x40;&#103;&#x73;&#45;&#x65;&#115;t&#x65;r&#x77;&#101;&#x67;&#101;n&#x2e;d&#x65;\">da&#110;&#105;&#101;&#x6c;&#x61;&#x2e;&#x68;&#x61;nn&#101;&#107;&#101;&#x6e;&#x40;&#x67;&#x73;&#x2d;es&#116;&#101;&#114;&#x77;&#x65;&#x67;&#x65;&#x6e;&#46;d&#101;<\/a> ) erreichen.<\/p>\n<p><strong>Daniela Hanneken<\/strong><\/p>\n\n\n<p>&nbsp;&nbsp;&nbsp;&nbsp;&nbsp;&nbsp;&nbsp;&nbsp;&nbsp;&nbsp;&nbsp; <\/p>\n\n\n\n<p><\/p>\n","protected":false},"excerpt":{"rendered":"<p>Ich hei\u00dfe Daniela Hanneken und bin seit November 2021 als Fachkraft f\u00fcr schulische Sozialarbeit in der Grundschule Esterwegen t\u00e4tig. \u00a0 Was gibt es \u00fcber mich zu wissen? Ich bin verheiratet und Mutter von drei erwachsenen Kindern. Meine Ausbildung zur Erzieherin habe ich 1994 \u00a0abgeschlossen. Im Sommer 2024 habe ich mein Bachelorstudium mit dem Schwerpunkt &#8222;Soziale &hellip; <a href=\"https:\/\/wordpress.nibis.de\/gsesterw\/schulsozialarbeit\/\" class=\"more-link\"><span class=\"screen-reader-text\">Schulsozialarbeit<\/span> weiterlesen <span class=\"meta-nav\">&rarr;<\/span><\/a><\/p>\n","protected":false},"author":9193300,"featured_media":0,"parent":0,"menu_order":0,"comment_status":"closed","ping_status":"closed","template":"","meta":{"footnotes":""},"class_list":["post-1120","page","type-page","status-publish","hentry"],"_links":{"self":[{"href":"https:\/\/wordpress.nibis.de\/gsesterw\/wp-json\/wp\/v2\/pages\/1120","targetHints":{"allow":["GET"]}}],"collection":[{"href":"https:\/\/wordpress.nibis.de\/gsesterw\/wp-json\/wp\/v2\/pages"}],"about":[{"href":"https:\/\/wordpress.nibis.de\/gsesterw\/wp-json\/wp\/v2\/types\/page"}],"author":[{"embeddable":true,"href":"https:\/\/wordpress.nibis.de\/gsesterw\/wp-json\/wp\/v2\/users\/9193300"}],"replies":[{"embeddable":true,"href":"https:\/\/wordpress.nibis.de\/gsesterw\/wp-json\/wp\/v2\/comments?post=1120"}],"version-history":[{"count":10,"href":"https:\/\/wordpress.nibis.de\/gsesterw\/wp-json\/wp\/v2\/pages\/1120\/revisions"}],"predecessor-version":[{"id":1939,"href":"https:\/\/wordpress.nibis.de\/gsesterw\/wp-json\/wp\/v2\/pages\/1120\/revisions\/1939"}],"wp:attachment":[{"href":"https:\/\/wordpress.nibis.de\/gsesterw\/wp-json\/wp\/v2\/media?parent=1120"}],"curies":[{"name":"wp","href":"https:\/\/api.w.org\/{rel}","templated":true}]}}