{"id":135,"date":"2020-01-06T16:22:45","date_gmt":"2020-01-06T15:22:45","guid":{"rendered":"https:\/\/wordpress.nibis.de\/gsesterw\/?page_id=135"},"modified":"2026-04-15T13:50:54","modified_gmt":"2026-04-15T11:50:54","slug":"foerderverein","status":"publish","type":"page","link":"https:\/\/wordpress.nibis.de\/gsesterw\/foerderverein\/","title":{"rendered":"F\u00f6rderverein"},"content":{"rendered":"\n<div class=\"wp-block-image\"><a href=\"https:\/\/wordpress.nibis.de\/gsesterw\/files\/2026\/04\/13f2fbaf-cf78-4321-9951-14217668f23b.jpeg\"><img loading=\"lazy\" decoding=\"async\" class=\"wpa-warning wpa-image-missing-alt aligncenter size-full wp-image-2093\" src=\"https:\/\/wordpress.nibis.de\/gsesterw\/files\/2026\/04\/13f2fbaf-cf78-4321-9951-14217668f23b.jpeg\" alt=\"\" width=\"1536\" height=\"1024\" data-warning=\"Missing alt text\" srcset=\"https:\/\/wordpress.nibis.de\/gsesterw\/files\/2026\/04\/13f2fbaf-cf78-4321-9951-14217668f23b.jpeg 1536w, https:\/\/wordpress.nibis.de\/gsesterw\/files\/2026\/04\/13f2fbaf-cf78-4321-9951-14217668f23b-768x512.jpeg 768w, https:\/\/wordpress.nibis.de\/gsesterw\/files\/2026\/04\/13f2fbaf-cf78-4321-9951-14217668f23b-100x67.jpeg 100w\" sizes=\"auto, (max-width: 1536px) 100vw, 1536px\" \/><\/a><\/div>\n<h5>Der F\u00f6rderverein der Grundschule Esterwegen e.V.<\/h5>\n<ul>\n<li>gegr\u00fcndet: 30. November 1992<\/li>\n<li>Mitglied des Vereins k\u00f6nnen alle Eltern werden, deren Kinder die Grundschule Esterwegen besuchen.<\/li>\n<\/ul>\n<p><strong>Der aktuelle Vorstand (v. l.):<\/strong><\/p>\n<p>Johannes W\u00f6ste (2. Vorsitzender), Jenny Jansen (Beisitzerin), Anja Koers (Schriftf\u00fchrerin), Kathrin Knelangen (Kassenpr\u00fcferin), Heiko Frerichs (1. Vorsitzender)<\/p>\n<h6>Aufgaben und Ziele des Vereins sind:<\/h6>\n<ol>\n<li>Die Mitglieder \u00fcber das Schulleben zu informieren und auf seine Gestaltung Einfluss zu nehmen.<\/li>\n<li>Durch Beitr\u00e4ge und Spenden finanzielle Mittel zur Verf\u00fcgung zu stellen, die ausschlie\u00dflich im Interesse der Grundschule und somit zugunsten der Kinder verwendet werden.<\/li>\n<\/ol>\n\n\n<p><a href=\"https:\/\/wordpress.nibis.de\/gsesterw\/files\/2025\/10\/Flyer_Foerderverein_der_Grundschule_Esterwegen.pdf\">Flyer F\u00f6rderverein der Grundschule Esterwegen<\/a><\/p>\n<p><a href=\"https:\/\/wordpress.nibis.de\/gsesterw\/files\/2025\/10\/Satzung-Foerderverein-der-Grundschule-Esterwegen.pdf\">Satzung F\u00f6rderverein der Grundschule Esterwegen<\/a><\/p>\n<p><a href=\"https:\/\/wordpress.nibis.de\/gsesterw\/files\/2025\/10\/Datenschutzhinweis_Foerderverein_der_Grundschule_Esterwegen.pdf\">Datenschutzhinweis F\u00f6rderverein der Grundschule Esterwegen<\/a><\/p>","protected":false},"excerpt":{"rendered":"<p>Der F\u00f6rderverein der Grundschule Esterwegen e.V. gegr\u00fcndet: 30. November 1992 Mitglied des Vereins k\u00f6nnen alle Eltern werden, deren Kinder die Grundschule Esterwegen besuchen. Der aktuelle Vorstand (v. l.): Johannes W\u00f6ste (2. Vorsitzender), Jenny Jansen (Beisitzerin), Anja Koers (Schriftf\u00fchrerin), Kathrin Knelangen (Kassenpr\u00fcferin), Heiko Frerichs (1. Vorsitzender) Aufgaben und Ziele des Vereins sind: Die Mitglieder \u00fcber das &hellip; <a href=\"https:\/\/wordpress.nibis.de\/gsesterw\/foerderverein\/\" class=\"more-link\"><span class=\"screen-reader-text\">F\u00f6rderverein<\/span> weiterlesen <span class=\"meta-nav\">&rarr;<\/span><\/a><\/p>\n","protected":false},"author":9193300,"featured_media":0,"parent":0,"menu_order":0,"comment_status":"closed","ping_status":"closed","template":"","meta":{"footnotes":""},"class_list":["post-135","page","type-page","status-publish","hentry"],"_links":{"self":[{"href":"https:\/\/wordpress.nibis.de\/gsesterw\/wp-json\/wp\/v2\/pages\/135","targetHints":{"allow":["GET"]}}],"collection":[{"href":"https:\/\/wordpress.nibis.de\/gsesterw\/wp-json\/wp\/v2\/pages"}],"about":[{"href":"https:\/\/wordpress.nibis.de\/gsesterw\/wp-json\/wp\/v2\/types\/page"}],"author":[{"embeddable":true,"href":"https:\/\/wordpress.nibis.de\/gsesterw\/wp-json\/wp\/v2\/users\/9193300"}],"replies":[{"embeddable":true,"href":"https:\/\/wordpress.nibis.de\/gsesterw\/wp-json\/wp\/v2\/comments?post=135"}],"version-history":[{"count":9,"href":"https:\/\/wordpress.nibis.de\/gsesterw\/wp-json\/wp\/v2\/pages\/135\/revisions"}],"predecessor-version":[{"id":2099,"href":"https:\/\/wordpress.nibis.de\/gsesterw\/wp-json\/wp\/v2\/pages\/135\/revisions\/2099"}],"wp:attachment":[{"href":"https:\/\/wordpress.nibis.de\/gsesterw\/wp-json\/wp\/v2\/media?parent=135"}],"curies":[{"name":"wp","href":"https:\/\/api.w.org\/{rel}","templated":true}]}}