{"id":426,"date":"2020-03-25T13:40:28","date_gmt":"2020-03-25T12:40:28","guid":{"rendered":"https:\/\/wordpress.nibis.de\/gsesterw\/?page_id=426"},"modified":"2020-03-25T13:40:28","modified_gmt":"2020-03-25T12:40:28","slug":"1991-1992-1999-2000","status":"publish","type":"page","link":"https:\/\/wordpress.nibis.de\/gsesterw\/1991-1992-1999-2000\/","title":{"rendered":"1991\/1992 -1999\/2000"},"content":{"rendered":"\n<h6>1991\/1992:<\/h6>\n<p>Ab dem 01.08.1991 ist die Grundschule selbst\u00e4ndig. Herr Georg Grewe wird zum kommissarischen Leiter bestimmt. Mit Beginn des Schuljahres kommt Frau Gudrun Sasse neu in das Kollegium. Sie wird allerdings schon zum Schuljahresende auf eigenen Wunsch wieder versetzt. Am 25.03.1992 kommt Frau Dorothee Gepp neu in das Kollegium der Grundschule.<\/p>\n<p>Am 27.05.1992 wird Herr Georg Grewe zum Rektor der Grundschule ernannt. Konrektorin wird Frau Gabriele Jansen.<br \/>Aus Platzmangel m\u00fcssen die beiden 4. Schuljahre im Geb\u00e4ude der Orientierungsstufe untergebracht werden.<\/p>\n<p><strong>Besondere Veranstaltungen:<\/strong><br \/>Am 13.06.1992 veranstaltet die Grundschule ein Schulfest (Wasserspiele).<\/p>\n<h6>1992\/1993:<\/h6>\n<p>Mit Beginn des Schuljahres kommt Frau Karin Kober neu in das Kollegium und \u00fcbernimmt die Klasse von Frau Sasse. Am 06.05.1993 wird Frau Ilse Marie Felsen an die Grundschule versetzt.\u00a0 Aus Platzmangel m\u00fcssen die drei 4. Schuljahre im Geb\u00e4ude der Orientierungsstufe untergebracht werden.<\/p>\n<p><strong>Besondere Veranstaltungen:<\/strong> <br \/>Am 16.10.1992 findet im Rahmen einer Feierstunde die Amtseinf\u00fchrung der Schulleitung statt.\u00a0<br \/>Am 30.11.1992 wird der F\u00f6rderverein der Grundschule gegr\u00fcndet.<br \/>Im Rahmen einer Elternaktion werden alle Klassenr\u00e4ume mit gro\u00dfen Pinnw\u00e4nden versehen. <br \/>Die so genannte &#8222;kleine Verwaltung&#8220; wird als Verwaltungsgeb\u00e4ude der Grundschule eingerichtet. Es entsteht ein Lehrerzimmer mit Lehrerb\u00fccherei. Au\u00dferdem erhalten Frau Jansen und Herr Grewe jeweils ein eigenes B\u00fcro.<\/p>\n<h6>1993\/1994:<\/h6>\n<p>Am 01.02.1994 kommt Frau Susanne Kleyboldt neu in das Kollegium der Grundschule. Sie \u00fcbernimmt die Leitung des Schulkindergartens. Herr Peter Freking wird f\u00fcr ein Jahr vom Schulzentrum an die Grundschule abgeordnet und \u00fcbernimmt ein drittes Schuljahr.<br \/>Aus Platzmangel m\u00fcssen 4 Klassen im Geb\u00e4ude der Orientierungsstufe untergebracht werden.<\/p>\n<p><strong>Besondere Veranstaltungen:<\/strong><br \/>Zum Beginn des Schuljahres wird im gesamten Schulzentrum Esterwegen die 5-Tage Woche eingef\u00fchrt.\u00a0<br \/>Am 04.12.1993: Weihnachtsbasar. Der Erl\u00f6s wird zum Teil an Edith Thier in Kolumbien gespendet, der Rest wird auf die Klassen verteilt.<\/p>\n<h6>1994\/1995:<\/h6>\n<p>Mit Beginn des Schuljahres kommt Frau Sigrid Wegmann neu in das Kollegium und \u00fcbernimmt ein 1. Schuljahr. Am 01.09.1994 verstirbt Herr Friedrich-Wilhelm Kleinschmidt. Da hierdurch ein Klassenlehrer fehlt, wird sein 4. Schuljahr gemeinsam von Frau Kober und Frau Mayr gef\u00fchrt. Zum Schuljahresende geht Frau Ilse Marie Felsen in den vorzeitigen Ruhestand. Aus Platzmangel m\u00fcssen 5 Klassen im Geb\u00e4ude der Orientierungsstufe untergebracht werden. Am 28.04.1994 feiert Herr Bernhard Jansen sein 25-j\u00e4hriges Dienstjubil\u00e4um. Am 28.11.1994 feiert Frau Gabriele Jansen ihr 25-j\u00e4hriges Dienstjubil\u00e4um. Frau R\u00f6der, Frau Brinkmann und Herr Gutowski werden stundenweise an die Grundschule abgeordnet.<\/p>\n<p><strong>Besondere Veranstaltungen:<\/strong><br \/>Vom 29.10. bis zum 06.11.1994 beteiligt sich die Grundschule an der Aktion &#8222;Niedersachsen f\u00fcr eine saubere Umwelt&#8220;, indem die Klassen eine M\u00fcllsammlung im Wald und in der Umgebung der Schule durchf\u00fchren.\u00a0<br \/>Am 20.05.1995 wird ein Schulfest gefeiert. Der Erl\u00f6s wird f\u00fcr Neuanschaffungen in den einzelnen Klassen verwendet.<br \/>Eine Sch\u00fclerb\u00fccherei wird eingerichtet.<\/p>\n<h6>1995\/1996:<\/h6>\n<p>Mit Beginn des Schuljahres kommt Frau Kirsten Renke neu in das Kollegium und \u00fcbernimmt ein 1. Schuljahr. Frau Kober wird mit 5 Wochenstunden an die Sonderschule abgeordnet. Aus Platzmangel m\u00fcssen 5 Klassen im Geb\u00e4ude der Orientierungsstufe untergebracht werden. Am 23.01.1996 feiert Herr Georg Grewe sein 25 &#8211; j\u00e4hriges Dienstjubil\u00e4um.<\/p>\n<p><strong>Besondere Veranstaltungen:<\/strong><br \/>Am 02.09. 1995 findet ein Sport- und Spielfest statt.\u00a0<br \/>Am 01.04.1996 wird Herr Theodor Thomes als 2. Hausmeister eingestellt. Am 26.02.1996 wird im Rahmen einer Feierstunde der langj\u00e4hrige Hausmeister Herr Bernhard Kassens in den Ruhestand verabschiedet. Am 20.05.1996 veranstaltet die Grundschule ein Sommerfest.<\/p>\n<h6>1996\/1997:<\/h6>\n<p>Am 16.10.1996 feiert Frau Ursula Mayr ihr 25 &#8211; j\u00e4hriges Dienstjubil\u00e4um.\u00a0 Am 29.05.1997 feiert Herr Kai Engelke sein 25 &#8211; j\u00e4hriges Dienstjubil\u00e4um.<\/p>\n<p><strong>Besondere Veranstaltungen:<\/strong><br \/>Am 26.04.1997 wird mit einem Festakt der Erweiterungsneubau der Grundschule eingeweiht. Mit ihm stehen nun 4 weitere Klassenr\u00e4ume zur Verf\u00fcgung und zwei Gruppenr\u00e4ume, von denen einer jedoch aus Platzmangel als Klassenraum genutzt werden muss. Der Einweihung geht eine Projektwoche unter dem Motto &#8222;Unsere Schule soll sch\u00f6ner werden&#8220; voraus. Im Rahmen der Projekttage werden T\u00fcren gestrichen, Stellw\u00e4nde gebaut, Flure gestaltet usw. <\/p>\n<h6>1997\/1998:<\/h6>\n<p>Frau Kirsten Renke wird nach Oldenburg versetzt und verl\u00e4sst nach 3- j\u00e4hriger T\u00e4tigkeit das Kollegium der Grundschule zum Ende des Schuljahres.<\/p>\n<p><strong>Besondere Veranstaltungen:<\/strong><br \/>Im Rahmen einer Elternaktion wird der Schulhof der Grundschule neu gestaltet. Es werden Spielger\u00e4te gebaut, Ruhezonen eingerichtet und ein Schulgarten angelegt.<br \/><br \/><\/p>\n<h6>1998\/1999:<\/h6>\n<p>Mit Beginn des Schuljahres kommt Frau Ingrid Hempen neu in das Kollegium und \u00fcbernimmt ein 1. Schuljahr. Aufgrund der gro\u00dfen Sch\u00fclerzahl wird das 1. Schuljahr erstmals vierz\u00fcgig. Die durch den Weggang von Frau Renke freigewordene 4.Klasse (16 Sch\u00fcler) wird auf die Parallelklassen aufgeteilt. Am 02.12.1998 feiert Frau Thekla Willoh ihr 25 &#8211; j\u00e4hriges Dienstjubil\u00e4um.<\/p>\n<p><strong>Besondere Veranstaltungen:<\/strong><br \/>Vom 28.09. bis zum 02.10.1998 veranstaltet die Grundschule unter Mithilfe eines F\u00f6rsters Waldjugendspiele. <br \/>Am 27.11.1998 findet ein Weihnachtsbasar statt. Ein Teil des Erl\u00f6ses geht an ein Krankenhausprojekt in Indien, ein weiterer Teil an das Haus Arche in Papenburg f\u00fcr die Betreuung Obdach- und Mittelloser.\u00a0<\/p>\n<h6>1999\/2000:<\/h6>\n<p>Da ein Klassenlehrer zu wenig zur Verf\u00fcgung steht, wird ein 1. Schuljahr von Frau Jansen und Frau Mayr gemeinsam gef\u00fchrt.<br \/>Frau Thomes wird Mutter und geht von Mitte M\u00e4rz bis Mitte Juli in Mutterschaftsurlaub. Weil keine Mutterschaftsvertretung eingestellt wird, werden ihre Sch\u00fcler auf die Parallelklasse aufgeteilt.\u00a0 Aus Platzmangel muss 1 Klasse im Geb\u00e4ude der Orientierungsstufe untergebracht werden.Frau Gepp und Frau Kober begehen ihr 25 &#8211; j\u00e4hriges Dienstjubil\u00e4um. Nach 12 &#8211; j\u00e4hriger T\u00e4tigkeit als Personalrat legt Herr Burchard sein Amt nieder.<br \/>Seine Nachfolge tritt am 29.03.2000 Frau Kleyboldt an.<\/p>\n<p><strong>Besondere Veranstaltungen:<\/strong><br \/>Im November referiert Frau Stauss, eine Medizinerin aus Indien vor den Sch\u00fclern der 3. und 4, Schuljahre \u00fcber ein Hilfsprojekt f\u00fcr Kinder in Indien, f\u00fcr das der Erl\u00f6s des Weihnachtsbasars 1998 gespendet wurde. Vom 19.06. bis 24.06.2000 findet eine Projektwoche zum Thema Indianer statt, die am 24.06.2000 mit einem Schulfest unter dem Motto &#8222;Leben wie die Indianer&#8220; abgeschlossen wird.<\/p>\n<p>\u00a0<\/p>\n","protected":false},"excerpt":{"rendered":"<p>1991\/1992: Ab dem 01.08.1991 ist die Grundschule selbst\u00e4ndig. Herr Georg Grewe wird zum kommissarischen Leiter bestimmt. Mit Beginn des Schuljahres kommt Frau Gudrun Sasse neu in das Kollegium. Sie wird allerdings schon zum Schuljahresende auf eigenen Wunsch wieder versetzt. Am 25.03.1992 kommt Frau Dorothee Gepp neu in das Kollegium der Grundschule. Am 27.05.1992 wird Herr &hellip; <a href=\"https:\/\/wordpress.nibis.de\/gsesterw\/1991-1992-1999-2000\/\" class=\"more-link\"><span class=\"screen-reader-text\">1991\/1992 -1999\/2000<\/span> weiterlesen <span class=\"meta-nav\">&rarr;<\/span><\/a><\/p>\n","protected":false},"author":9193300,"featured_media":0,"parent":0,"menu_order":0,"comment_status":"closed","ping_status":"closed","template":"","meta":{"footnotes":""},"class_list":["post-426","page","type-page","status-publish","hentry"],"_links":{"self":[{"href":"https:\/\/wordpress.nibis.de\/gsesterw\/wp-json\/wp\/v2\/pages\/426","targetHints":{"allow":["GET"]}}],"collection":[{"href":"https:\/\/wordpress.nibis.de\/gsesterw\/wp-json\/wp\/v2\/pages"}],"about":[{"href":"https:\/\/wordpress.nibis.de\/gsesterw\/wp-json\/wp\/v2\/types\/page"}],"author":[{"embeddable":true,"href":"https:\/\/wordpress.nibis.de\/gsesterw\/wp-json\/wp\/v2\/users\/9193300"}],"replies":[{"embeddable":true,"href":"https:\/\/wordpress.nibis.de\/gsesterw\/wp-json\/wp\/v2\/comments?post=426"}],"version-history":[{"count":1,"href":"https:\/\/wordpress.nibis.de\/gsesterw\/wp-json\/wp\/v2\/pages\/426\/revisions"}],"predecessor-version":[{"id":427,"href":"https:\/\/wordpress.nibis.de\/gsesterw\/wp-json\/wp\/v2\/pages\/426\/revisions\/427"}],"wp:attachment":[{"href":"https:\/\/wordpress.nibis.de\/gsesterw\/wp-json\/wp\/v2\/media?parent=426"}],"curies":[{"name":"wp","href":"https:\/\/api.w.org\/{rel}","templated":true}]}}