{"id":751,"date":"2021-05-03T14:43:28","date_gmt":"2021-05-03T12:43:28","guid":{"rendered":"https:\/\/wordpress.nibis.de\/gsesterw\/?page_id=751"},"modified":"2025-08-20T15:08:41","modified_gmt":"2025-08-20T13:08:41","slug":"abc-der-grundschule-esterwegen-a","status":"publish","type":"page","link":"https:\/\/wordpress.nibis.de\/gsesterw\/abc-der-grundschule-esterwegen-a\/","title":{"rendered":"a"},"content":{"rendered":"<p><strong>Adress\u00e4nderungen<\/strong><br \/>Sollten sich Ihre Anschrift und\/oder Telefonnummer (besonders Notfallnummern!) und\/oder Mail \u00e4ndern, teilen Sie dies bitte sofort im Sekretariat mit. Auch die Klassenlehrer\/-innen Ihres Kindes sollten umgehend informiert werden.<\/p>\n<p><strong>Adventssingen<\/strong><br \/>In der Adventszeit findet ein w\u00f6chentliches, gemeinsames Adventssingen statt. So beginnen die Sch\u00fclerinnen und Sch\u00fcler in der Regel montags die Adventszeit mit Liedern und Gedichten. Auch in der Klasse wird festlich dekoriert und die Adventszeit mit Gedichten und Liedern kindgerecht gestaltet.<\/p>\n<p><strong>Aller Anfang ist schwer!<\/strong><br \/>Das gilt auch f\u00fcr den Schulanfang. Machen Sie es Ihrem Kind leicht und geben Sie ihm Zeit, sich in Ruhe an diesen neuen Lebensabschnitt zu gew\u00f6hnen.<\/p>\n<p><strong>Ansprechpartner\/-innen<\/strong><br \/>Die Ansprechpartner\/-innen sind in erster Linie die Klassenlehrer\/-innen Ihres Kindes. Gespr\u00e4chstermine k\u00f6nnen telefonisch, \u00fcber Iserv und \u00fcber den Schulplaner vereinbart werden. Bei Nachfragen zum Fachunterricht, der durch andere Kollegen\/Kolleginnen erteilt wird, bitte ebenfalls vorher telefonisch oder per E-Mail anmelden.<\/p>\n<p><strong>Antolin (Mit Lesen punkten) \u00a0 \u00a0 \u00a0 \u00a0 \u00a0 \u00a0 \u00a0 \u00a0 \u00a0 \u00a0 \u00a0 \u00a0 \u00a0 \u00a0 \u00a0 \u00a0 \u00a0 \u00a0 \u00a0 \u00a0 \u00a0 \u00a0 \u00a0 \u00a0 \u00a0 \u00a0 \u00a0 \u00a0 \u00a0 \u00a0 \u00a0 \u00a0 \u00a0 \u00a0 \u00a0 \u00a0 \u00a0 \u00a0 \u00a0 \u00a0 \u00a0 \u00a0 \u00a0 \u00a0 \u00a0 <\/strong>Die SuS sind ausgestattet mit Zugangsdaten einem Benutzernamen und einem Kennwort, f\u00fcr antolin.de.<\/p>\n<ol>\n<li>Kinder und Jugendliche besorgen sich B\u00fccher aus der B\u00fccherei, aus einer Lesekiste oder aus dem Regal zu Hause.<\/li>\n<li>Sie machen es sich gem\u00fctlich: Gelesen wird zu Hause oder in der Schule, in der Freiarbeit oder in der Antolin-Stunde. Jeder f\u00fcr sich, jeder in seinem Tempo. Buchdeckel zu.<\/li>\n<li>Auf geht&#8217;s zum Tablet, Smartphone oder PC, zu antolin.de:<br \/>Zugangsdaten eingeben, Buchtitel eintippen, Quiz starten!<\/li>\n<li>Antolin fragt zum Buch:<br \/>Wie kam es zu &#8230;? Wem folgten sie &#8230;? Warum war es still?<br \/>Die Kinder und Jugendlichen tippen eine Antwort an. Jede richtige freut den Raben, jede falsche l\u00f6st er auf.<\/li>\n<li>Gut gemacht? Ja! Im Konto gl\u00e4nzen die Punkte.<\/li>\n<\/ol>\n<p><strong>Arbeitsgemeinschaften<\/strong><br \/>Im dritten und vierten Schuljahr werden Arbeitsgemeinschaften angeboten. Die Wahlfreiheit ist jeweils zu Beginn des Schulhalbjahres gegeben, wobei diese verpflichtend gew\u00e4hlt werden.<\/p>\n<p><strong>Arbeits- und Sozialverhalten<\/strong><br \/>Die Bewertung des Arbeits- und Sozialverhaltens der Sch\u00fcler\/-innen wird in allen Zeugnissen vermerkt. Sie ist eine wichtige R\u00fcckmeldung f\u00fcr die Sch\u00fcler\/-innen und gibt Eltern entsprechende Auskunft.<\/p>\n<p><strong>Aufsicht<\/strong><br \/>W\u00e4hrend der Pause halten sich die Kinder je nach Witterung im Pausenhof oder in der Klasse auf , wof\u00fcr durch die Schulleitung jeweils aufsichtsf\u00fchrende Lehrkr\u00e4fte eingeteilt werden.<br \/>Wir m\u00f6chten noch einmal ausdr\u00fccklich darauf hinweisen, dass<br \/>der Versicherungsschutz und die Aufsichtspflicht der Schule erl\u00f6schen, wenn Ihre Tochter oder Ihr Sohn w\u00e4hrend der Mittagspause und am Nachmittag das Schulgel\u00e4nde unerlaubt verl\u00e4sst. Bitte weisen Sie Ihre Kinder darauf hin, dass sie das Schulgel\u00e4nde w\u00e4hrend der Mittagspause und am Nachmittag nicht bzw. nur mit Sondergenehmigung verlassen d\u00fcrfen.<\/p>\n<p>Zur\u00fcck zum <a href=\"https:\/\/wordpress.nibis.de\/gsesterw\/abc-der-grundschule\/\">ABC der Grundschule<\/a>.<\/p>\n\n","protected":false},"excerpt":{"rendered":"<p>Adress\u00e4nderungenSollten sich Ihre Anschrift und\/oder Telefonnummer (besonders Notfallnummern!) und\/oder Mail \u00e4ndern, teilen Sie dies bitte sofort im Sekretariat mit. Auch die Klassenlehrer\/-innen Ihres Kindes sollten umgehend informiert werden. AdventssingenIn der Adventszeit findet ein w\u00f6chentliches, gemeinsames Adventssingen statt. So beginnen die Sch\u00fclerinnen und Sch\u00fcler in der Regel montags die Adventszeit mit Liedern und Gedichten. Auch in &hellip; <a href=\"https:\/\/wordpress.nibis.de\/gsesterw\/abc-der-grundschule-esterwegen-a\/\" class=\"more-link\"><span class=\"screen-reader-text\">a<\/span> weiterlesen <span class=\"meta-nav\">&rarr;<\/span><\/a><\/p>\n","protected":false},"author":9193300,"featured_media":0,"parent":0,"menu_order":0,"comment_status":"closed","ping_status":"closed","template":"","meta":{"footnotes":""},"class_list":["post-751","page","type-page","status-publish","hentry"],"_links":{"self":[{"href":"https:\/\/wordpress.nibis.de\/gsesterw\/wp-json\/wp\/v2\/pages\/751","targetHints":{"allow":["GET"]}}],"collection":[{"href":"https:\/\/wordpress.nibis.de\/gsesterw\/wp-json\/wp\/v2\/pages"}],"about":[{"href":"https:\/\/wordpress.nibis.de\/gsesterw\/wp-json\/wp\/v2\/types\/page"}],"author":[{"embeddable":true,"href":"https:\/\/wordpress.nibis.de\/gsesterw\/wp-json\/wp\/v2\/users\/9193300"}],"replies":[{"embeddable":true,"href":"https:\/\/wordpress.nibis.de\/gsesterw\/wp-json\/wp\/v2\/comments?post=751"}],"version-history":[{"count":10,"href":"https:\/\/wordpress.nibis.de\/gsesterw\/wp-json\/wp\/v2\/pages\/751\/revisions"}],"predecessor-version":[{"id":1749,"href":"https:\/\/wordpress.nibis.de\/gsesterw\/wp-json\/wp\/v2\/pages\/751\/revisions\/1749"}],"wp:attachment":[{"href":"https:\/\/wordpress.nibis.de\/gsesterw\/wp-json\/wp\/v2\/media?parent=751"}],"curies":[{"name":"wp","href":"https:\/\/api.w.org\/{rel}","templated":true}]}}