{"id":794,"date":"2021-05-25T13:26:48","date_gmt":"2021-05-25T11:26:48","guid":{"rendered":"https:\/\/wordpress.nibis.de\/gsesterw\/?page_id=794"},"modified":"2021-05-25T13:31:39","modified_gmt":"2021-05-25T11:31:39","slug":"f","status":"publish","type":"page","link":"https:\/\/wordpress.nibis.de\/gsesterw\/f\/","title":{"rendered":"F"},"content":{"rendered":"<p><strong>Fahrradhelm<\/strong><br \/>\nFahrradhelme f\u00fcr Schulkinder, die mit dem Fahrrad zur Schule<br \/>\nkommen, sind nicht verpflichtend vorgeschrieben. Da sie die Sicherheit der Jungen und M\u00e4dchen auf dem Schulweg deutlich erh\u00f6hen, raten wir dringend zum Kauf eines solchen Helmes. Jeder noch so teure Helm ist jedoch nutzlos, wenn er nicht sachgerecht getragen wird. \u00dcben Sie daher mit Ihrem Kind, den Helm richtig aufzusetzen.<\/p>\n<p><strong>Fahrr\u00e4der<\/strong><br \/>\nFalls ein Sch\u00fcler mit dem Fahrrad zur Schule f\u00e4hrt, ist auf den verkehrssicheren Zustand des Rades zu achten. W\u00e4hrend der Unterrichtszeit sind die Fahrr\u00e4der ausschlie\u00dflich in den daf\u00fcr vorgesehenen Fahrradst\u00e4ndern abzustellen.<\/p>\n<p><strong>Fahrradkontrolle<\/strong><br \/>\nZu Beginn der dunklen Jahreszeit werden die Fahrr\u00e4der der Kinder durch die Polizei \u00fcberpr\u00fcft. Besonderes die Beleuchtung, die Klingel, die Reflektoren und auch die Bremsen werden auf ihre Funktionsf\u00e4higkeit \u00fcberpr\u00fcft.<\/p>\n<p><strong>Fehltage<\/strong><br \/>\nFehltage werden auf dem Zeugnis festgehalten. Dabei wird unentschuldigtes Fehlen gesondert aufgef\u00fchrt.<\/p>\n<p><strong>Ferien<\/strong><br \/>\nDie Ferientermine werden zu Beginn des Schuljahres bekannt gegeben. Nur wenn Zeugnisse ausgegeben werden, endet der letzte Schultag vor den Ferien um 10.40 Uhr, ansonsten findet Unterricht nach Plan statt.<\/p>\n<p><strong>Feste<\/strong><br \/>\nFeste und Feiern geh\u00f6ren zum festen Bestandteil unseres Schullebens im Jahreskreis. Sie st\u00e4rken das Gemeinschaftsgef\u00fchl und machen Schule lebendig. Diese Feste feiern wir regelm\u00e4\u00dfig: Einschulung, Adventssingen, Karneval oder Sommerfeste. Daneben veranstaltet jede Klasse eigene Feiern, wie gemeinsames Grillen oder den Abschluss des Schuljahres. Dazu erhalten Sie jeweils gesondert Nachricht.<\/p>\n<p><strong>Feuerwehr<\/strong><br \/>\nIm Sachunterricht der 4. Klassen wird seit das Thema \u201eFeuer\u201c<br \/>\nthematisiert. Im Rahmen dieser Unterrichtseinheit bekommen<br \/>\ndie Viertkl\u00e4ssler die Gelegenheit, ihr Wissen \u00fcber das richtige<br \/>\nVerhalten bei Br\u00e4nden sowie \u00fcber die Aufgaben und Ausr\u00fcstung der Feuerwehr mit den Feuerwehrm\u00e4nnern der freiwilligen Feuerwehr Nordh\u00fcmmling (Ort: Esterwegen) auszutauschen. Nebenbei wird Wissenswertes \u00fcber die Ausstattung eines L\u00f6schgruppenfahrzeuges am realen Objekt vermittelt.<\/p>\n<p><strong>Flure<\/strong><br \/>\nEltern, die ihre Kinder in die Schule bringen bzw. abholen, halten<br \/>\nsich gerne in den Fluren vor den Klassenr\u00e4umen auf. Dort finden<br \/>\ndann Gespr\u00e4che und auch mal lautere Unterhaltungen statt, wodurch der Unterricht in den angrenzenden Klassenr\u00e4umen gest\u00f6rt wird. Bitte warten Sie auf dem Schulhof, wenn Sie Ihr Kind abholen m\u00f6chten. Auch Kinder, die vor dem Unterricht warten m\u00fcssen, warten bitte drau\u00dfen. Eine Lehrkraft holt die Kinder bei Unterrichtsbeginn ins Schulgeb\u00e4ude.<\/p>\n<p><strong>F\u00f6rderunterricht<\/strong><br \/>\nDer F\u00f6rderunterricht in der in unserer Schule<br \/>\n\u2022\u00a0 \u00a0 Im F\u00f6rderunterricht sollen Defizite ausgeglichen werden.<br \/>\n\u2022\u00a0 \u00a0 Der Unterricht findet in kleinen Gruppen statt.<br \/>\n\u2022\u00a0 \u00a0 F\u00f6rderunterricht kann als zus\u00e4tzlicher Pflichtunterricht angesehen werden.<\/p>\n<p><strong>F\u00f6rderverein<\/strong><br \/>\nDer F\u00f6rderverein unserer Schule unterst\u00fctzt uns mit neuen Materialien, Zusch\u00fcssen zu Schulausfl\u00fcgen, B\u00fcchern, Spielzeug, au\u00dferplanm\u00e4\u00dfigen Projekten und Aktionen. Flyer mit n\u00e4heren Informationen und Beitrittserkl\u00e4rungen finden Sie im Rahmen der Einschulung im Eingangsbereich.<br \/>\nMitglied des Vereins k\u00f6nnen alle Interessierte und Eltern werden, deren Kinder die Grundschule Esterwegen besuchen.<br \/>\n<strong>Aufgaben und Ziele des Vereins sind:<\/strong><br \/>\n\u2022\u00a0 \u00a0 Die Mitglieder \u00fcber das Schulleben zu informieren und auf<br \/>\nseine Gestaltung Einfluss zu nehmen.<br \/>\n\u2022\u00a0 \u00a0 Durch Beitr\u00e4ge und Spenden sind finanzielle Mittel zur Verf\u00fcgung zu stellen, die ausschlie\u00dflich im Interesse der Grundschule und somit zugunsten der Kinder verwendet werden.<br \/>\nAuf unserer Homepage pr\u00e4sentiert sich der F\u00f6rderverein unter einem eigenen Men\u00fcpunkt.<\/p>\n<p><strong>Fotoaktion<\/strong><br \/>\nEinmal j\u00e4hrlich macht ein Schulfotograf Klassenfotos, ein Kollegiumsfoto sowie ein Gruppenbild aller Sch\u00fcler und Sch\u00fclerinnen und Lehrer und Lehrerinnen. In den Jahrg\u00e4ngen 1 und 4 werden zudem Portr\u00e4tfotos angefertigt.<\/p>\n<p><strong>Fr\u00fchst\u00fcck<\/strong><br \/>\nUm 9.30 Uhr beginnt die Fr\u00fchst\u00fcckspause. Bis 9.40 Uhr bleiben die<br \/>\nKinder zum gemeinsamen Fr\u00fchst\u00fccken in der Klasse.<br \/>\nBitte geben Sie Ihrem Kind ein gesundes Fr\u00fchst\u00fcck mit zur Schule, z.B. ein Brot, etwas Obst und ein Getr\u00e4nk.<br \/>\nS\u00fc\u00dfigkeiten und Sprudel oder Cola werden nicht mit zur Schule gebracht.<\/p>\n<p><strong>Fundsachen<\/strong><br \/>\nIm Durchgang zur Mehrzweckhalle der Grundschule Esterwegen werden Fundsachen gesammelt. Bitte schauen Sie dort nach, wenn Ihr Kind etwas vermisst. Regelm\u00e4\u00dfig nach den Elternsprechtagen<br \/>\nwerden die Tische geleert und die enthaltene Kleidung einer caritativen Einrichtung gespendet.<\/p>\n<p>Zur\u00fcck zum\u00a0<a href=\"https:\/\/wordpress.nibis.de\/gsesterw\/abc-der-grundschule\/\">ABC der Grundschule<\/a>.<\/p>\n","protected":false},"excerpt":{"rendered":"<p>Fahrradhelm Fahrradhelme f\u00fcr Schulkinder, die mit dem Fahrrad zur Schule kommen, sind nicht verpflichtend vorgeschrieben. Da sie die Sicherheit der Jungen und M\u00e4dchen auf dem Schulweg deutlich erh\u00f6hen, raten wir dringend zum Kauf eines solchen Helmes. Jeder noch so teure Helm ist jedoch nutzlos, wenn er nicht sachgerecht getragen wird. \u00dcben Sie daher mit Ihrem &hellip; <a href=\"https:\/\/wordpress.nibis.de\/gsesterw\/f\/\" class=\"more-link\"><span class=\"screen-reader-text\">F<\/span> weiterlesen <span class=\"meta-nav\">&rarr;<\/span><\/a><\/p>\n","protected":false},"author":9193300,"featured_media":0,"parent":0,"menu_order":0,"comment_status":"closed","ping_status":"closed","template":"","meta":{"footnotes":""},"class_list":["post-794","page","type-page","status-publish","hentry"],"_links":{"self":[{"href":"https:\/\/wordpress.nibis.de\/gsesterw\/wp-json\/wp\/v2\/pages\/794","targetHints":{"allow":["GET"]}}],"collection":[{"href":"https:\/\/wordpress.nibis.de\/gsesterw\/wp-json\/wp\/v2\/pages"}],"about":[{"href":"https:\/\/wordpress.nibis.de\/gsesterw\/wp-json\/wp\/v2\/types\/page"}],"author":[{"embeddable":true,"href":"https:\/\/wordpress.nibis.de\/gsesterw\/wp-json\/wp\/v2\/users\/9193300"}],"replies":[{"embeddable":true,"href":"https:\/\/wordpress.nibis.de\/gsesterw\/wp-json\/wp\/v2\/comments?post=794"}],"version-history":[{"count":8,"href":"https:\/\/wordpress.nibis.de\/gsesterw\/wp-json\/wp\/v2\/pages\/794\/revisions"}],"predecessor-version":[{"id":803,"href":"https:\/\/wordpress.nibis.de\/gsesterw\/wp-json\/wp\/v2\/pages\/794\/revisions\/803"}],"wp:attachment":[{"href":"https:\/\/wordpress.nibis.de\/gsesterw\/wp-json\/wp\/v2\/media?parent=794"}],"curies":[{"name":"wp","href":"https:\/\/api.w.org\/{rel}","templated":true}]}}