{"id":828,"date":"2021-05-25T14:11:43","date_gmt":"2021-05-25T12:11:43","guid":{"rendered":"https:\/\/wordpress.nibis.de\/gsesterw\/?page_id=828"},"modified":"2025-08-20T15:01:11","modified_gmt":"2025-08-20T13:01:11","slug":"s","status":"publish","type":"page","link":"https:\/\/wordpress.nibis.de\/gsesterw\/s\/","title":{"rendered":"S"},"content":{"rendered":"<p><strong>Schnuppertage<\/strong><br \/>\nZwischen der Grundschule Esterwegen und dem Familienzentrum St. Marien\/Kindergarten besteht eine Kooperation. Diese hilft den k\u00fcnftigen Erstkl\u00e4sslern bzw. Erstkl\u00e4sslerinnen und Schulkindergartenkindern den \u00dcbergang vom Kindergarten in die Grundschule zu erleichtern. Wir bieten den Jungen und M\u00e4dchen u.a. kurz vor den Sommerferien die M\u00f6glichkeit an, ihre Schule bereits vor der Einschulung ein wenig kennen zu lernen. Im Rahmen dieses Schnupperangebotes haben die Kinder die M\u00f6glichkeit, am Unterricht einer Klasse 1 und des SKG teilzunehmen und eine Pause auf dem Schulgel\u00e4nde zu erleben. An einem weiteren Termin lernen die Kinder ihre Paten kennen und erkunden das Schulgel\u00e4nde.<\/p>\n<p><strong>Schulplaner<\/strong><br \/>\nDas Hausaufgabenheft, auch Schulplaner genannt, spielt eine wichtige Rolle im Schulalltag. Zum einen notieren die Kinder die anfallenden Hausaufgaben oder auch mal kleinere Erinnerungss\u00e4tze. Zum anderen k\u00f6nnen Sie mittels des Heftes mit den Lehrkr\u00e4ften kommunizieren. Manchmal werden Sie kurze Nachrichten von den Lehrern darin finden oder Sie schreiben selbst ein paar S\u00e4tze, wenn Sie eine Frage haben oder etwas mitteilen wollen. Bitte weisen Sie in diesem Fall Ihr Kind gezielt darauf hin, dass es das Heft auch dem Lehrer vorlegt.<\/p>\n<p><strong>Schulvorstand<\/strong><br \/>\nIm Schulvorstand wirken die Schulleiterin mit Vertreterinnen oder Vertretern der Lehrkr\u00e4fte, der Erziehungsberechtigten zusammen, um die Arbeit der Schule mit dem Ziel der Qualit\u00e4tsentwicklung zu gestalten. Frau Baalmann-Schuten unterrichtet den Schulvorstand \u00fcber alle wesentlichen Angelegenheiten der Schule, insbesondere \u00fcber die Umsetzung des Schulprogramms sowie den Stand der Verbesserungsma\u00dfnahmen. Der Schulvorstand entscheidet u.a.\u00fcber den von der Schulleiterin aufgestellten Plan \u00fcber die Verwendung der Haushaltsmittel, die Zusammenarbeit mit anderen Schulen, Grunds\u00e4tze f\u00fcr die Durchf\u00fchrung von Projektwochen \u00fcber dir Werbung und das Sponsoring in der Schule und f\u00fcr dir j\u00e4hrliche \u00dcberpr\u00fcfung der Arbeit der Schule.<\/p>\n<p><strong>Sekretariat<\/strong><br \/>\nDas Sekretariat ist erreichbar:<br \/>\n\u2022 Montags von 9:00 Uhr bis 12:30 Uhr<br \/>\n\u2022 Dienstag von 9:00 Uhr bis 12:30 Uhr<br \/>\n\u2022 Mittwoch von 9:00 Uhr bis 12:30 Uhr<br \/>\n\u2022 Donnerstag von 9:00 Uhr bis 11:30Uhr<br \/>\n\u2022 Freitag von 8:00 Uhr bis 12:30 Uhr<br \/>\nDie Telefonnummer lautet: Tel.: 05955\/935430<br \/>\nMail: &#103;&#x72;&#117;&#x6e;&#100;&#x73;&#99;&#x68;&#117;&#x6c;&#101;&#x2e;e&#x73;t&#x65;r&#x77;e&#x67;e&#x6e;&#64;&#101;&#x77;&#101;&#x74;&#101;&#x6c;&#46;&#x6e;&#101;&#x74;<br \/>\nDie Faxnummer lautet: 0 5 9 5 5 \/ 9 3 5 7 8 0<\/p>\n<p><strong>Skipping Hearts (Aktion Seilspringen) \u00a0 \u00a0 \u00a0 \u00a0 \u00a0 \u00a0 \u00a0 \u00a0 \u00a0 \u00a0 \u00a0 \u00a0 \u00a0 \u00a0 \u00a0 \u00a0 \u00a0 \u00a0 \u00a0 \u00a0 \u00a0 \u00a0 \u00a0 \u00a0 \u00a0 \u00a0 \u00a0 \u00a0 \u00a0 \u00a0 \u00a0 <\/strong>Seilspringen macht Schule, ein Pr\u00e4ventionsprojekt der Deutschen Herzstiftung. Die Ursachen f\u00fcr Herz-Kreislauf-Erkrankungen im Alter k\u00f6nnen sich bereits in der Kindheit ank\u00fcndigen. Wer fr\u00fch einen gesunden Lebensstil pflegt, verringert das Risiko im Alter am Herzen zu erkranken. Herz-Kreislauf-Erkrankungen entwickeln sich oft schleichend und still \u00fcber Jahre hinweg und werden oft erst erkannt, wenn es zu sp\u00e4t ist. Mit dem Pr\u00e4ventionsprojekt Skipping Hearts m\u00f6chte die Deutsche Herzstiftung Kinder, Eltern und Lehrer fr\u00fch sensibilisieren und Herz-Kreislauf-Erkrankungen vorbeugen.<\/p>\n<p><strong>Sportunterricht<\/strong><br \/>\nDer Sportunterricht findet in der Sporthalle, teilweise auch auf dem Sportplatz, statt. Bitte bedenken Sie, dass sich Ihr Kind ohne fremde Hilfe an- und ausziehen muss! Sportschuhe mit Klettverschl\u00fcssen lassen sich problemlos an- und ausziehen. Der Schwimmunterricht wird, wenn die Witterungsbedingungen es zulassen, im Rahmen des Sportunterrichts f\u00fcr die Jahrg\u00e4nge 2 durchgef\u00fchrt. Die Beteiligten werden dann mit dem Bus zum Freibad nach Surwold gebracht.<\/p>\n<p>Zur\u00fcck zum\u00a0<a href=\"https:\/\/wordpress.nibis.de\/gsesterw\/abc-der-grundschule\/\">ABC der Grundschule<\/a>.<\/p>\n","protected":false},"excerpt":{"rendered":"<p>Schnuppertage Zwischen der Grundschule Esterwegen und dem Familienzentrum St. Marien\/Kindergarten besteht eine Kooperation. Diese hilft den k\u00fcnftigen Erstkl\u00e4sslern bzw. Erstkl\u00e4sslerinnen und Schulkindergartenkindern den \u00dcbergang vom Kindergarten in die Grundschule zu erleichtern. Wir bieten den Jungen und M\u00e4dchen u.a. kurz vor den Sommerferien die M\u00f6glichkeit an, ihre Schule bereits vor der Einschulung ein wenig kennen zu &hellip; <a href=\"https:\/\/wordpress.nibis.de\/gsesterw\/s\/\" class=\"more-link\"><span class=\"screen-reader-text\">S<\/span> weiterlesen <span class=\"meta-nav\">&rarr;<\/span><\/a><\/p>\n","protected":false},"author":9193300,"featured_media":0,"parent":0,"menu_order":0,"comment_status":"closed","ping_status":"closed","template":"","meta":{"footnotes":""},"class_list":["post-828","page","type-page","status-publish","hentry"],"_links":{"self":[{"href":"https:\/\/wordpress.nibis.de\/gsesterw\/wp-json\/wp\/v2\/pages\/828","targetHints":{"allow":["GET"]}}],"collection":[{"href":"https:\/\/wordpress.nibis.de\/gsesterw\/wp-json\/wp\/v2\/pages"}],"about":[{"href":"https:\/\/wordpress.nibis.de\/gsesterw\/wp-json\/wp\/v2\/types\/page"}],"author":[{"embeddable":true,"href":"https:\/\/wordpress.nibis.de\/gsesterw\/wp-json\/wp\/v2\/users\/9193300"}],"replies":[{"embeddable":true,"href":"https:\/\/wordpress.nibis.de\/gsesterw\/wp-json\/wp\/v2\/comments?post=828"}],"version-history":[{"count":8,"href":"https:\/\/wordpress.nibis.de\/gsesterw\/wp-json\/wp\/v2\/pages\/828\/revisions"}],"predecessor-version":[{"id":1742,"href":"https:\/\/wordpress.nibis.de\/gsesterw\/wp-json\/wp\/v2\/pages\/828\/revisions\/1742"}],"wp:attachment":[{"href":"https:\/\/wordpress.nibis.de\/gsesterw\/wp-json\/wp\/v2\/media?parent=828"}],"curies":[{"name":"wp","href":"https:\/\/api.w.org\/{rel}","templated":true}]}}