{"id":831,"date":"2021-05-25T14:14:04","date_gmt":"2021-05-25T12:14:04","guid":{"rendered":"https:\/\/wordpress.nibis.de\/gsesterw\/?page_id=831"},"modified":"2025-08-20T15:01:44","modified_gmt":"2025-08-20T13:01:44","slug":"t","status":"publish","type":"page","link":"https:\/\/wordpress.nibis.de\/gsesterw\/t\/","title":{"rendered":"T"},"content":{"rendered":"<p><strong>Termine<\/strong><br \/>\n\u00dcber anstehende Termine werden Sie regelm\u00e4\u00dfig per IServ informiert. Eine aktuelle \u00dcbersicht finden Sie immer auf der Homepage.<\/p>\n<p><strong>Toiletten\u00a0 \u00a0 \u00a0 \u00a0 \u00a0 \u00a0 \u00a0 \u00a0 \u00a0 \u00a0 \u00a0 \u00a0 \u00a0 \u00a0 \u00a0 \u00a0 \u00a0 \u00a0 \u00a0 \u00a0 \u00a0 \u00a0 \u00a0 \u00a0 \u00a0 \u00a0 \u00a0 \u00a0 \u00a0 \u00a0 \u00a0 \u00a0 \u00a0 \u00a0 \u00a0 \u00a0 \u00a0 \u00a0 \u00a0 \u00a0 \u00a0 \u00a0 \u00a0 \u00a0 \u00a0 \u00a0 \u00a0 \u00a0 \u00a0 \u00a0 \u00a0 \u00a0 \u00a0 \u00a0 \u00a0 \u00a0 \u00a0 \u00a0 \u00a0 \u00a0 \u00a0 \u00a0 \u00a0 \u00a0 \u00a0 <\/strong>Damit jedes Kind die Toiletten gerne nutzt, ist Sauberkeit wichtig. Jedes Kind sollte die Toiletten so verlassen, wie es sie vorfinden m\u00f6chte. Da es immer wieder zu absichtlichen Verunreinigungen mit Kot und Urin sowie zu weiterem Vandalismus (Verstopfen der WC\u00b4s mit Toilettenpapierrollen u.a.) gekommen ist, sprechen Sie bitte mit Ihrem Kind \u00fcber das richtige Verhalten auf den Toiletten. Auch das H\u00e4ndewaschen nach jedem Toilettengang sollten Sie noch einmal ausdr\u00fccklich thematisieren.<\/p>\n<p>Zur\u00fcck zum\u00a0<a href=\"https:\/\/wordpress.nibis.de\/gsesterw\/abc-der-grundschule\/\">ABC der Grundschule<\/a>.<\/p>\n","protected":false},"excerpt":{"rendered":"<p>Termine \u00dcber anstehende Termine werden Sie regelm\u00e4\u00dfig per IServ informiert. Eine aktuelle \u00dcbersicht finden Sie immer auf der Homepage. Toiletten\u00a0 \u00a0 \u00a0 \u00a0 \u00a0 \u00a0 \u00a0 \u00a0 \u00a0 \u00a0 \u00a0 \u00a0 \u00a0 \u00a0 \u00a0 \u00a0 \u00a0 \u00a0 \u00a0 \u00a0 \u00a0 \u00a0 \u00a0 \u00a0 \u00a0 \u00a0 \u00a0 \u00a0 \u00a0 \u00a0 \u00a0 \u00a0 \u00a0 \u00a0 \u00a0 \u00a0 &hellip; <a href=\"https:\/\/wordpress.nibis.de\/gsesterw\/t\/\" class=\"more-link\"><span class=\"screen-reader-text\">T<\/span> weiterlesen <span class=\"meta-nav\">&rarr;<\/span><\/a><\/p>\n","protected":false},"author":9193300,"featured_media":0,"parent":0,"menu_order":0,"comment_status":"closed","ping_status":"closed","template":"","meta":{"footnotes":""},"class_list":["post-831","page","type-page","status-publish","hentry"],"_links":{"self":[{"href":"https:\/\/wordpress.nibis.de\/gsesterw\/wp-json\/wp\/v2\/pages\/831","targetHints":{"allow":["GET"]}}],"collection":[{"href":"https:\/\/wordpress.nibis.de\/gsesterw\/wp-json\/wp\/v2\/pages"}],"about":[{"href":"https:\/\/wordpress.nibis.de\/gsesterw\/wp-json\/wp\/v2\/types\/page"}],"author":[{"embeddable":true,"href":"https:\/\/wordpress.nibis.de\/gsesterw\/wp-json\/wp\/v2\/users\/9193300"}],"replies":[{"embeddable":true,"href":"https:\/\/wordpress.nibis.de\/gsesterw\/wp-json\/wp\/v2\/comments?post=831"}],"version-history":[{"count":2,"href":"https:\/\/wordpress.nibis.de\/gsesterw\/wp-json\/wp\/v2\/pages\/831\/revisions"}],"predecessor-version":[{"id":1743,"href":"https:\/\/wordpress.nibis.de\/gsesterw\/wp-json\/wp\/v2\/pages\/831\/revisions\/1743"}],"wp:attachment":[{"href":"https:\/\/wordpress.nibis.de\/gsesterw\/wp-json\/wp\/v2\/media?parent=831"}],"curies":[{"name":"wp","href":"https:\/\/api.w.org\/{rel}","templated":true}]}}