{"id":833,"date":"2021-05-25T14:15:59","date_gmt":"2021-05-25T12:15:59","guid":{"rendered":"https:\/\/wordpress.nibis.de\/gsesterw\/?page_id=833"},"modified":"2026-08-23T11:06:40","modified_gmt":"2026-08-23T09:06:40","slug":"u","status":"publish","type":"page","link":"https:\/\/wordpress.nibis.de\/gsesterw\/u\/","title":{"rendered":"U"},"content":{"rendered":"<p><strong>Unterrichtsausfall<\/strong><br \/>\nBei einem witterungsbedingten Unterrichtsausfall k\u00f6nnen Sie sich<br \/>\nwie folgt informieren.<br \/>\n\u2022\u00a0 \u00a0 www.emsland.de<br \/>\n\u2022\u00a0 \u00a0 www.vmz-niedersachsen.de<br \/>\n\u2022\u00a0 \u00a0 kostenfreie Landkreis Emsland-App<br \/>\n\u2022\u00a0 \u00a0 Verkehrsnachrichten im Radio, NDR 2 oder ffn<br \/>\n\u2022\u00a0 \u00a0 und nat\u00fcrlich \u00fcber IServ.<\/p>\n<p><strong>Unterrichts- und Pausenzeiten<\/strong><br \/>\nDie Grundschule Esterwegen ist eine offene Ganztagsschule mit einer verl\u00e4sslichen Unterrichtszeit montags bis freitags von 07.55 bis 12.30 Uhr.<\/p>\n<p>07.55 \u2013 08.40 Uhr\u00a0 \u00a01. Stunde<\/p>\n<p>08.45 \u2013 09.30 Uhr \u00a0 2. Stunde, anschl. Fr\u00fchst\u00fcck bis 09.40 Uhr<\/p>\n<p>09.55 &#8211; 10.40 Uhr \u00a0 \u00a03. Stunde<\/p>\n<p>10.45 &#8211; 11.30 Uhr \u00a0 \u00a04. Stunde<\/p>\n<p>11.45 &#8211; 12.35 Uhr \u00a0 \u00a05. Stunde<\/p>\n<p>12.35 &#8211; 13.20 Uhr \u00a0 \u00a06. Stunde<\/p>\n<p>12.30 &#8211; 15.30 Uhr \u00a0 \u00a0Offener Ganztag<\/p>\n<p>Zur\u00fcck zum\u00a0<a href=\"https:\/\/wordpress.nibis.de\/gsesterw\/abc-der-grundschule\/\">ABC der Grundschule<\/a>.<\/p>\n","protected":false},"excerpt":{"rendered":"<p>Unterrichtsausfall Bei einem witterungsbedingten Unterrichtsausfall k\u00f6nnen Sie sich wie folgt informieren. \u2022\u00a0 \u00a0 www.emsland.de \u2022\u00a0 \u00a0 www.vmz-niedersachsen.de \u2022\u00a0 \u00a0 kostenfreie Landkreis Emsland-App \u2022\u00a0 \u00a0 Verkehrsnachrichten im Radio, NDR 2 oder ffn \u2022\u00a0 \u00a0 und nat\u00fcrlich \u00fcber IServ. Unterrichts- und Pausenzeiten Die Grundschule Esterwegen ist eine offene Ganztagsschule mit einer verl\u00e4sslichen Unterrichtszeit montags bis freitags von &hellip; <a href=\"https:\/\/wordpress.nibis.de\/gsesterw\/u\/\" class=\"more-link\"><span class=\"screen-reader-text\">U<\/span> weiterlesen <span class=\"meta-nav\">&rarr;<\/span><\/a><\/p>\n","protected":false},"author":9193300,"featured_media":0,"parent":0,"menu_order":0,"comment_status":"closed","ping_status":"closed","template":"","meta":{"footnotes":""},"class_list":["post-833","page","type-page","status-publish","hentry"],"_links":{"self":[{"href":"https:\/\/wordpress.nibis.de\/gsesterw\/wp-json\/wp\/v2\/pages\/833","targetHints":{"allow":["GET"]}}],"collection":[{"href":"https:\/\/wordpress.nibis.de\/gsesterw\/wp-json\/wp\/v2\/pages"}],"about":[{"href":"https:\/\/wordpress.nibis.de\/gsesterw\/wp-json\/wp\/v2\/types\/page"}],"author":[{"embeddable":true,"href":"https:\/\/wordpress.nibis.de\/gsesterw\/wp-json\/wp\/v2\/users\/9193300"}],"replies":[{"embeddable":true,"href":"https:\/\/wordpress.nibis.de\/gsesterw\/wp-json\/wp\/v2\/comments?post=833"}],"version-history":[{"count":3,"href":"https:\/\/wordpress.nibis.de\/gsesterw\/wp-json\/wp\/v2\/pages\/833\/revisions"}],"predecessor-version":[{"id":2296,"href":"https:\/\/wordpress.nibis.de\/gsesterw\/wp-json\/wp\/v2\/pages\/833\/revisions\/2296"}],"wp:attachment":[{"href":"https:\/\/wordpress.nibis.de\/gsesterw\/wp-json\/wp\/v2\/media?parent=833"}],"curies":[{"name":"wp","href":"https:\/\/api.w.org\/{rel}","templated":true}]}}

<p><strong>Unterrichtsausfall</strong><br />
Bei einem witterungsbedingten Unterrichtsausfall können Sie sich<br />
wie folgt informieren.<br />
•    www.emsland.de<br />
•    www.vmz-niedersachsen.de<br />
•    kostenfreie Landkreis Emsland-App<br />
•    Verkehrsnachrichten im Radio, NDR 2 oder ffn<br />
•    und natürlich über IServ.</p>
<p><strong>Unterrichts- und Pausenzeiten</strong><br />
Die Grundschule Esterwegen ist eine offene Ganztagsschule mit einer verlässlichen Unterrichtszeit montags bis freitags von 07.55 bis 12.30 Uhr.</p>
<p>07.55 – 08.40 Uhr   1. Stunde</p>
<p>08.45 – 09.30 Uhr   2. Stunde, anschl. Frühstück bis 09.40 Uhr</p>
<p>09.55 &#8211; 10.40 Uhr    3. Stunde</p>
<p>10.45 &#8211; 11.30 Uhr    4. Stunde</p>
<p>11.45 &#8211; 12.35 Uhr    5. Stunde</p>
<p>12.35 &#8211; 13.20 Uhr    6. Stunde</p>
<p>12.30 &#8211; 15.30 Uhr    Offener Ganztag</p>
<p>Zurück zum <a href="https://wordpress.nibis.de/gsesterw/abc-der-grundschule/">ABC der Grundschule</a>.</p>

<p>Unterrichtsausfall Bei einem witterungsbedingten Unterrichtsausfall können Sie sich wie folgt informieren. •    www.emsland.de •    www.vmz-niedersachsen.de •    kostenfreie Landkreis Emsland-App •    Verkehrsnachrichten im Radio, NDR 2 oder ffn •    und natürlich über IServ. Unterrichts- und Pausenzeiten Die Grundschule Esterwegen ist eine offene Ganztagsschule mit einer verlässlichen Unterrichtszeit montags bis freitags von &hellip; <a href="https://wordpress.nibis.de/gsesterw/u/" class="more-link"><span class="screen-reader-text">U</span> weiterlesen <span class="meta-nav">&rarr;</span></a></p>
