{"id":104,"date":"2024-04-11T19:39:08","date_gmt":"2024-04-11T17:39:08","guid":{"rendered":"https:\/\/wordpress.nibis.de\/gsestorf\/?page_id=104"},"modified":"2024-04-12T10:45:01","modified_gmt":"2024-04-12T08:45:01","slug":"musik","status":"publish","type":"page","link":"https:\/\/wordpress.nibis.de\/gsestorf\/musik\/","title":{"rendered":"Musik"},"content":{"rendered":"\n<p>Musik in unserer Grundschule ist mehr als nur Musikunterricht, in dem wir Freude an Musik f\u00f6rdern, die musikalische Wahrnehmung schulen, die Ausdrucksf\u00e4higkeit weiter entfalten und musikalische Kompetenzen entwickeln: Sie ist ein regelm\u00e4\u00dfig vertretener Bereich im Schul- und Klassenleben (z.B. Einschulungsfeier, Weihnachtsfeiern, Aulastunden, Schulfeste u.a.).<\/p>\n\n\n\n<p>Die Ausstattung der Schule bietet viele M\u00f6glichkeiten f\u00fcr musikalische Bet\u00e4tigung: F\u00fcr die rhythmische und instrumentale F\u00f6rderung stehen ein Fl\u00fcgel, ein E-Piano und ein breit gef\u00e4chertes Orff-Instrumentarium bereit. Unsere Aula bietet wegen ihrer Gr\u00f6\u00dfe und der B\u00fchne M\u00f6glichkeiten f\u00fcr Tanz- und Musikauff\u00fchrungen.<\/p>\n\n\n\n<p>Die technische Ausstattung der Schule mit neuer Musikanlage, Mikrofonen und Scheinwerfern erm\u00f6glicht sogar gr\u00f6\u00dfere Veranstaltungen, z. B. Musical- und Theaterauff\u00fchrungen.<\/p>\n\n\n\n<p>Seit dem Schuljahr 2010\/2011 gibt es f\u00fcr die Sch\u00fclerinnen ferner die M\u00f6glichkeit, im Schulchor mitzu-singen. Hier ist das Bestreben, neben der reinen Freude am gemeinsamen Singen und Musizieren, auch die F\u00f6rderung und Ausbildung der Kinderstimme voranzubringen. Der Chor ist neben den schulischen Veranstaltungen und schulischen Liederfesten (Liederfest \u201eKleine Leute\/bunte Lieder\u201c in Hemmoor und \u201eKlasse wir singen&#8220; sowie dem &#8222;Chorfest der Grundschulen&#8220; in Stade) wiederholt bei Dorf- und Vereins-festen in der Samtgemeinde aufgetreten, z.B. Dorfjubil\u00e4um der Gemeinden Estorf und Gr\u00e4pel, Backfest Estorf, Weihnachtsfeier der Landfrauen, Adventsmarkt Oldendorf, Rosenfest in Oldendorf, Liederabend von \u201eOur Sound\u201c im Weinhof, Erntedankgottesdienst in Oldendorf, Liedernachmittag des M\u00e4nnergesangvereins Estorf&#8230;<\/p>\n\n\n\n<h4 class=\"wp-block-heading\">M\u00e4usemusik<\/h4>\n\n\n\n<p>Alle zwei Jahre veranstaltet die Grundschule Estorf zusammen mit den Kinderg\u00e4rten in Gr\u00e4pel und Kranenburg sowie dem Vororchester Himmelpforten ein gro\u00dfes Musikfest: die &#8222;M\u00e4usemusik&#8220;. <\/p>\n\n\n\n<p>Bei der ersten M\u00e4usemusik im Jahr 2012 stellten 60 Kinder in der Gr\u00e4peler Sch\u00fctzenhalle vor 250 G\u00e4sten ihr Programm vor. Da daraufhin die musikalische Arbeit und Kooperation mit Kinderg\u00e4rten und Vororchester ausgebaut wurde, fanden die nachfolgenden Feste in der Eulsete Halle in Himmelpforten statt. Es traten jeweils ca. 120 Kinder vor 400 G\u00e4sten auf. Alle Veranstaltungen konnten dank der gro\u00dfen Hilfe vieler Eltern stattfinden.<\/p>\n\n\n\n<figure class=\"wp-block-gallery has-nested-images columns-default is-cropped wp-block-gallery-1 is-layout-flex wp-block-gallery-is-layout-flex\">\n<figure class=\"wp-block-image size-large\"><img loading=\"lazy\" decoding=\"async\" width=\"642\" height=\"425\" data-id=\"105\" src=\"https:\/\/wordpress.nibis.de\/gsestorf\/files\/2024\/04\/K640_Musikbild21.jpeg\" alt=\"\" class=\"wp-image-105\" srcset=\"https:\/\/wordpress.nibis.de\/gsestorf\/files\/2024\/04\/K640_Musikbild21.jpeg 642w, https:\/\/wordpress.nibis.de\/gsestorf\/files\/2024\/04\/K640_Musikbild21-300x199.jpeg 300w, https:\/\/wordpress.nibis.de\/gsestorf\/files\/2024\/04\/K640_Musikbild21-408x270.jpeg 408w\" sizes=\"auto, (max-width: 642px) 100vw, 642px\" \/><\/figure>\n\n\n\n<figure class=\"wp-block-image size-large\"><img loading=\"lazy\" decoding=\"async\" width=\"642\" height=\"425\" data-id=\"106\" src=\"https:\/\/wordpress.nibis.de\/gsestorf\/files\/2024\/04\/K640_musikbild23.jpeg\" alt=\"\" class=\"wp-image-106\" srcset=\"https:\/\/wordpress.nibis.de\/gsestorf\/files\/2024\/04\/K640_musikbild23.jpeg 642w, https:\/\/wordpress.nibis.de\/gsestorf\/files\/2024\/04\/K640_musikbild23-300x199.jpeg 300w, https:\/\/wordpress.nibis.de\/gsestorf\/files\/2024\/04\/K640_musikbild23-408x270.jpeg 408w\" sizes=\"auto, (max-width: 642px) 100vw, 642px\" \/><\/figure>\n<\/figure>\n","protected":false},"excerpt":{"rendered":"<p>Musik in unserer Grundschule ist mehr als nur Musikunterricht, in dem wir Freude an Musik f\u00f6rdern, die musikalische Wahrnehmung schulen, die Ausdrucksf\u00e4higkeit weiter entfalten und musikalische Kompetenzen entwickeln: Sie ist ein regelm\u00e4\u00dfig vertretener Bereich im Schul- und Klassenleben (z.B. Einschulungsfeier, Weihnachtsfeiern, Aulastunden, Schulfeste u.a.). Die Ausstattung der Schule bietet viele M\u00f6glichkeiten f\u00fcr musikalische Bet\u00e4tigung: F\u00fcr die rhythmische und instrumentale F\u00f6rderung stehen ein Fl\u00fcgel, ein E-Piano und ein breit gef\u00e4chertes Orff-Instrumentarium bereit. Unsere Aula bietet wegen ihrer Gr\u00f6\u00dfe und der B\u00fchne&#8230;<\/p>\n<p class=\"read-more\"><a class=\"btn btn-default\" href=\"https:\/\/wordpress.nibis.de\/gsestorf\/musik\/\">Weiterlesen<span class=\"screen-reader-text\"> Weiterlesen<\/span><\/a><\/p>\n","protected":false},"author":9193405,"featured_media":0,"parent":0,"menu_order":0,"comment_status":"closed","ping_status":"closed","template":"","meta":{"footnotes":""},"class_list":["post-104","page","type-page","status-publish","hentry"],"_links":{"self":[{"href":"https:\/\/wordpress.nibis.de\/gsestorf\/wp-json\/wp\/v2\/pages\/104","targetHints":{"allow":["GET"]}}],"collection":[{"href":"https:\/\/wordpress.nibis.de\/gsestorf\/wp-json\/wp\/v2\/pages"}],"about":[{"href":"https:\/\/wordpress.nibis.de\/gsestorf\/wp-json\/wp\/v2\/types\/page"}],"author":[{"embeddable":true,"href":"https:\/\/wordpress.nibis.de\/gsestorf\/wp-json\/wp\/v2\/users\/9193405"}],"replies":[{"embeddable":true,"href":"https:\/\/wordpress.nibis.de\/gsestorf\/wp-json\/wp\/v2\/comments?post=104"}],"version-history":[{"count":7,"href":"https:\/\/wordpress.nibis.de\/gsestorf\/wp-json\/wp\/v2\/pages\/104\/revisions"}],"predecessor-version":[{"id":150,"href":"https:\/\/wordpress.nibis.de\/gsestorf\/wp-json\/wp\/v2\/pages\/104\/revisions\/150"}],"wp:attachment":[{"href":"https:\/\/wordpress.nibis.de\/gsestorf\/wp-json\/wp\/v2\/media?parent=104"}],"curies":[{"name":"wp","href":"https:\/\/api.w.org\/{rel}","templated":true}]}}