{"id":113,"date":"2024-04-11T19:44:53","date_gmt":"2024-04-11T17:44:53","guid":{"rendered":"https:\/\/wordpress.nibis.de\/gsestorf\/?page_id=113"},"modified":"2024-04-11T19:44:53","modified_gmt":"2024-04-11T17:44:53","slug":"kooperationen","status":"publish","type":"page","link":"https:\/\/wordpress.nibis.de\/gsestorf\/kooperationen\/","title":{"rendered":"Kooperationen"},"content":{"rendered":"\n<p>An unserer Schule wird mit verschiedenen au\u00dferschulischen Experten, Vereinen und Eltern zusammengearbeitet. Wir versuchen somit stets abwechslungsreiche Angebote in unseren Schulalltag zu integrieren. Diese bereichern das Schulleben und tragen dazu bei, dass Schule ein interessanter und vielf\u00e4ltiger Lern- und Lebensraum wird.<\/p>\n\n\n\n<p>Unsere Kooperationspartner:<\/p>\n\n\n\n<ul class=\"wp-block-list\"><li>Kinderg\u00e4rten: Die Grundschule Estorf arbeitet mit den Kinderg\u00e4rten Gr\u00e4pel und Kranenburg zusammen. Seit 2009 existiert ein Kooperationsvertrag.<\/li><li>Weiterf\u00fchrende Schulen: J\u00e4hrliche Dienstbesprechungen und gegenseitige Hospitationen mit der Grund- und Oberschule Oldendorf und dem Vincent-L\u00fcbeck Gymnasium in Stade finden statt.<\/li><li>Mobile Dienste<\/li><li>Logop\u00e4den und Psychologen<\/li><li>BesE (Beratungssystem f\u00fcr soziale und emotionale Entwicklung)<\/li><li>Schulpsychologischer Dienst<\/li><li>F\u00f6rderschule Lernen, Friedrich-Fr\u00f6bel-Schule Stade<\/li><li>Fachberatung f\u00fcr sonderp\u00e4dagogische F\u00f6rderung<\/li><li>Jugendamt<\/li><li>Gesundheitsamt (Zahnprophylaxe)<\/li><li>Landfrauen (Gesunde Ern\u00e4hrung)<\/li><li>Feuerwehr Estorf (Brandschutzerziehung)<\/li><li>Polizei Oldendorf (Fahrradpr\u00fcfung)<\/li><li>Evangelische Kirche Oldendorf<\/li><li>Jagdgenossenschaft (Waldtag in Sunde)<\/li><li>Frank Risy (Notfalltraining)<\/li><li>Jens Mollenhauer (Gewaltpr\u00e4vention)<\/li><li>Kreisjugendmusikschule Stade<\/li><li>Vororchester Himmelpforten<\/li><li>Sportvereine<\/li><\/ul>\n","protected":false},"excerpt":{"rendered":"<p>An unserer Schule wird mit verschiedenen au\u00dferschulischen Experten, Vereinen und Eltern zusammengearbeitet. Wir versuchen somit stets abwechslungsreiche Angebote in unseren Schulalltag zu integrieren. Diese bereichern das Schulleben und tragen dazu bei, dass Schule ein interessanter und vielf\u00e4ltiger Lern- und Lebensraum wird. Unsere Kooperationspartner: Kinderg\u00e4rten: Die Grundschule Estorf arbeitet mit den Kinderg\u00e4rten Gr\u00e4pel und Kranenburg zusammen. Seit 2009 existiert ein Kooperationsvertrag. Weiterf\u00fchrende Schulen: J\u00e4hrliche Dienstbesprechungen und gegenseitige Hospitationen mit der Grund- und Oberschule Oldendorf und dem Vincent-L\u00fcbeck Gymnasium in Stade finden&#8230;<\/p>\n<p class=\"read-more\"><a class=\"btn btn-default\" href=\"https:\/\/wordpress.nibis.de\/gsestorf\/kooperationen\/\">Weiterlesen<span class=\"screen-reader-text\"> Weiterlesen<\/span><\/a><\/p>\n","protected":false},"author":9193405,"featured_media":0,"parent":0,"menu_order":0,"comment_status":"closed","ping_status":"closed","template":"","meta":{"footnotes":""},"class_list":["post-113","page","type-page","status-publish","hentry"],"_links":{"self":[{"href":"https:\/\/wordpress.nibis.de\/gsestorf\/wp-json\/wp\/v2\/pages\/113","targetHints":{"allow":["GET"]}}],"collection":[{"href":"https:\/\/wordpress.nibis.de\/gsestorf\/wp-json\/wp\/v2\/pages"}],"about":[{"href":"https:\/\/wordpress.nibis.de\/gsestorf\/wp-json\/wp\/v2\/types\/page"}],"author":[{"embeddable":true,"href":"https:\/\/wordpress.nibis.de\/gsestorf\/wp-json\/wp\/v2\/users\/9193405"}],"replies":[{"embeddable":true,"href":"https:\/\/wordpress.nibis.de\/gsestorf\/wp-json\/wp\/v2\/comments?post=113"}],"version-history":[{"count":1,"href":"https:\/\/wordpress.nibis.de\/gsestorf\/wp-json\/wp\/v2\/pages\/113\/revisions"}],"predecessor-version":[{"id":114,"href":"https:\/\/wordpress.nibis.de\/gsestorf\/wp-json\/wp\/v2\/pages\/113\/revisions\/114"}],"wp:attachment":[{"href":"https:\/\/wordpress.nibis.de\/gsestorf\/wp-json\/wp\/v2\/media?parent=113"}],"curies":[{"name":"wp","href":"https:\/\/api.w.org\/{rel}","templated":true}]}}