{"id":6,"date":"2024-04-11T16:43:21","date_gmt":"2024-04-11T14:43:21","guid":{"rendered":"https:\/\/wordpress.nibis.de\/gsestorf\/?page_id=6"},"modified":"2026-01-14T18:30:25","modified_gmt":"2026-01-14T17:30:25","slug":"home","status":"publish","type":"page","link":"https:\/\/wordpress.nibis.de\/gsestorf\/","title":{"rendered":"Home"},"content":{"rendered":"\n<h1 class=\"wp-block-heading\">Herzlich willkommen auf der Homepage der Grundschule Estorf!<\/h1>\n\n\n\n<p>Die Grundschule Estorf bietet ca. 100 Sch\u00fclerinnen und Sch\u00fclern aus den Gemeinden Estorf und Kranenburg viel Raum zum Lernen, Spielen und Wachsen.&nbsp;<\/p>\n\n\n\n<p>Seit 1999 f\u00fchrt unsere Schule die Auszeichnung \u201eUmweltschule in Europa\u201c f\u00fcr besonderes Engagement in der Umwelterziehung und in der &#8222;Bildung f\u00fcr nachhaltige Entwicklung&#8220;. Weitere Schwerpunkte sind die musikalisch-k\u00fcnstlerische Erziehung durch zahlreiche Musik-, Theater- und Tanzprojekte sowie die F\u00f6rderung mathematisch-naturwissenschaftlicher Interessen durch Arbeitsgemeinschaften, Teilnahmen an Wettbewerben und Projekten wie der &#8222;Miniph\u00e4nomenta&#8220;.<\/p>\n\n\n\n<p>Diese und weitere Punkte unseres Schulprogramms und Schullebens m\u00f6chten wir Ihnen auf unserer Homepage vorstellen. Wenn Sie noch mehr erfahren m\u00f6chten oder Anregungen haben, kontaktieren Sie uns gerne.<\/p>\n\n\n\n<p><\/p>\n","protected":false},"excerpt":{"rendered":"<p>Herzlich willkommen auf der Homepage der Grundschule Estorf! Die Grundschule Estorf bietet ca. 100 Sch\u00fclerinnen und Sch\u00fclern aus den Gemeinden Estorf und Kranenburg viel Raum zum Lernen, Spielen und Wachsen.&nbsp; Seit 1999 f\u00fchrt unsere Schule die Auszeichnung \u201eUmweltschule in Europa\u201c f\u00fcr besonderes Engagement in der Umwelterziehung und in der &#8222;Bildung f\u00fcr nachhaltige Entwicklung&#8220;. Weitere Schwerpunkte sind die musikalisch-k\u00fcnstlerische Erziehung durch zahlreiche Musik-, Theater- und Tanzprojekte sowie die F\u00f6rderung mathematisch-naturwissenschaftlicher Interessen durch Arbeitsgemeinschaften, Teilnahmen an Wettbewerben und Projekten wie der &#8222;Miniph\u00e4nomenta&#8220;&#8230;.<\/p>\n<p class=\"read-more\"><a class=\"btn btn-default\" href=\"https:\/\/wordpress.nibis.de\/gsestorf\/\">Weiterlesen<span class=\"screen-reader-text\"> Weiterlesen<\/span><\/a><\/p>\n","protected":false},"author":9193405,"featured_media":0,"parent":0,"menu_order":0,"comment_status":"closed","ping_status":"closed","template":"","meta":{"footnotes":""},"class_list":["post-6","page","type-page","status-publish","hentry"],"_links":{"self":[{"href":"https:\/\/wordpress.nibis.de\/gsestorf\/wp-json\/wp\/v2\/pages\/6","targetHints":{"allow":["GET"]}}],"collection":[{"href":"https:\/\/wordpress.nibis.de\/gsestorf\/wp-json\/wp\/v2\/pages"}],"about":[{"href":"https:\/\/wordpress.nibis.de\/gsestorf\/wp-json\/wp\/v2\/types\/page"}],"author":[{"embeddable":true,"href":"https:\/\/wordpress.nibis.de\/gsestorf\/wp-json\/wp\/v2\/users\/9193405"}],"replies":[{"embeddable":true,"href":"https:\/\/wordpress.nibis.de\/gsestorf\/wp-json\/wp\/v2\/comments?post=6"}],"version-history":[{"count":12,"href":"https:\/\/wordpress.nibis.de\/gsestorf\/wp-json\/wp\/v2\/pages\/6\/revisions"}],"predecessor-version":[{"id":279,"href":"https:\/\/wordpress.nibis.de\/gsestorf\/wp-json\/wp\/v2\/pages\/6\/revisions\/279"}],"wp:attachment":[{"href":"https:\/\/wordpress.nibis.de\/gsestorf\/wp-json\/wp\/v2\/media?parent=6"}],"curies":[{"name":"wp","href":"https:\/\/api.w.org\/{rel}","templated":true}]}}