{"id":79,"date":"2024-04-11T17:54:46","date_gmt":"2024-04-11T15:54:46","guid":{"rendered":"https:\/\/wordpress.nibis.de\/gsestorf\/?page_id=79"},"modified":"2024-04-11T17:54:46","modified_gmt":"2024-04-11T15:54:46","slug":"unterrichtszeiten-2","status":"publish","type":"page","link":"https:\/\/wordpress.nibis.de\/gsestorf\/unterrichtszeiten-2\/","title":{"rendered":"Unterrichtszeiten"},"content":{"rendered":"\n<figure class=\"wp-block-table\"><table><tbody><tr><td>Fr\u00fchaufsicht<\/td><td class=\"has-text-align-left\" data-align=\"left\">ab 7.35 Uhr<\/td><\/tr><tr><td>1. Stunde<\/td><td class=\"has-text-align-left\" data-align=\"left\">8.00 &#8211; 8.45 Uhr<\/td><\/tr><tr><td>2. Stunde<\/td><td class=\"has-text-align-left\" data-align=\"left\">8.45 &#8211; 9.25 Uhr<\/td><\/tr><tr><td>Fr\u00fchst\u00fcck<\/td><td class=\"has-text-align-left\" data-align=\"left\">9.25 &#8211; 9.35 Uhr<\/td><\/tr><tr><td>Pause<\/td><td class=\"has-text-align-left\" data-align=\"left\">9.35 &#8211; 10.05 Uhr<\/td><\/tr><tr><td>3. Stunde<\/td><td class=\"has-text-align-left\" data-align=\"left\">10.05 &#8211; 10.50 Uhr<\/td><\/tr><tr><td>4. Stunde<\/td><td class=\"has-text-align-left\" data-align=\"left\">10.50 &#8211; 11.35 Uhr<\/td><\/tr><tr><td>Pause<\/td><td class=\"has-text-align-left\" data-align=\"left\">11.35 &#8211; 12.05 Uhr<\/td><\/tr><tr><td>5. Stunde<\/td><td class=\"has-text-align-left\" data-align=\"left\">12.05 &#8211; 12.50 Uhr<\/td><\/tr><tr><td>6. Stunde<\/td><td class=\"has-text-align-left\" data-align=\"left\">12.50 &#8211; 13.35 Uhr<\/td><\/tr><\/tbody><\/table><\/figure>\n","protected":false},"excerpt":{"rendered":"<p>Fr\u00fchaufsicht ab 7.35 Uhr 1. Stunde 8.00 &#8211; 8.45 Uhr 2. Stunde 8.45 &#8211; 9.25 Uhr Fr\u00fchst\u00fcck 9.25 &#8211; 9.35 Uhr Pause 9.35 &#8211; 10.05 Uhr 3. Stunde 10.05 &#8211; 10.50 Uhr 4. Stunde 10.50 &#8211; 11.35 Uhr Pause 11.35 &#8211; 12.05 Uhr 5. Stunde 12.05 &#8211; 12.50 Uhr 6. Stunde 12.50 &#8211; 13.35 Uhr<\/p>\n","protected":false},"author":9193405,"featured_media":0,"parent":0,"menu_order":0,"comment_status":"closed","ping_status":"closed","template":"","meta":{"footnotes":""},"class_list":["post-79","page","type-page","status-publish","hentry"],"_links":{"self":[{"href":"https:\/\/wordpress.nibis.de\/gsestorf\/wp-json\/wp\/v2\/pages\/79","targetHints":{"allow":["GET"]}}],"collection":[{"href":"https:\/\/wordpress.nibis.de\/gsestorf\/wp-json\/wp\/v2\/pages"}],"about":[{"href":"https:\/\/wordpress.nibis.de\/gsestorf\/wp-json\/wp\/v2\/types\/page"}],"author":[{"embeddable":true,"href":"https:\/\/wordpress.nibis.de\/gsestorf\/wp-json\/wp\/v2\/users\/9193405"}],"replies":[{"embeddable":true,"href":"https:\/\/wordpress.nibis.de\/gsestorf\/wp-json\/wp\/v2\/comments?post=79"}],"version-history":[{"count":1,"href":"https:\/\/wordpress.nibis.de\/gsestorf\/wp-json\/wp\/v2\/pages\/79\/revisions"}],"predecessor-version":[{"id":80,"href":"https:\/\/wordpress.nibis.de\/gsestorf\/wp-json\/wp\/v2\/pages\/79\/revisions\/80"}],"wp:attachment":[{"href":"https:\/\/wordpress.nibis.de\/gsestorf\/wp-json\/wp\/v2\/media?parent=79"}],"curies":[{"name":"wp","href":"https:\/\/api.w.org\/{rel}","templated":true}]}}