{"id":91,"date":"2024-04-11T19:21:58","date_gmt":"2024-04-11T17:21:58","guid":{"rendered":"https:\/\/wordpress.nibis.de\/gsestorf\/?page_id=91"},"modified":"2024-04-15T17:01:28","modified_gmt":"2024-04-15T15:01:28","slug":"ags-angebote","status":"publish","type":"page","link":"https:\/\/wordpress.nibis.de\/gsestorf\/ags-angebote\/","title":{"rendered":"AGs \/ Angebote"},"content":{"rendered":"\n<h2 class=\"wp-block-heading\">Arbeitsgemeinschaften\/ Projekte<\/h2>\n\n\n\n<h3 class=\"wp-block-heading\">Arbeitsgemeinschaften<\/h3>\n\n\n\n<p>An der Grundschule Estorf werden jedes Jahr unterschiedliche AGs angeboten. Um das Angebot m\u00f6glichst vielf\u00e4ltig zu gestalten, zeigen die Lehrerinnen und auch Eltern oder Gro\u00dfeltern gro\u00dfen Einsatz, so dass die Kinder jedes Halbjahr aus vielf\u00e4ltigen Themen ausw\u00e4hlen k\u00f6nnen.&nbsp;<\/p>\n\n\n\n<p>Beispiele f\u00fcr AG-Angebote an unserer Schule in den vergangenen Schuljahren:<\/p>\n\n\n\n<ul class=\"wp-block-list\"><li>Harry Potter<\/li><li>Tanzen<\/li><li>Chor<\/li><li>Hockey<\/li><li>Experimentieren<\/li><li>Kochen<\/li><li>Yoga<\/li><li>Hunde<\/li><li>Umwelt<\/li><li>Plattdeutsch<\/li><li>Instrumente bauen<\/li><li>Schulgarten<\/li><li>Tischtennis<\/li><li>N\u00e4hen<\/li><li>Gesellschaftsspiele&nbsp;<\/li><li>Fu\u00dfball<\/li><li>PC<\/li><li>Kunst<\/li><li>Schach<\/li><li>Backen<\/li><li>Arbeiten mit Ton<\/li><li>Theater&nbsp;<\/li><li>Schwalben<\/li><li>Origami<\/li><\/ul>\n\n\n\n<figure class=\"wp-block-gallery has-nested-images columns-default is-cropped wp-block-gallery-1 is-layout-flex wp-block-gallery-is-layout-flex\"><\/figure>\n\n\n\n<p><\/p>\n","protected":false},"excerpt":{"rendered":"<p>Arbeitsgemeinschaften\/ Projekte Arbeitsgemeinschaften An der Grundschule Estorf werden jedes Jahr unterschiedliche AGs angeboten. Um das Angebot m\u00f6glichst vielf\u00e4ltig zu gestalten, zeigen die Lehrerinnen und auch Eltern oder Gro\u00dfeltern gro\u00dfen Einsatz, so dass die Kinder jedes Halbjahr aus vielf\u00e4ltigen Themen ausw\u00e4hlen k\u00f6nnen.&nbsp; Beispiele f\u00fcr AG-Angebote an unserer Schule in den vergangenen Schuljahren: Harry Potter Tanzen Chor Hockey Experimentieren Kochen Yoga Hunde Umwelt Plattdeutsch Instrumente bauen Schulgarten Tischtennis N\u00e4hen Gesellschaftsspiele&nbsp; Fu\u00dfball PC Kunst Schach Backen Arbeiten mit Ton Theater&nbsp; Schwalben Origami<\/p>\n","protected":false},"author":9193405,"featured_media":0,"parent":0,"menu_order":0,"comment_status":"closed","ping_status":"closed","template":"","meta":{"footnotes":""},"class_list":["post-91","page","type-page","status-publish","hentry"],"_links":{"self":[{"href":"https:\/\/wordpress.nibis.de\/gsestorf\/wp-json\/wp\/v2\/pages\/91","targetHints":{"allow":["GET"]}}],"collection":[{"href":"https:\/\/wordpress.nibis.de\/gsestorf\/wp-json\/wp\/v2\/pages"}],"about":[{"href":"https:\/\/wordpress.nibis.de\/gsestorf\/wp-json\/wp\/v2\/types\/page"}],"author":[{"embeddable":true,"href":"https:\/\/wordpress.nibis.de\/gsestorf\/wp-json\/wp\/v2\/users\/9193405"}],"replies":[{"embeddable":true,"href":"https:\/\/wordpress.nibis.de\/gsestorf\/wp-json\/wp\/v2\/comments?post=91"}],"version-history":[{"count":4,"href":"https:\/\/wordpress.nibis.de\/gsestorf\/wp-json\/wp\/v2\/pages\/91\/revisions"}],"predecessor-version":[{"id":171,"href":"https:\/\/wordpress.nibis.de\/gsestorf\/wp-json\/wp\/v2\/pages\/91\/revisions\/171"}],"wp:attachment":[{"href":"https:\/\/wordpress.nibis.de\/gsestorf\/wp-json\/wp\/v2\/media?parent=91"}],"curies":[{"name":"wp","href":"https:\/\/api.w.org\/{rel}","templated":true}]}}