{"id":105,"date":"2023-09-09T17:44:42","date_gmt":"2023-09-09T15:44:42","guid":{"rendered":"https:\/\/wordpress.nibis.de\/gsfa\/?page_id=105"},"modified":"2025-09-22T09:42:41","modified_gmt":"2025-09-22T07:42:41","slug":"ganztagsmodelle","status":"publish","type":"page","link":"https:\/\/wordpress.nibis.de\/gsfa\/ganztagsmodelle\/","title":{"rendered":"Ganztagsmodelle"},"content":{"rendered":"\n<p>Die Grundschule Fallersleben bietet ein in Wolfsburg einzigartiges Ganztagssystem an. Hierbei gibt es zwei verschiedene Arten von Ganztagsklassen: einmal die offenen Ganztagsklassen und zum anderen die gebundenen Ganztagsklassen. Die beiden Ganztagsklassen unterscheiden sich in ihrer Tagesstruktur.<\/p>\n\n\n\n<p>Bei den offenen Klassen haben die Eltern die Wahl ob und wie lange sie ihr Kind im Ganztag anmelden m\u00f6chten. Dieser Vertrag gilt dann f\u00fcr ein Schuljahr. Dannach kann man die Abholzeiten neu vereinbaren.<\/p>\n\n\n\n<p>Mit der Entscheidung eine gebundenen Klasse zu besuchen, wird das Kind von montags bis donnerstags im Ganztag bis 15:00 oder 16:00 Uhr angemeldet. Freitags haben die Eltern die M\u00f6glichkeit ihr Kind um 13:00, 14:00 oder 16:00 Uhr abzuholen.<\/p>\n\n\n\n<p><strong>Zum Aufbau der Tagesstruktur in gebundenen Klassen:<\/strong><\/p>\n\n\n\n<p>In den gebundenen Klassen findet eine ganzt\u00e4gige Rhythmisierung im Klassenverband von 08:00-15:00 Uhr statt. Dabei gibt es einen Wechsel von konzentriertem Arbeiten und Phasen der Entspannung. Dazu wird den Kindern selbstst\u00e4ndiges Lernen und gelenkte Arbeitsphasen erm\u00f6glicht. Durch das l\u00e4ngere Zusammensein im Klassenverband wird das soziale Miteinander gest\u00e4rkt. Durch Angebote wie das Sozialtraining, welches von unserer Schulsozialarbeit \u00fcbernommen wird, kann dieses soziale Miteinander auch begleitet ausgebaut werden.<\/p>\n\n\n\n<p>Die gebundenen Klassen beinhalten feste Klassenteams aus Lehrkr\u00e4ften, GanztagsmitarbeiterInnen, p\u00e4dagogischen MitarbeiterInnen und SchulbegleiterInnen.<\/p>\n\n\n\n<p>Am Vormittag begleiten Ganztags- und\/oder p\u00e4dagogische MitarbeiterInnen die Lehrkr\u00e4fte im Unterricht, um den Kindern eine individuelle Unterst\u00fctzung zu erm\u00f6glichen.<\/p>\n\n\n\n<p>Statt den \u00fcblichen Hausaufgaben wird der Lernstoff direkt in dem Lernblock oder inder Lernzeit vertieft. Dabei werden die Kinder von qualifizierten p\u00e4dagogischen oder GanztagsmitarbeiterInnen begleitet und unterst\u00fctzt. Au\u00dferdem kann die Lernzeit auch f\u00fcr Themen oder Projekte genutzt werden, welche mit dem Unterricht aus dem Vormittag verzahnt sind.<\/p>\n\n\n\n<p>Durch zweimal j\u00e4hrlich ausf\u00fchrliche Lernentwicklungsgespr\u00e4che mit dem Kind und den Eltern oder Erziehungsberechtigten kann man mit den Lehrkr\u00e4ften \u00fcber den Leistungsstand, sowie die St\u00e4rken des Kindes und eventuellen Unterst\u00fctzungsbedarf sprechen.<\/p>\n\n\n\n<p><strong>Eckdaten der gebundenen Ganztagsschule:<\/strong><\/p>\n\n\n\n<p>Der Besuch der Ganztagsschule ist bis auf das Mittagessen kostenfrei.<\/p>\n\n\n\n<ul class=\"wp-block-list\"><li>Das Mittagessen kostet 4,50\u20ac am Tag und wird per Einzugsverfahren abgebucht.<\/li><\/ul>\n\n\n\n<p><strong>Offene und gebundene Tagesstruktur:<\/strong><\/p>\n\n\n\n<figure class=\"wp-block-image size-full\"><img loading=\"lazy\" decoding=\"async\" width=\"841\" height=\"595\" src=\"https:\/\/wordpress.nibis.de\/gsfa\/files\/2025\/09\/Tabelle-Ganztag.jpg\" alt=\"\" class=\"wp-image-1524\" srcset=\"https:\/\/wordpress.nibis.de\/gsfa\/files\/2025\/09\/Tabelle-Ganztag.jpg 841w, https:\/\/wordpress.nibis.de\/gsfa\/files\/2025\/09\/Tabelle-Ganztag-300x212.jpg 300w, https:\/\/wordpress.nibis.de\/gsfa\/files\/2025\/09\/Tabelle-Ganztag-768x543.jpg 768w, https:\/\/wordpress.nibis.de\/gsfa\/files\/2025\/09\/Tabelle-Ganztag-382x270.jpg 382w\" sizes=\"auto, (max-width: 841px) 100vw, 841px\" \/><\/figure>\n","protected":false},"excerpt":{"rendered":"<p>Die Grundschule Fallersleben bietet ein in Wolfsburg einzigartiges Ganztagssystem an. Hierbei gibt es zwei verschiedene Arten von Ganztagsklassen: einmal die offenen Ganztagsklassen und zum anderen die gebundenen Ganztagsklassen. Die beiden Ganztagsklassen unterscheiden sich in ihrer Tagesstruktur. Bei den offenen Klassen haben die Eltern die Wahl ob und wie lange sie ihr Kind im Ganztag anmelden m\u00f6chten. Dieser Vertrag gilt dann f\u00fcr ein Schuljahr. Dannach kann man die Abholzeiten neu vereinbaren. Mit der Entscheidung eine gebundenen Klasse zu besuchen, wird das&#8230;<\/p>\n<p class=\"read-more\"><a class=\"btn btn-default\" href=\"https:\/\/wordpress.nibis.de\/gsfa\/ganztagsmodelle\/\">Weiterlesen<span class=\"screen-reader-text\"> Weiterlesen<\/span><\/a><\/p>\n","protected":false},"author":9194246,"featured_media":0,"parent":0,"menu_order":0,"comment_status":"closed","ping_status":"closed","template":"","meta":{"footnotes":""},"class_list":["post-105","page","type-page","status-publish","hentry"],"_links":{"self":[{"href":"https:\/\/wordpress.nibis.de\/gsfa\/wp-json\/wp\/v2\/pages\/105","targetHints":{"allow":["GET"]}}],"collection":[{"href":"https:\/\/wordpress.nibis.de\/gsfa\/wp-json\/wp\/v2\/pages"}],"about":[{"href":"https:\/\/wordpress.nibis.de\/gsfa\/wp-json\/wp\/v2\/types\/page"}],"author":[{"embeddable":true,"href":"https:\/\/wordpress.nibis.de\/gsfa\/wp-json\/wp\/v2\/users\/9194246"}],"replies":[{"embeddable":true,"href":"https:\/\/wordpress.nibis.de\/gsfa\/wp-json\/wp\/v2\/comments?post=105"}],"version-history":[{"count":13,"href":"https:\/\/wordpress.nibis.de\/gsfa\/wp-json\/wp\/v2\/pages\/105\/revisions"}],"predecessor-version":[{"id":1525,"href":"https:\/\/wordpress.nibis.de\/gsfa\/wp-json\/wp\/v2\/pages\/105\/revisions\/1525"}],"wp:attachment":[{"href":"https:\/\/wordpress.nibis.de\/gsfa\/wp-json\/wp\/v2\/media?parent=105"}],"curies":[{"name":"wp","href":"https:\/\/api.w.org\/{rel}","templated":true}]}}