{"id":95,"date":"2023-09-09T17:40:31","date_gmt":"2023-09-09T15:40:31","guid":{"rendered":"https:\/\/wordpress.nibis.de\/gsfa\/?page_id=95"},"modified":"2026-02-09T12:48:44","modified_gmt":"2026-02-09T11:48:44","slug":"schulsozialarbeit","status":"publish","type":"page","link":"https:\/\/wordpress.nibis.de\/gsfa\/schulsozialarbeit\/","title":{"rendered":"Schulsozialarbeit"},"content":{"rendered":"\n<p>Schulsozialarbeit stellt eine kontinuierliche, pr\u00e4ventiv arbeitende, an Kindern und Jugendlichen orientierte p\u00e4dagogische Arbeit in der Institution Schule und ihrem direkten Umfeld dar.<\/p>\n\n\n\n<p>Auf der Grundlage des Erlasses \u201eSoziale Arbeit in schulischer Verantwortung\u201c aufbauend hat Schulsozialarbeit das Ziel, neue Wege der Zusammenarbeit zwischen Schule und Jugendhilfe zu schaffen.<\/p>\n\n\n\n<p>Die Arbeit zielt darauf ab, die Probleme aus der Lebenswelt der Sch\u00fclerInnen, die sich im schulischen Alltag zeigen, mit sozialp\u00e4dagogischen Methoden zu bew\u00e4ltigen. Sie tr\u00e4gt somit sozialp\u00e4dagogische Kompetenzen in die Schule hinein.<\/p>\n\n\n\n<p>Schulsozialarbeit hat keine fertigen Rezepte f\u00fcr den Umgang mit Konflikten, sondern unterst\u00fctzt und begleitet Sch\u00fclerInnen, LehrerInnen und Eltern bei der gemeinsamen Suche nach Wegen und L\u00f6sungsm\u00f6glichkeiten.<\/p>\n\n\n\n<p>Die Schulsozialarbeit ist eine wichtige Erg\u00e4nzung des Unterrichts und der dort vermittelten F\u00e4higkeiten.<\/p>\n\n\n\n<p>Schulsozialarbeit f\u00f6rdert Sch\u00fclerInnen in ihrer gesamten pers\u00f6nlichen und sozialen Entwicklung. Sie setzt an den F\u00e4higkeiten und St\u00e4rken jedes Einzelnen an.<\/p>\n\n\n\n<p>Sie gestaltet als Teil der Schulgemeinschaft den Lebensraum Schule mit.<\/p>\n\n\n\n<p><strong>Nachfolgend finden Sie einen \u00dcberblick m\u00f6glicher Angebote der Schulsozialarbeit an der GS Fallersleben:<\/strong><\/p>\n\n\n\n<p>\u2022Beratung von Sch\u00fclerInnen, Eltern und LehrerInnen<\/p>\n\n\n\n<p>\u2022Kooperation und Zusammenarbeit mit Erziehungsberechtigten\/ Personenberechtigten<\/p>\n\n\n\n<p>\u2022Aufsuchende Elternarbeit<\/p>\n\n\n\n<p>\u2022kurzfristige Kriseninterventionen<\/p>\n\n\n\n<p>\u2022Fachliche Beratung im Bereich Kinderschutz<\/p>\n\n\n\n<p>\u2022Pausengestaltung (Ruheraum, Spielbereich, Au\u00dfenspielausleihe)<\/p>\n\n\n\n<p>\u2022Projektarbeit (Mobbing- und Gewaltpr\u00e4vention, Medienpr\u00e4vention, Suchtpr\u00e4vention, Gesundheit)<\/p>\n\n\n\n<p>\u2022Sozialtraining in den Klassen \/ Teamtraining<\/p>\n\n\n\n<p>\u2022Streitschlichterausbildung\/Pausenengel<\/p>\n\n\n\n<p>\u2022Erlebnisp\u00e4dagogische Angebote<\/p>\n\n\n\n<p>\u2022Betreuung der Sch\u00fclerinnen- und Sch\u00fclervertretung (SV)<\/p>\n\n\n\n<p>\u2022Begleitung der Klassen bei Ausfl\u00fcgen, Unterrichtsg\u00e4ngen und Klassenfahrten<\/p>\n\n\n\n<p>\u2022Netzwerkarbeit<\/p>\n\n\n\n<p>\u2022Kooperation mit au\u00dferschulischen Institutionen (z.B. Aktivspielplatz &#8211; Abbi)<\/p>\n\n\n\n<p>Gerne stehen wir in individuellen Schul-, Alltags- und Lebensfragen beratend, vermittelnd und begleitend zur Seite.<\/p>\n\n\n\n<p><strong>Sprechzeiten<\/strong>:<\/p>\n\n\n\n<p>Sch\u00fcler*innen: t\u00e4glich nach individueller Vereinbarung<\/p>\n\n\n\n<p>Eltern: t\u00e4glich nach individueller Vereinbarung<\/p>\n\n\n\n<p>Lehrkr\u00e4fte: t\u00e4glich von 7.30 bis 8.00 Uhr &nbsp;oder nach individueller Vereinbarung<\/p>\n\n\n\n<p><strong>Kontakt<\/strong>:&nbsp;<\/p>\n\n\n\n<p>Grundschule Fallersleben<\/p>\n\n\n\n<p>Schulsozialarbeit<\/p>\n\n\n\n<p>Frank Sporleder und Mailien Agbodzi<\/p>\n\n\n\n<p>Am Alten Gut 10<\/p>\n\n\n\n<p>38442 Wolfsburg<\/p>\n\n\n\n<p>Raum: 3.0.12 (Glocke)<\/p>\n\n\n\n<p>Tel: 05362 9670340 (Sporleder) oder 05362 666029 (Agbodzi)<\/p>\n\n\n\n<p>E-Mail: &#x66;r&#x61;&#110;&#x6b;&#46;&#x73;&#x70;o&#x72;&#108;&#x65;&#100;&#x65;&#114;&#64;&#x73;&#99;&#x68;&#117;&#x6c;&#101;-&#x6e;&#100;&#x73;&#46;&#x64;&#101;<\/p>\n\n\n\n<p>E-Mail: &#109;&#x61;&#x69;&#108;&#x69;&#x65;n&#x2e;&#x61;g&#98;&#x6f;d&#122;&#x69;&#64;&#115;&#x63;h&#117;&#x6c;e&#45;&#x6e;&#x64;&#115;&#x2e;&#x64;&#101;<\/p>\n","protected":false},"excerpt":{"rendered":"<p>Schulsozialarbeit stellt eine kontinuierliche, pr\u00e4ventiv arbeitende, an Kindern und Jugendlichen orientierte p\u00e4dagogische Arbeit in der Institution Schule und ihrem direkten Umfeld dar. Auf der Grundlage des Erlasses \u201eSoziale Arbeit in schulischer Verantwortung\u201c aufbauend hat Schulsozialarbeit das Ziel, neue Wege der Zusammenarbeit zwischen Schule und Jugendhilfe zu schaffen. Die Arbeit zielt darauf ab, die Probleme aus der Lebenswelt der Sch\u00fclerInnen, die sich im schulischen Alltag zeigen, mit sozialp\u00e4dagogischen Methoden zu bew\u00e4ltigen. Sie tr\u00e4gt somit sozialp\u00e4dagogische Kompetenzen in die Schule hinein. Schulsozialarbeit&#8230;<\/p>\n<p class=\"read-more\"><a class=\"btn btn-default\" href=\"https:\/\/wordpress.nibis.de\/gsfa\/schulsozialarbeit\/\">Weiterlesen<span class=\"screen-reader-text\"> Weiterlesen<\/span><\/a><\/p>\n","protected":false},"author":9194246,"featured_media":0,"parent":0,"menu_order":0,"comment_status":"closed","ping_status":"closed","template":"","meta":{"footnotes":""},"class_list":["post-95","page","type-page","status-publish","hentry"],"_links":{"self":[{"href":"https:\/\/wordpress.nibis.de\/gsfa\/wp-json\/wp\/v2\/pages\/95","targetHints":{"allow":["GET"]}}],"collection":[{"href":"https:\/\/wordpress.nibis.de\/gsfa\/wp-json\/wp\/v2\/pages"}],"about":[{"href":"https:\/\/wordpress.nibis.de\/gsfa\/wp-json\/wp\/v2\/types\/page"}],"author":[{"embeddable":true,"href":"https:\/\/wordpress.nibis.de\/gsfa\/wp-json\/wp\/v2\/users\/9194246"}],"replies":[{"embeddable":true,"href":"https:\/\/wordpress.nibis.de\/gsfa\/wp-json\/wp\/v2\/comments?post=95"}],"version-history":[{"count":10,"href":"https:\/\/wordpress.nibis.de\/gsfa\/wp-json\/wp\/v2\/pages\/95\/revisions"}],"predecessor-version":[{"id":1667,"href":"https:\/\/wordpress.nibis.de\/gsfa\/wp-json\/wp\/v2\/pages\/95\/revisions\/1667"}],"wp:attachment":[{"href":"https:\/\/wordpress.nibis.de\/gsfa\/wp-json\/wp\/v2\/media?parent=95"}],"curies":[{"name":"wp","href":"https:\/\/api.w.org\/{rel}","templated":true}]}}