{"id":2357,"date":"2020-03-23T08:00:17","date_gmt":"2020-03-23T07:00:17","guid":{"rendered":"https:\/\/wordpress.nibis.de\/gsfes\/?page_id=2357"},"modified":"2020-06-22T21:06:05","modified_gmt":"2020-06-22T19:06:05","slug":"formular-test","status":"publish","type":"page","link":"https:\/\/wordpress.nibis.de\/gsfes\/formular-test\/","title":{"rendered":"Erstanmeldung f\u00fcr die Notbetreuung"},"content":{"rendered":"\n<p class=\"has-large-font-size\">Liebe Eltern unserer Schule,<\/p>\n\n\n\n<p class=\"has-medium-font-size\">Sie interessieren sich <strong>erstmalig <\/strong>f\u00fcr unsere Notbetreuung? Bitte f\u00fcllen diesen Erstantrag <strong>vollst\u00e4ndig <\/strong>aus und versenden ihn gleich online.<\/p>\n\n\n\n<p class=\"has-text-color has-background has-medium-font-size has-very-light-gray-color has-vivid-red-background-color\">Sollten Sie nach Ihrer Erstanmeldung in den n\u00e4chsten Tagen keine telefonische oder schriftliche Absage erhalten, k\u00f6nnen Sie davon ausgehen, dass Ihr Kind in einer Notbetreuungsgruppe aufgenommen worden ist. <\/p>\n\n\n\n<p class=\"has-medium-font-size\">Sie erreichen uns telefonisch in der Zeit von 08:00 &#8211; 12:30 Uhr in unserem Sekretariat (0511-168 44 0 44).<\/p>\n\n\n\n<p>Ihr FES-Team<\/p>\n\n\n\n<p style=\"font-size:1px\" class=\"has-background has-light-green-cyan-background-color\"><\/p>\n\n\n\n<p style=\"text-align:center\" class=\"has-background has-large-font-size has-vivid-green-cyan-background-color\">Erstantrag stellen<\/p>\n\n\n\n<table class=\"wp-block-table aligncenter is-style-stripes\"><tbody><tr><td>\n<div class=\"wpcf7 no-js\" id=\"wpcf7-f2368-o1\" lang=\"de-DE\" dir=\"ltr\" data-wpcf7-id=\"2368\">\n<div class=\"screen-reader-response\"><p role=\"status\" aria-live=\"polite\" aria-atomic=\"true\"><\/p> <ul><\/ul><\/div>\n<form action=\"\/gsfes\/wp-json\/wp\/v2\/pages\/2357#wpcf7-f2368-o1\" method=\"post\" class=\"wpcf7-form init\" aria-label=\"Kontaktformular\" novalidate=\"novalidate\" data-status=\"init\">\n<fieldset class=\"hidden-fields-container\"><input type=\"hidden\" name=\"_wpcf7\" value=\"2368\" \/><input type=\"hidden\" name=\"_wpcf7_version\" value=\"6.1.5\" \/><input type=\"hidden\" name=\"_wpcf7_locale\" value=\"de_DE\" \/><input type=\"hidden\" name=\"_wpcf7_unit_tag\" value=\"wpcf7-f2368-o1\" \/><input type=\"hidden\" name=\"_wpcf7_container_post\" value=\"0\" \/><input type=\"hidden\" name=\"_wpcf7_posted_data_hash\" value=\"\" \/>\n<\/fieldset>\n<p><label> <\/label><br \/>\n<label> 1. Vorname des Kindes: <\/label><span class=\"wpcf7-form-control-wrap\" data-name=\"Kindsvorname\"><input size=\"40\" maxlength=\"400\" class=\"wpcf7-form-control wpcf7-text wpcf7-validates-as-required\" aria-required=\"true\" aria-invalid=\"false\" value=\"\" type=\"text\" name=\"Kindsvorname\" \/><\/span><br \/>\n<label> <\/label><br \/>\n<label> 2. Nachname des Kindes: <\/label><span class=\"wpcf7-form-control-wrap\" data-name=\"Kindsnachname\"><input size=\"40\" maxlength=\"400\" class=\"wpcf7-form-control wpcf7-text wpcf7-validates-as-required\" aria-required=\"true\" aria-invalid=\"false\" value=\"\" type=\"text\" name=\"Kindsnachname\" \/><\/span><br \/>\n<label> <\/label><br \/>\n<label> 3. Klasse Ihres Kindes: <\/label><span class=\"wpcf7-form-control-wrap\" data-name=\"Klasse\"><select class=\"wpcf7-form-control wpcf7-select wpcf7-validates-as-required\" aria-required=\"true\" aria-invalid=\"false\" name=\"Klasse\"><option value=\"\"><\/option><option value=\"SKG\">SKG<\/option><option value=\"Klasse 1a\">Klasse 1a<\/option><option value=\"Klasse 1b\">Klasse 1b<\/option><option value=\"Klasse 1c\">Klasse 1c<\/option><option value=\"Klasse 1d\">Klasse 1d<\/option><option value=\"Klasse 2a\">Klasse 2a<\/option><option value=\"Klasse 2b\">Klasse 2b<\/option><option value=\"Klasse 2c\">Klasse 2c<\/option><option value=\"Klasse 2d\">Klasse 2d<\/option><option value=\"Klasse 3a\">Klasse 3a<\/option><option value=\"Klasse 3b\">Klasse 3b<\/option><option value=\"Klasse 3c\">Klasse 3c<\/option><option value=\"Klasse 3d\">Klasse 3d<\/option><option value=\"Klasse 4a\">Klasse 4a<\/option><option value=\"Klasse 4b\">Klasse 4b<\/option><option value=\"Klasse 4c\">Klasse 4c<\/option><option value=\"Klasse 4d\">Klasse 4d<\/option><option value=\"Klasse 4e\">Klasse 4e<\/option><\/select><\/span><br \/>\n<label> <\/label><br \/>\n<label> 4.Vor- und Nachname der Mutter: <\/label><span class=\"wpcf7-form-control-wrap\" data-name=\"Muttername\"><input size=\"40\" maxlength=\"400\" class=\"wpcf7-form-control wpcf7-text wpcf7-validates-as-required\" aria-required=\"true\" aria-invalid=\"false\" value=\"\" type=\"text\" name=\"Muttername\" \/><\/span><br \/>\n<label> <\/label><br \/>\n<label> 4.1 Ich bin alleinerziehend: <\/label><span class=\"wpcf7-form-control-wrap\" data-name=\"AlleinerziehendMutter\"><span class=\"wpcf7-form-control wpcf7-radio\"><span class=\"wpcf7-list-item first\"><input type=\"radio\" name=\"AlleinerziehendMutter\" value=\"Ja\" \/><span class=\"wpcf7-list-item-label\">Ja<\/span><\/span><span class=\"wpcf7-list-item last\"><input type=\"radio\" name=\"AlleinerziehendMutter\" value=\"Nein\" \/><span class=\"wpcf7-list-item-label\">Nein<\/span><\/span><\/span><\/span><br \/>\n<label> <\/label><br \/>\n<label> 5. Vor-und Nachname des Vaters: <\/label><span class=\"wpcf7-form-control-wrap\" data-name=\"Vatername\"><input size=\"40\" maxlength=\"400\" class=\"wpcf7-form-control wpcf7-text wpcf7-validates-as-required\" aria-required=\"true\" aria-invalid=\"false\" value=\"\" type=\"text\" name=\"Vatername\" \/><\/span><br \/>\n<label> <\/label><br \/>\n<label> 5.1 Ich bin alleinerziehend: <\/label><span class=\"wpcf7-form-control-wrap\" data-name=\"AlleinerziehendVater\"><span class=\"wpcf7-form-control wpcf7-radio\"><span class=\"wpcf7-list-item first\"><input type=\"radio\" name=\"AlleinerziehendVater\" value=\"Ja\" \/><span class=\"wpcf7-list-item-label\">Ja<\/span><\/span><span class=\"wpcf7-list-item last\"><input type=\"radio\" name=\"AlleinerziehendVater\" value=\"Nein\" \/><span class=\"wpcf7-list-item-label\">Nein<\/span><\/span><\/span><\/span><br \/>\n<label> <\/label><br \/>\n<label> 6. Ihre Telefonnummer: <\/label><span class=\"wpcf7-form-control-wrap\" data-name=\"IhreTelefonnummer\"><input size=\"40\" maxlength=\"400\" class=\"wpcf7-form-control wpcf7-tel wpcf7-validates-as-required wpcf7-text wpcf7-validates-as-tel\" aria-required=\"true\" aria-invalid=\"false\" value=\"\" type=\"tel\" name=\"IhreTelefonnummer\" \/><\/span><br \/>\n<label> <\/label><br \/>\n<label> 7. Ihre Emailadresse: <\/label><span class=\"wpcf7-form-control-wrap\" data-name=\"IhreEmail\"><input size=\"40\" maxlength=\"400\" class=\"wpcf7-form-control wpcf7-email wpcf7-validates-as-required wpcf7-text wpcf7-validates-as-email\" aria-required=\"true\" aria-invalid=\"false\" value=\"\" type=\"email\" name=\"IhreEmail\" \/><\/span><br \/>\n<label> <\/label><br \/>\n<label> 8. Gew\u00fcnschte Betreuungstage: <\/label><br \/>\n<span class=\"wpcf7-form-control-wrap\" data-name=\"Betreuungstage\"><span class=\"wpcf7-form-control wpcf7-checkbox wpcf7-validates-as-required\"><span class=\"wpcf7-list-item first\"><input type=\"checkbox\" name=\"Betreuungstage[]\" value=\"Mo., 13.07.&nbsp;&nbsp;&nbsp;&nbsp;\" \/><span class=\"wpcf7-list-item-label\">Mo., 13.07.&nbsp;&nbsp;&nbsp;&nbsp;<\/span><\/span><span class=\"wpcf7-list-item last\"><input type=\"checkbox\" name=\"Betreuungstage[]\" value=\"Di., 14.07.&nbsp;&nbsp;&nbsp;&nbsp;\" \/><span class=\"wpcf7-list-item-label\">Di., 14.07.&nbsp;&nbsp;&nbsp;&nbsp;<\/span><\/span><\/span><\/span><br \/>\n<label> <\/label><br \/>\n<label> 9. Geben Sie bitte die gew\u00fcnschten Betreuungszeiten zwischen 07:00 und 17:00 Uhr ein. <\/label><br \/>\n<span class=\"wpcf7-form-control-wrap\" data-name=\"Betreuungszeiten\"><span class=\"wpcf7-form-control wpcf7-checkbox wpcf7-validates-as-required\"><span class=\"wpcf7-list-item first last has-free-text\"><input type=\"checkbox\" name=\"Betreuungszeiten[]\" value=\"Bitte nur volle Stunden angeben (z. Bsp.: 09:00 - 14:00 Uhr):\" \/><span class=\"wpcf7-list-item-label\">Bitte nur volle Stunden angeben (z. Bsp.: 09:00 - 14:00 Uhr):<\/span> <input type=\"text\" name=\"_wpcf7_free_text_Betreuungszeiten\" class=\"wpcf7-free-text\" \/><\/span><\/span><\/span><br \/>\n<label> <\/label><br \/>\n<label> 10. Mindestens ein Elternteil arbeitet in einem Berufsfeld, das f\u00fcr die Not-Betreuung berechtigt.<\/label><br \/>\n<span class=\"wpcf7-form-control-wrap\" data-name=\"Berufe\"><span class=\"wpcf7-form-control wpcf7-radio\"><span class=\"wpcf7-list-item first\"><input type=\"radio\" name=\"Berufe\" value=\"Mutter\" \/><span class=\"wpcf7-list-item-label\">Mutter<\/span><\/span><span class=\"wpcf7-list-item\"><input type=\"radio\" name=\"Berufe\" value=\"Vater\" \/><span class=\"wpcf7-list-item-label\">Vater<\/span><\/span><span class=\"wpcf7-list-item last\"><input type=\"radio\" name=\"Berufe\" value=\"Beide\" \/><span class=\"wpcf7-list-item-label\">Beide<\/span><\/span><\/span><\/span><br \/>\n<label> <\/label><br \/>\n<label> 11. Geben Sie Ihre Berufsbezeichnung\/en ein:<\/label><span class=\"wpcf7-form-control-wrap\" data-name=\"Berufsbezeichnung\"><textarea cols=\"40\" rows=\"10\" maxlength=\"2000\" class=\"wpcf7-form-control wpcf7-textarea\" aria-invalid=\"false\" name=\"Berufsbezeichnung\"><\/textarea><\/span><br \/>\n<label> <\/label><br \/>\n<label> 12. M\u00f6chte Sie uns noch etwas mitteilen?<\/label><span class=\"wpcf7-form-control-wrap\" data-name=\"IhreMitteilung\"><textarea cols=\"40\" rows=\"10\" maxlength=\"2000\" class=\"wpcf7-form-control wpcf7-textarea\" aria-invalid=\"false\" name=\"IhreMitteilung\"><\/textarea><\/span><br \/>\n<span class=\"wpcf7-form-control-wrap\" data-name=\"Mitteilung\"><span class=\"wpcf7-form-control wpcf7-checkbox wpcf7-exclusive-checkbox\"><\/span><\/span><br \/>\n<label> <\/label><br \/>\n<span class=\"wpcf7-form-control-wrap\" data-name=\"Datenschutz\"><span class=\"wpcf7-form-control wpcf7-acceptance\"><span class=\"wpcf7-list-item\"><label><input type=\"checkbox\" name=\"Datenschutz\" value=\"1\" aria-invalid=\"false\" \/><span class=\"wpcf7-list-item-label\"><label><\/label>\nIch bin damit einverstanden, dass meine Daten f\u00fcr eine Anspruchspr\u00fcfung und die Organisation der Notbetreuung meines Kindes weiterverarbeitet werden.<\/span><\/label><\/span><\/span><\/span><br \/>\n[honeypot website] [honeypot Email] [wpcaptcha]<br \/>\n<input class=\"wpcf7-form-control wpcf7-submit has-spinner\" type=\"submit\" value=\"Abschicken\" \/>\n<\/p><div class=\"wpcf7-response-output\" aria-hidden=\"true\"><\/div>\n<\/form>\n<\/div>\n<\/td><\/tr><\/tbody><\/table>\n\n\n\n<p style=\"font-size:1px\" class=\"has-background has-light-green-cyan-background-color\"><\/p>\n","protected":false},"excerpt":{"rendered":"<p>Liebe Eltern unserer Schule, Sie interessieren sich erstmalig f\u00fcr unsere Notbetreuung? Bitte f\u00fcllen diesen Erstantrag vollst\u00e4ndig aus und versenden ihn gleich online. Sollten Sie nach Ihrer Erstanmeldung in den n\u00e4chsten Tagen keine telefonische oder schriftliche Absage erhalten, k\u00f6nnen Sie davon ausgehen, dass Ihr Kind in einer Notbetreuungsgruppe aufgenommen worden ist. Sie erreichen uns telefonisch in &#8230; <a title=\"Erstanmeldung f\u00fcr die Notbetreuung\" class=\"read-more\" href=\"https:\/\/wordpress.nibis.de\/gsfes\/formular-test\/\" aria-label=\"Mehr Informationen \u00fcber Erstanmeldung f\u00fcr die Notbetreuung\">Weiterlesen<\/a><\/p>\n","protected":false},"author":9192938,"featured_media":2091,"parent":0,"menu_order":0,"comment_status":"closed","ping_status":"closed","template":"","meta":{"footnotes":""},"class_list":["post-2357","page","type-page","status-publish","has-post-thumbnail"],"_links":{"self":[{"href":"https:\/\/wordpress.nibis.de\/gsfes\/wp-json\/wp\/v2\/pages\/2357","targetHints":{"allow":["GET"]}}],"collection":[{"href":"https:\/\/wordpress.nibis.de\/gsfes\/wp-json\/wp\/v2\/pages"}],"about":[{"href":"https:\/\/wordpress.nibis.de\/gsfes\/wp-json\/wp\/v2\/types\/page"}],"author":[{"embeddable":true,"href":"https:\/\/wordpress.nibis.de\/gsfes\/wp-json\/wp\/v2\/users\/9192938"}],"replies":[{"embeddable":true,"href":"https:\/\/wordpress.nibis.de\/gsfes\/wp-json\/wp\/v2\/comments?post=2357"}],"version-history":[{"count":54,"href":"https:\/\/wordpress.nibis.de\/gsfes\/wp-json\/wp\/v2\/pages\/2357\/revisions"}],"predecessor-version":[{"id":4646,"href":"https:\/\/wordpress.nibis.de\/gsfes\/wp-json\/wp\/v2\/pages\/2357\/revisions\/4646"}],"wp:featuredmedia":[{"embeddable":true,"href":"https:\/\/wordpress.nibis.de\/gsfes\/wp-json\/wp\/v2\/media\/2091"}],"wp:attachment":[{"href":"https:\/\/wordpress.nibis.de\/gsfes\/wp-json\/wp\/v2\/media?parent=2357"}],"curies":[{"name":"wp","href":"https:\/\/api.w.org\/{rel}","templated":true}]}}

Erstanmeldung für die Notbetreuung

<p class="has-large-font-size">Liebe Eltern unserer Schule,</p>



<p class="has-medium-font-size">Sie interessieren sich <strong>erstmalig </strong>für unsere Notbetreuung? Bitte füllen diesen Erstantrag <strong>vollständig </strong>aus und versenden ihn gleich online.</p>



<p class="has-text-color has-background has-medium-font-size has-very-light-gray-color has-vivid-red-background-color">Sollten Sie nach Ihrer Erstanmeldung in den nächsten Tagen keine telefonische oder schriftliche Absage erhalten, können Sie davon ausgehen, dass Ihr Kind in einer Notbetreuungsgruppe aufgenommen worden ist. </p>



<p class="has-medium-font-size">Sie erreichen uns telefonisch in der Zeit von 08:00 &#8211; 12:30 Uhr in unserem Sekretariat (0511-168 44 0 44).</p>



<p>Ihr FES-Team</p>



<p style="font-size:1px" class="has-background has-light-green-cyan-background-color"></p>



<p style="text-align:center" class="has-background has-large-font-size has-vivid-green-cyan-background-color">Erstantrag stellen</p>



<table class="wp-block-table aligncenter is-style-stripes"><tbody><tr><td>
<div class="wpcf7 no-js" id="wpcf7-f2368-o1" lang="de-DE" dir="ltr" data-wpcf7-id="2368">
<div class="screen-reader-response"><p role="status" aria-live="polite" aria-atomic="true"></p> <ul></ul></div>
<form action="/gsfes/wp-json/wp/v2/pages/2357#wpcf7-f2368-o1" method="post" class="wpcf7-form init" aria-label="Kontaktformular" novalidate="novalidate" data-status="init">
<fieldset class="hidden-fields-container"><input type="hidden" name="_wpcf7" value="2368" /><input type="hidden" name="_wpcf7_version" value="6.1.5" /><input type="hidden" name="_wpcf7_locale" value="de_DE" /><input type="hidden" name="_wpcf7_unit_tag" value="wpcf7-f2368-o1" /><input type="hidden" name="_wpcf7_container_post" value="0" /><input type="hidden" name="_wpcf7_posted_data_hash" value="" />
</fieldset>
<p><label> </label><br />
<label> 1. Vorname des Kindes: </label><span class="wpcf7-form-control-wrap" data-name="Kindsvorname"><input size="40" maxlength="400" class="wpcf7-form-control wpcf7-text wpcf7-validates-as-required" aria-required="true" aria-invalid="false" value="" type="text" name="Kindsvorname" /></span><br />
<label> </label><br />
<label> 2. Nachname des Kindes: </label><span class="wpcf7-form-control-wrap" data-name="Kindsnachname"><input size="40" maxlength="400" class="wpcf7-form-control wpcf7-text wpcf7-validates-as-required" aria-required="true" aria-invalid="false" value="" type="text" name="Kindsnachname" /></span><br />
<label> </label><br />
<label> 3. Klasse Ihres Kindes: </label><span class="wpcf7-form-control-wrap" data-name="Klasse"><select class="wpcf7-form-control wpcf7-select wpcf7-validates-as-required" aria-required="true" aria-invalid="false" name="Klasse"><option value=""></option><option value="SKG">SKG</option><option value="Klasse 1a">Klasse 1a</option><option value="Klasse 1b">Klasse 1b</option><option value="Klasse 1c">Klasse 1c</option><option value="Klasse 1d">Klasse 1d</option><option value="Klasse 2a">Klasse 2a</option><option value="Klasse 2b">Klasse 2b</option><option value="Klasse 2c">Klasse 2c</option><option value="Klasse 2d">Klasse 2d</option><option value="Klasse 3a">Klasse 3a</option><option value="Klasse 3b">Klasse 3b</option><option value="Klasse 3c">Klasse 3c</option><option value="Klasse 3d">Klasse 3d</option><option value="Klasse 4a">Klasse 4a</option><option value="Klasse 4b">Klasse 4b</option><option value="Klasse 4c">Klasse 4c</option><option value="Klasse 4d">Klasse 4d</option><option value="Klasse 4e">Klasse 4e</option></select></span><br />
<label> </label><br />
<label> 4.Vor- und Nachname der Mutter: </label><span class="wpcf7-form-control-wrap" data-name="Muttername"><input size="40" maxlength="400" class="wpcf7-form-control wpcf7-text wpcf7-validates-as-required" aria-required="true" aria-invalid="false" value="" type="text" name="Muttername" /></span><br />
<label> </label><br />
<label> 4.1 Ich bin alleinerziehend: </label><span class="wpcf7-form-control-wrap" data-name="AlleinerziehendMutter"><span class="wpcf7-form-control wpcf7-radio"><span class="wpcf7-list-item first"><input type="radio" name="AlleinerziehendMutter" value="Ja" /><span class="wpcf7-list-item-label">Ja</span></span><span class="wpcf7-list-item last"><input type="radio" name="AlleinerziehendMutter" value="Nein" /><span class="wpcf7-list-item-label">Nein</span></span></span></span><br />
<label> </label><br />
<label> 5. Vor-und Nachname des Vaters: </label><span class="wpcf7-form-control-wrap" data-name="Vatername"><input size="40" maxlength="400" class="wpcf7-form-control wpcf7-text wpcf7-validates-as-required" aria-required="true" aria-invalid="false" value="" type="text" name="Vatername" /></span><br />
<label> </label><br />
<label> 5.1 Ich bin alleinerziehend: </label><span class="wpcf7-form-control-wrap" data-name="AlleinerziehendVater"><span class="wpcf7-form-control wpcf7-radio"><span class="wpcf7-list-item first"><input type="radio" name="AlleinerziehendVater" value="Ja" /><span class="wpcf7-list-item-label">Ja</span></span><span class="wpcf7-list-item last"><input type="radio" name="AlleinerziehendVater" value="Nein" /><span class="wpcf7-list-item-label">Nein</span></span></span></span><br />
<label> </label><br />
<label> 6. Ihre Telefonnummer: </label><span class="wpcf7-form-control-wrap" data-name="IhreTelefonnummer"><input size="40" maxlength="400" class="wpcf7-form-control wpcf7-tel wpcf7-validates-as-required wpcf7-text wpcf7-validates-as-tel" aria-required="true" aria-invalid="false" value="" type="tel" name="IhreTelefonnummer" /></span><br />
<label> </label><br />
<label> 7. Ihre Emailadresse: </label><span class="wpcf7-form-control-wrap" data-name="IhreEmail"><input size="40" maxlength="400" class="wpcf7-form-control wpcf7-email wpcf7-validates-as-required wpcf7-text wpcf7-validates-as-email" aria-required="true" aria-invalid="false" value="" type="email" name="IhreEmail" /></span><br />
<label> </label><br />
<label> 8. Gewünschte Betreuungstage: </label><br />
<span class="wpcf7-form-control-wrap" data-name="Betreuungstage"><span class="wpcf7-form-control wpcf7-checkbox wpcf7-validates-as-required"><span class="wpcf7-list-item first"><input type="checkbox" name="Betreuungstage[]" value="Mo., 13.07.&nbsp;&nbsp;&nbsp;&nbsp;" /><span class="wpcf7-list-item-label">Mo., 13.07.&nbsp;&nbsp;&nbsp;&nbsp;</span></span><span class="wpcf7-list-item last"><input type="checkbox" name="Betreuungstage[]" value="Di., 14.07.&nbsp;&nbsp;&nbsp;&nbsp;" /><span class="wpcf7-list-item-label">Di., 14.07.&nbsp;&nbsp;&nbsp;&nbsp;</span></span></span></span><br />
<label> </label><br />
<label> 9. Geben Sie bitte die gewünschten Betreuungszeiten zwischen 07:00 und 17:00 Uhr ein. </label><br />
<span class="wpcf7-form-control-wrap" data-name="Betreuungszeiten"><span class="wpcf7-form-control wpcf7-checkbox wpcf7-validates-as-required"><span class="wpcf7-list-item first last has-free-text"><input type="checkbox" name="Betreuungszeiten[]" value="Bitte nur volle Stunden angeben (z. Bsp.: 09:00 - 14:00 Uhr):" /><span class="wpcf7-list-item-label">Bitte nur volle Stunden angeben (z. Bsp.: 09:00 - 14:00 Uhr):</span> <input type="text" name="_wpcf7_free_text_Betreuungszeiten" class="wpcf7-free-text" /></span></span></span><br />
<label> </label><br />
<label> 10. Mindestens ein Elternteil arbeitet in einem Berufsfeld, das für die Not-Betreuung berechtigt.</label><br />
<span class="wpcf7-form-control-wrap" data-name="Berufe"><span class="wpcf7-form-control wpcf7-radio"><span class="wpcf7-list-item first"><input type="radio" name="Berufe" value="Mutter" /><span class="wpcf7-list-item-label">Mutter</span></span><span class="wpcf7-list-item"><input type="radio" name="Berufe" value="Vater" /><span class="wpcf7-list-item-label">Vater</span></span><span class="wpcf7-list-item last"><input type="radio" name="Berufe" value="Beide" /><span class="wpcf7-list-item-label">Beide</span></span></span></span><br />
<label> </label><br />
<label> 11. Geben Sie Ihre Berufsbezeichnung/en ein:</label><span class="wpcf7-form-control-wrap" data-name="Berufsbezeichnung"><textarea cols="40" rows="10" maxlength="2000" class="wpcf7-form-control wpcf7-textarea" aria-invalid="false" name="Berufsbezeichnung"></textarea></span><br />
<label> </label><br />
<label> 12. Möchte Sie uns noch etwas mitteilen?</label><span class="wpcf7-form-control-wrap" data-name="IhreMitteilung"><textarea cols="40" rows="10" maxlength="2000" class="wpcf7-form-control wpcf7-textarea" aria-invalid="false" name="IhreMitteilung"></textarea></span><br />
<span class="wpcf7-form-control-wrap" data-name="Mitteilung"><span class="wpcf7-form-control wpcf7-checkbox wpcf7-exclusive-checkbox"></span></span><br />
<label> </label><br />
<span class="wpcf7-form-control-wrap" data-name="Datenschutz"><span class="wpcf7-form-control wpcf7-acceptance"><span class="wpcf7-list-item"><label><input type="checkbox" name="Datenschutz" value="1" aria-invalid="false" /><span class="wpcf7-list-item-label"><label></label>
Ich bin damit einverstanden, dass meine Daten für eine Anspruchsprüfung und die Organisation der Notbetreuung meines Kindes weiterverarbeitet werden.</span></label></span></span></span><br />
[honeypot website] [honeypot Email] [wpcaptcha]<br />
<input class="wpcf7-form-control wpcf7-submit has-spinner" type="submit" value="Abschicken" />
</p><div class="wpcf7-response-output" aria-hidden="true"></div>
</form>
</div>
</td></tr></tbody></table>



<p style="font-size:1px" class="has-background has-light-green-cyan-background-color"></p>

<p>Liebe Eltern unserer Schule, Sie interessieren sich erstmalig für unsere Notbetreuung? Bitte füllen diesen Erstantrag vollständig aus und versenden ihn gleich online. Sollten Sie nach Ihrer Erstanmeldung in den nächsten Tagen keine telefonische oder schriftliche Absage erhalten, können Sie davon ausgehen, dass Ihr Kind in einer Notbetreuungsgruppe aufgenommen worden ist. Sie erreichen uns telefonisch in &#8230; <a title="Erstanmeldung für die Notbetreuung" class="read-more" href="https://wordpress.nibis.de/gsfes/formular-test/" aria-label="Mehr Informationen über Erstanmeldung für die Notbetreuung">Weiterlesen</a></p>
