{"id":2382,"date":"2020-03-23T12:56:05","date_gmt":"2020-03-23T11:56:05","guid":{"rendered":"https:\/\/wordpress.nibis.de\/gsfes\/?page_id=2382"},"modified":"2020-04-04T17:20:41","modified_gmt":"2020-04-04T15:20:41","slug":"individuelle-lernpakete","status":"publish","type":"page","link":"https:\/\/wordpress.nibis.de\/gsfes\/individuelle-lernpakete\/","title":{"rendered":"Individuelle Lernpakete"},"content":{"rendered":"\n<h2 class=\"wp-block-heading\">Liebe Eltern unserer Schule,<\/h2>\n\n\n\n<p>in den letzten Tagen erreicht uns immer wieder die Bitte, unseren Sch\u00fclerinnen und Sch\u00fclern mehr \u00dcbungsmaterial f\u00fcr zu Hause zur Verf\u00fcgung zu stellen.<\/p>\n\n\n\n<p>Wir begr\u00fc\u00dfen und verstehen Ihr Anliegen, die ausfallende Unterrichtszeit sinnvoll zu nutzen. Dennoch haben wir uns nach reiflicher Abw\u00e4gung aller Aspekte dazu entschlossen, <strong>keine individualisierten Lernpakete<\/strong> auf unserer Homepage zu ver\u00f6ffentlichen.<\/p>\n\n\n\n<p class=\"has-medium-font-size\">Folgende Gr\u00fcnde sind f\u00fcr diese Entscheidung ausschlaggebend:<\/p>\n\n\n\n<ul class=\"wp-block-list\"><li>Unsere Sch\u00fclerschaft ist sehr bunt zusammengew\u00fcrfelt. Diese Tatsache m\u00fcsste sich im Sinne von Chancengleichheit im Materialangebot angemessen widerspiegeln.<\/li><li>Herr Tonne, Niedersachsens Kultusminister, hat sich zur Frage der Materialversorgung bereits eindeutig ge\u00e4u\u00dfert: \u201eWir haben uns daf\u00fcr entschieden, dass der Unterricht in den n\u00e4chsten zwei Wochen ersatzlos ausf\u00e4llt und Sch\u00fclerinnen und Sch\u00fcler nicht mit Arbeitsmaterial versorgt werden <strong>m\u00fcssen<\/strong>. Selbstverst\u00e4ndlich <strong>k\u00f6nnen<\/strong> Sie das aber tun, eine Bewertung findet gleichwohl nicht statt.\u201c<\/li><\/ul>\n\n\n\n<p>Unsere Empfehlung bei Bedarf an weiteren Besch\u00e4ftigungsideen:<\/p>\n\n\n\n<ul class=\"wp-block-list\"><li>Nutzen Sie die Zeit zum Vorlesen und Lesen \u2013 die Bibliotheken und Buchhandlungen sind zwar geschlossen, die regionalen Buchhandlungen bieten jedoch bereits einen Lieferservice gegen Rechnung an.<\/li><li>Schauen Sie im Internet nach! Dort wurde in vielf\u00e4ltiger Hinsicht bereits auf die aktuelle Situation reagiert und es stehen etliche Materialien zum Basteln, \u00dcben, Forschen etc. online zur Verf\u00fcgung.<\/li><\/ul>\n\n\n\n<p>Bitte haben Sie Verst\u00e4ndnis daf\u00fcr, dass wir aus Wettbewerbsgr\u00fcnden hier keine einzelnen Angebote empfehlen d\u00fcrfen.<\/p>\n\n\n\n<p>Wir w\u00fcnschen Ihnen und Ihren Familien, dass Sie trotz der gro\u00dfen Herausforderungen der aktuellen Situation auch etwas Gutes abgewinnen k\u00f6nnen und freuen uns auf ein gesundes Wiedersehen.<\/p>\n\n\n\n<p>Herzliche Gr\u00fc\u00dfe<\/p>\n\n\n\n<p>Ihre kollegiale Schulleitung der FES<\/p>\n","protected":false},"excerpt":{"rendered":"<p>Liebe Eltern unserer Schule, in den letzten Tagen erreicht uns immer wieder die Bitte, unseren Sch\u00fclerinnen und Sch\u00fclern mehr \u00dcbungsmaterial f\u00fcr zu Hause zur Verf\u00fcgung zu stellen. Wir begr\u00fc\u00dfen und verstehen Ihr Anliegen, die ausfallende Unterrichtszeit sinnvoll zu nutzen. Dennoch haben wir uns nach reiflicher Abw\u00e4gung aller Aspekte dazu entschlossen, keine individualisierten Lernpakete auf unserer &#8230; <a title=\"Individuelle Lernpakete\" class=\"read-more\" href=\"https:\/\/wordpress.nibis.de\/gsfes\/individuelle-lernpakete\/\" aria-label=\"Mehr Informationen \u00fcber Individuelle Lernpakete\">Weiterlesen<\/a><\/p>\n","protected":false},"author":9192938,"featured_media":2091,"parent":0,"menu_order":0,"comment_status":"closed","ping_status":"closed","template":"","meta":{"footnotes":""},"class_list":["post-2382","page","type-page","status-publish","has-post-thumbnail"],"_links":{"self":[{"href":"https:\/\/wordpress.nibis.de\/gsfes\/wp-json\/wp\/v2\/pages\/2382","targetHints":{"allow":["GET"]}}],"collection":[{"href":"https:\/\/wordpress.nibis.de\/gsfes\/wp-json\/wp\/v2\/pages"}],"about":[{"href":"https:\/\/wordpress.nibis.de\/gsfes\/wp-json\/wp\/v2\/types\/page"}],"author":[{"embeddable":true,"href":"https:\/\/wordpress.nibis.de\/gsfes\/wp-json\/wp\/v2\/users\/9192938"}],"replies":[{"embeddable":true,"href":"https:\/\/wordpress.nibis.de\/gsfes\/wp-json\/wp\/v2\/comments?post=2382"}],"version-history":[{"count":4,"href":"https:\/\/wordpress.nibis.de\/gsfes\/wp-json\/wp\/v2\/pages\/2382\/revisions"}],"predecessor-version":[{"id":2837,"href":"https:\/\/wordpress.nibis.de\/gsfes\/wp-json\/wp\/v2\/pages\/2382\/revisions\/2837"}],"wp:featuredmedia":[{"embeddable":true,"href":"https:\/\/wordpress.nibis.de\/gsfes\/wp-json\/wp\/v2\/media\/2091"}],"wp:attachment":[{"href":"https:\/\/wordpress.nibis.de\/gsfes\/wp-json\/wp\/v2\/media?parent=2382"}],"curies":[{"name":"wp","href":"https:\/\/api.w.org\/{rel}","templated":true}]}}

<h2 class="wp-block-heading">Liebe Eltern unserer Schule,</h2>



<p>in den letzten Tagen erreicht uns immer wieder die Bitte, unseren Schülerinnen und Schülern mehr Übungsmaterial für zu Hause zur Verfügung zu stellen.</p>



<p>Wir begrüßen und verstehen Ihr Anliegen, die ausfallende Unterrichtszeit sinnvoll zu nutzen. Dennoch haben wir uns nach reiflicher Abwägung aller Aspekte dazu entschlossen, <strong>keine individualisierten Lernpakete</strong> auf unserer Homepage zu veröffentlichen.</p>



<p class="has-medium-font-size">Folgende Gründe sind für diese Entscheidung ausschlaggebend:</p>



<ul class="wp-block-list"><li>Unsere Schülerschaft ist sehr bunt zusammengewürfelt. Diese Tatsache müsste sich im Sinne von Chancengleichheit im Materialangebot angemessen widerspiegeln.</li><li>Herr Tonne, Niedersachsens Kultusminister, hat sich zur Frage der Materialversorgung bereits eindeutig geäußert: „Wir haben uns dafür entschieden, dass der Unterricht in den nächsten zwei Wochen ersatzlos ausfällt und Schülerinnen und Schüler nicht mit Arbeitsmaterial versorgt werden <strong>müssen</strong>. Selbstverständlich <strong>können</strong> Sie das aber tun, eine Bewertung findet gleichwohl nicht statt.“</li></ul>



<p>Unsere Empfehlung bei Bedarf an weiteren Beschäftigungsideen:</p>



<ul class="wp-block-list"><li>Nutzen Sie die Zeit zum Vorlesen und Lesen – die Bibliotheken und Buchhandlungen sind zwar geschlossen, die regionalen Buchhandlungen bieten jedoch bereits einen Lieferservice gegen Rechnung an.</li><li>Schauen Sie im Internet nach! Dort wurde in vielfältiger Hinsicht bereits auf die aktuelle Situation reagiert und es stehen etliche Materialien zum Basteln, Üben, Forschen etc. online zur Verfügung.</li></ul>



<p>Bitte haben Sie Verständnis dafür, dass wir aus Wettbewerbsgründen hier keine einzelnen Angebote empfehlen dürfen.</p>



<p>Wir wünschen Ihnen und Ihren Familien, dass Sie trotz der großen Herausforderungen der aktuellen Situation auch etwas Gutes abgewinnen können und freuen uns auf ein gesundes Wiedersehen.</p>



<p>Herzliche Grüße</p>



<p>Ihre kollegiale Schulleitung der FES</p>

<p>Liebe Eltern unserer Schule, in den letzten Tagen erreicht uns immer wieder die Bitte, unseren Schülerinnen und Schülern mehr Übungsmaterial für zu Hause zur Verfügung zu stellen. Wir begrüßen und verstehen Ihr Anliegen, die ausfallende Unterrichtszeit sinnvoll zu nutzen. Dennoch haben wir uns nach reiflicher Abwägung aller Aspekte dazu entschlossen, keine individualisierten Lernpakete auf unserer &#8230; <a title="Individuelle Lernpakete" class="read-more" href="https://wordpress.nibis.de/gsfes/individuelle-lernpakete/" aria-label="Mehr Informationen über Individuelle Lernpakete">Weiterlesen</a></p>
